95.217.36.157 - - [26/May/2021:09:25:30 +0200] "GET / HTTP/1.1" 200 4286 "-" "Mozilla/5.0 (Macintosh; Intel Mac OS X 10_12_5) AppleWebKit/603.2.4 (KHTML, like Gecko) Version/10.1.1 Safari/603.2.4"
95.217.36.157 - - [26/May/2021:09:25:37 +0200] "GET /impressum.html HTTP/1.1" 200 5433 "http://www.witerra-bau.de/" "Mozilla/5.0 (Macintosh; Intel Mac OS X 10_12_5) AppleWebKit/603.2.4 (KHTML, like Gecko) Version/10.1.1 Safari/603.2.4"
95.217.36.157 - - [26/May/2021:09:26:40 +0200] "GET / HTTP/1.1" 200 4286 "-" "Mozilla/5.0 (Macintosh; Intel Mac OS X 10_12_5) AppleWebKit/603.2.4 (KHTML, like Gecko) Version/10.1.1 Safari/603.2.4"
95.217.36.157 - - [26/May/2021:09:26:43 +0200] "GET /impressum.html HTTP/1.1" 200 5433 "http://www.witerra-bau.de/" "Mozilla/5.0 (Macintosh; Intel Mac OS X 10_12_5) AppleWebKit/603.2.4 (KHTML, like Gecko) Version/10.1.1 Safari/603.2.4"
95.217.36.157 - - [26/May/2021:09:27:04 +0200] "GET / HTTP/1.1" 200 4286 "-" "Mozilla/5.0 (Macintosh; Intel Mac OS X 10_12_5) AppleWebKit/603.2.4 (KHTML, like Gecko) Version/10.1.1 Safari/603.2.4"
95.217.36.157 - - [26/May/2021:09:27:10 +0200] "GET /impressum.html HTTP/1.1" 200 5433 "http://www.witerra-bau.de/" "Mozilla/5.0 (Macintosh; Intel Mac OS X 10_12_5) AppleWebKit/603.2.4 (KHTML, like Gecko) Version/10.1.1 Safari/603.2.4"
95.217.36.157 - - [26/May/2021:09:27:32 +0200] "GET / HTTP/1.1" 200 4286 "-" "Mozilla/5.0 (Macintosh; Intel Mac OS X 10_12_5) AppleWebKit/603.2.4 (KHTML, like Gecko) Version/10.1.1 Safari/603.2.4"
95.217.36.157 - - [26/May/2021:09:27:39 +0200] "GET /impressum.html HTTP/1.1" 200 5433 "http://www.witerra-bau.de/" "Mozilla/5.0 (Macintosh; Intel Mac OS X 10_12_5) AppleWebKit/603.2.4 (KHTML, like Gecko) Version/10.1.1 Safari/603.2.4"
95.217.36.157 - - [26/May/2021:09:28:30 +0200] "GET / HTTP/1.1" 200 4286 "-" "Mozilla/5.0 (Macintosh; Intel Mac OS X 10_12_5) AppleWebKit/603.2.4 (KHTML, like Gecko) Version/10.1.1 Safari/603.2.4"
95.217.36.157 - - [26/May/2021:09:28:34 +0200] "GET /impressum.html HTTP/1.1" 200 5433 "http://www.witerra-bau.de/" "Mozilla/5.0 (Macintosh; Intel Mac OS X 10_12_5) AppleWebKit/603.2.4 (KHTML, like Gecko) Version/10.1.1 Safari/603.2.4"
95.217.36.157 - - [26/May/2021:09:28:38 +0200] "GET / HTTP/1.1" 200 4286 "-" "Mozilla/5.0 (Macintosh; Intel Mac OS X 10_12_5) AppleWebKit/603.2.4 (KHTML, like Gecko) Version/10.1.1 Safari/603.2.4"
95.217.36.157 - - [26/May/2021:09:28:41 +0200] "GET /impressum.html HTTP/1.1" 200 5433 "http://www.witerra-bau.de/" "Mozilla/5.0 (Macintosh; Intel Mac OS X 10_12_5) AppleWebKit/603.2.4 (KHTML, like Gecko) Version/10.1.1 Safari/603.2.4"
95.217.36.157 - - [26/May/2021:09:29:38 +0200] "GET / HTTP/1.1" 200 4286 "-" "Mozilla/5.0 (Macintosh; Intel Mac OS X 10_12_5) AppleWebKit/603.2.4 (KHTML, like Gecko) Version/10.1.1 Safari/603.2.4"
95.217.36.157 - - [26/May/2021:09:29:46 +0200] "GET /impressum.html HTTP/1.1" 200 5433 "http://www.witerra-bau.de/" "Mozilla/5.0 (Macintosh; Intel Mac OS X 10_12_5) AppleWebKit/603.2.4 (KHTML, like Gecko) Version/10.1.1 Safari/603.2.4"
95.217.36.157 - - [26/May/2021:09:30:00 +0200] "GET / HTTP/1.1" 200 4286 "-" "Mozilla/5.0 (Macintosh; Intel Mac OS X 10_12_5) AppleWebKit/603.2.4 (KHTML, like Gecko) Version/10.1.1 Safari/603.2.4"
95.217.36.157 - - [26/May/2021:09:30:16 +0200] "GET /impressum.html HTTP/1.1" 200 5433 "http://www.witerra-bau.de/" "Mozilla/5.0 (Macintosh; Intel Mac OS X 10_12_5) AppleWebKit/603.2.4 (KHTML, like Gecko) Version/10.1.1 Safari/603.2.4"
40.77.167.49 - - [26/May/2021:10:09:50 +0200] "GET /robots.txt HTTP/1.1" 404 - "-" "Mozilla/5.0 (compatible; bingbot/2.0; +http://www.bing.com/bingbot.htm)"
157.55.39.9 - - [26/May/2021:10:10:01 +0200] "GET / HTTP/1.1" 200 4286 "-" "Mozilla/5.0 (compatible; bingbot/2.0; +http://www.bing.com/bingbot.htm)"
35.241.194.91 - - [26/May/2021:10:49:19 +0200] "HEAD / HTTP/1.1" 200 - "-" "Apache-HttpClient/4.5.5 (Java/1.8.0_151)"
35.158.210.32 - - [26/May/2021:11:51:54 +0200] "GET / HTTP/1.1" 200 4286 "-" "Mozilla/5.0 (Windows NT 6.3; WOW64; rv:46.0) Gecko/20100101 Firefox/46.0"
35.158.210.32 - - [26/May/2021:11:51:54 +0200] "GET /impressum.html HTTP/1.1" 200 5433 "-" "Mozilla/5.0 (Windows NT 6.3; WOW64; rv:46.0) Gecko/20100101 Firefox/46.0"
34.96.130.22 - - [26/May/2021:11:53:50 +0200] "GET / HTTP/1.1" 200 4286 "-" "Expanse, a Palo Alto Networks company, searches across the global IPv4 space multiple times per day to identify customers' presences on the Internet. If you would like to be excluded from our scans, please send IP addresses/domains to: scaninfo@paloaltonetworks.com"
138.201.200.50 - - [26/May/2021:11:58:01 +0200] "GET / HTTP/1.1" 200 4286 "-" "Go-http-client/1.1"
138.201.200.50 - - [26/May/2021:11:58:02 +0200] "GET / HTTP/1.1" 200 4286 "-" "Go-http-client/1.1"
138.201.200.50 - - [26/May/2021:11:58:03 +0200] "GET /index.html HTTP/1.1" 200 4286 "-" "Go-http-client/1.1"
138.201.200.50 - - [26/May/2021:11:58:04 +0200] "GET /uns.html HTTP/1.1" 200 3735 "-" "Go-http-client/1.1"
138.201.200.50 - - [26/May/2021:11:58:04 +0200] "GET /leistungen.html HTTP/1.1" 200 3736 "-" "Go-http-client/1.1"
138.201.200.50 - - [26/May/2021:11:58:05 +0200] "GET /referenzen.html HTTP/1.1" 200 3962 "-" "Go-http-client/1.1"
138.201.200.50 - - [26/May/2021:11:58:06 +0200] "GET /partner.html HTTP/1.1" 200 4178 "-" "Go-http-client/1.1"
138.201.200.50 - - [26/May/2021:11:58:07 +0200] "GET /kontakt.html HTTP/1.1" 200 5104 "-" "Go-http-client/1.1"
138.201.200.50 - - [26/May/2021:11:58:08 +0200] "GET /impressum.html HTTP/1.1" 200 5433 "-" "Go-http-client/1.1"
54.36.149.10 - - [26/May/2021:16:17:04 +0200] "GET /robots.txt HTTP/1.1" 404 - "-" "Mozilla/5.0 (compatible; AhrefsBot/7.0; +http://ahrefs.com/robot/)"
54.36.148.234 - - [26/May/2021:16:17:05 +0200] "GET / HTTP/1.1" 200 4286 "-" "Mozilla/5.0 (compatible; AhrefsBot/7.0; +http://ahrefs.com/robot/)"
66.249.72.5 - - [26/May/2021:16:22:22 +0200] "GET /robots.txt HTTP/1.1" 404 - "-" "Mozilla/5.0 (compatible; Googlebot/2.1; +http://www.google.com/bot.html)"
66.249.72.5 - - [26/May/2021:16:22:22 +0200] "GET / HTTP/1.1" 200 4286 "-" "Mozilla/5.0 (Linux; Android 6.0.1; Nexus 5X Build/MMB29P) AppleWebKit/537.36 (KHTML, like Gecko) Chrome/90.0.4430.97 Mobile Safari/537.36 (compatible; Googlebot/2.1; +http://www.google.com/bot.html)"
66.249.72.2 - - [26/May/2021:17:03:24 +0200] "GET /index.html HTTP/1.1" 304 - "-" "Mozilla/5.0 (Linux; Android 6.0.1; Nexus 5X Build/MMB29P) AppleWebKit/537.36 (KHTML, like Gecko) Chrome/90.0.4430.97 Mobile Safari/537.36 (compatible; Googlebot/2.1; +http://www.google.com/bot.html)"
157.55.39.9 - - [26/May/2021:21:12:07 +0200] "GET / HTTP/1.1" 200 4286 "-" "Mozilla/5.0 (compatible; bingbot/2.0; +http://www.bing.com/bingbot.htm)"
91.65.66.1 - - [26/May/2021:21:47:48 +0200] "GET /impressum.html HTTP/1.1" 200 5433 "https://www.google.de/" "Mozilla/5.0 (iPhone; CPU iPhone OS 14_4_2 like Mac OS X) AppleWebKit/605.1.15 (KHTML, like Gecko) Version/14.0.3 Mobile/15E148 Safari/604.1"
91.65.66.1 - - [26/May/2021:21:47:48 +0200] "GET /js/plugins.js HTTP/1.1" 200 898 "http://www.witerra-bau.de/impressum.html" "Mozilla/5.0 (iPhone; CPU iPhone OS 14_4_2 like Mac OS X) AppleWebKit/605.1.15 (KHTML, like Gecko) Version/14.0.3 Mobile/15E148 Safari/604.1"
91.65.66.1 - - [26/May/2021:21:47:48 +0200] "GET /css/style.css HTTP/1.1" 200 1702 "http://www.witerra-bau.de/impressum.html" "Mozilla/5.0 (iPhone; CPU iPhone OS 14_4_2 like Mac OS X) AppleWebKit/605.1.15 (KHTML, like Gecko) Version/14.0.3 Mobile/15E148 Safari/604.1"
91.65.66.1 - - [26/May/2021:21:47:48 +0200] "GET /js/libs/modernizr-2.5.3.min.js HTTP/1.1" 200 15274 "http://www.witerra-bau.de/impressum.html" "Mozilla/5.0 (iPhone; CPU iPhone OS 14_4_2 like Mac OS X) AppleWebKit/605.1.15 (KHTML, like Gecko) Version/14.0.3 Mobile/15E148 Safari/604.1"
91.65.66.1 - - [26/May/2021:21:47:49 +0200] "GET /images/footer.png HTTP/1.1" 200 518 "http://www.witerra-bau.de/impressum.html" "Mozilla/5.0 (iPhone; CPU iPhone OS 14_4_2 like Mac OS X) AppleWebKit/605.1.15 (KHTML, like Gecko) Version/14.0.3 Mobile/15E148 Safari/604.1"
91.65.66.1 - - [26/May/2021:21:47:49 +0200] "GET /images/header.png HTTP/1.1" 200 27758 "http://www.witerra-bau.de/impressum.html" "Mozilla/5.0 (iPhone; CPU iPhone OS 14_4_2 like Mac OS X) AppleWebKit/605.1.15 (KHTML, like Gecko) Version/14.0.3 Mobile/15E148 Safari/604.1"
91.65.66.1 - - [26/May/2021:21:47:49 +0200] "GET /images/textfeld.png HTTP/1.1" 200 1758 "http://www.witerra-bau.de/impressum.html" "Mozilla/5.0 (iPhone; CPU iPhone OS 14_4_2 like Mac OS X) AppleWebKit/605.1.15 (KHTML, like Gecko) Version/14.0.3 Mobile/15E148 Safari/604.1"
91.65.66.1 - - [26/May/2021:21:47:49 +0200] "GET /favicon.ico HTTP/1.1" 200 539038 "http://www.witerra-bau.de/impressum.html" "Mozilla/5.0 (iPhone; CPU iPhone OS 14_4_2 like Mac OS X) AppleWebKit/605.1.15 (KHTML, like Gecko) Version/14.0.3 Mobile/15E148 Safari/604.1"
91.65.66.1 - - [26/May/2021:21:48:02 +0200] "GET /uns.html HTTP/1.1" 200 3735 "http://www.witerra-bau.de/impressum.html" "Mozilla/5.0 (iPhone; CPU iPhone OS 14_4_2 like Mac OS X) AppleWebKit/605.1.15 (KHTML, like Gecko) Version/14.0.3 Mobile/15E148 Safari/604.1"
91.65.66.1 - - [26/May/2021:21:48:02 +0200] "GET /css/style.css HTTP/1.1" 200 1702 "http://www.witerra-bau.de/uns.html" "Mozilla/5.0 (iPhone; CPU iPhone OS 14_4_2 like Mac OS X) AppleWebKit/605.1.15 (KHTML, like Gecko) Version/14.0.3 Mobile/15E148 Safari/604.1"
91.65.66.1 - - [26/May/2021:21:48:07 +0200] "GET /index.html HTTP/1.1" 200 4286 "http://www.witerra-bau.de/uns.html" "Mozilla/5.0 (iPhone; CPU iPhone OS 14_4_2 like Mac OS X) AppleWebKit/605.1.15 (KHTML, like Gecko) Version/14.0.3 Mobile/15E148 Safari/604.1"
91.65.66.1 - - [26/May/2021:21:48:07 +0200] "GET /css/style.css HTTP/1.1" 200 1702 "http://www.witerra-bau.de/index.html" "Mozilla/5.0 (iPhone; CPU iPhone OS 14_4_2 like Mac OS X) AppleWebKit/605.1.15 (KHTML, like Gecko) Version/14.0.3 Mobile/15E148 Safari/604.1"
91.65.66.1 - - [26/May/2021:21:48:07 +0200] "GET /images/bilder.png HTTP/1.1" 200 175856 "http://www.witerra-bau.de/index.html" "Mozilla/5.0 (iPhone; CPU iPhone OS 14_4_2 like Mac OS X) AppleWebKit/605.1.15 (KHTML, like Gecko) Version/14.0.3 Mobile/15E148 Safari/604.1"
91.65.66.1 - - [26/May/2021:21:48:08 +0200] "GET /leistungen.html HTTP/1.1" 200 3736 "http://www.witerra-bau.de/index.html" "Mozilla/5.0 (iPhone; CPU iPhone OS 14_4_2 like Mac OS X) AppleWebKit/605.1.15 (KHTML, like Gecko) Version/14.0.3 Mobile/15E148 Safari/604.1"
91.65.66.1 - - [26/May/2021:21:48:08 +0200] "GET /css/style.css HTTP/1.1" 200 1702 "http://www.witerra-bau.de/leistungen.html" "Mozilla/5.0 (iPhone; CPU iPhone OS 14_4_2 like Mac OS X) AppleWebKit/605.1.15 (KHTML, like Gecko) Version/14.0.3 Mobile/15E148 Safari/604.1"
91.65.66.1 - - [26/May/2021:21:48:14 +0200] "GET /partner.html HTTP/1.1" 200 4178 "http://www.witerra-bau.de/leistungen.html" "Mozilla/5.0 (iPhone; CPU iPhone OS 14_4_2 like Mac OS X) AppleWebKit/605.1.15 (KHTML, like Gecko) Version/14.0.3 Mobile/15E148 Safari/604.1"
91.65.66.1 - - [26/May/2021:21:48:14 +0200] "GET /css/style.css HTTP/1.1" 200 1702 "http://www.witerra-bau.de/partner.html" "Mozilla/5.0 (iPhone; CPU iPhone OS 14_4_2 like Mac OS X) AppleWebKit/605.1.15 (KHTML, like Gecko) Version/14.0.3 Mobile/15E148 Safari/604.1"
91.65.66.1 - - [26/May/2021:21:48:18 +0200] "GET /css/style.css HTTP/1.1" 200 1702 "http://www.witerra-bau.de/impressum.html" "Mozilla/5.0 (iPhone; CPU iPhone OS 14_4_2 like Mac OS X) AppleWebKit/605.1.15 (KHTML, like Gecko) Version/14.0.3 Mobile/15E148 Safari/604.1"
91.65.66.1 - - [26/May/2021:21:48:21 +0200] "GET /kontakt.html HTTP/1.1" 200 5104 "http://www.witerra-bau.de/impressum.html" "Mozilla/5.0 (iPhone; CPU iPhone OS 14_4_2 like Mac OS X) AppleWebKit/605.1.15 (KHTML, like Gecko) Version/14.0.3 Mobile/15E148 Safari/604.1"
91.65.66.1 - - [26/May/2021:21:48:21 +0200] "GET /css/style.css HTTP/1.1" 200 1702 "http://www.witerra-bau.de/kontakt.html" "Mozilla/5.0 (iPhone; CPU iPhone OS 14_4_2 like Mac OS X) AppleWebKit/605.1.15 (KHTML, like Gecko) Version/14.0.3 Mobile/15E148 Safari/604.1"
91.65.66.1 - - [26/May/2021:21:48:21 +0200] "GET /captcha/captcha.php HTTP/1.1" 200 4340 "http://www.witerra-bau.de/kontakt.html" "Mozilla/5.0 (iPhone; CPU iPhone OS 14_4_2 like Mac OS X) AppleWebKit/605.1.15 (KHTML, like Gecko) Version/14.0.3 Mobile/15E148 Safari/604.1"
91.65.66.1 - - [26/May/2021:21:48:23 +0200] "GET /css/style.css HTTP/1.1" 200 1702 "http://www.witerra-bau.de/index.html" "Mozilla/5.0 (iPhone; CPU iPhone OS 14_4_2 like Mac OS X) AppleWebKit/605.1.15 (KHTML, like Gecko) Version/14.0.3 Mobile/15E148 Safari/604.1"
66.249.72.5 - - [27/May/2021:02:57:42 +0200] "GET / HTTP/1.1" 200 4286 "-" "Mozilla/5.0 (Linux; Android 6.0.1; Nexus 5X Build/MMB29P) AppleWebKit/537.36 (KHTML, like Gecko) Chrome/90.0.4430.97 Mobile Safari/537.36 (compatible; Googlebot/2.1; +http://www.google.com/bot.html)"
136.243.83.49 - - [27/May/2021:06:01:36 +0200] "GET /robots.txt HTTP/1.1" 404 - "-" "Mozilla/5.0 (compatible; MetaJobBot; https://www.metajob.de/crawler)"
136.243.83.49 - - [27/May/2021:06:01:36 +0200] "GET / HTTP/1.1" 200 4286 "-" "Mozilla/5.0 (compatible; MetaJobBot; https://www.metajob.de/crawler)"
148.251.50.77 - - [27/May/2021:08:36:59 +0200] "GET /kontakt.html HTTP/1.1" 200 5104 "-" "Mozilla/5.0 (Windows NT 10.0; Win64; x64) AppleWebKit/537.36 (KHTML, like Gecko) Chrome/86.0.4240.198 Safari/537.36 OPR/72.0.3815.400"
148.251.50.77 - - [27/May/2021:08:37:00 +0200] "GET /impressum.html HTTP/1.1" 200 5433 "-" "Mozilla/5.0 (Windows NT 10.0; Win64; x64) AppleWebKit/537.36 (KHTML, like Gecko) Chrome/87.0.4280.66 Safari/537.36"
148.251.50.77 - - [27/May/2021:08:37:01 +0200] "GET / HTTP/1.1" 200 4286 "-" "Mozilla/5.0 (Windows NT 6.3; Win64; x64; rv:83.0) Gecko/20100101 Firefox/83.0"
148.251.50.77 - - [27/May/2021:08:37:02 +0200] "GET /referenzen.html HTTP/1.1" 200 3962 "-" "Mozilla/5.0 (Windows NT 10.0; Win64; x64) AppleWebKit/537.36 (KHTML, like Gecko) Chrome/87.0.4280.66 Safari/537.36 Edg/87.0.664.41"
148.251.50.77 - - [27/May/2021:08:37:02 +0200] "GET /uns.html HTTP/1.1" 200 3735 "-" "Mozilla/5.0 (X11; Linux x86_64; rv:84.0) Gecko/20100101 Firefox/84.0"
148.251.50.77 - - [27/May/2021:08:37:02 +0200] "GET /index.html HTTP/1.1" 200 4286 "-" "Mozilla/5.0 (Macintosh; Intel Mac OS X 10_15_6) AppleWebKit/605.1.15 (KHTML, like Gecko) Version/14.0.2 Safari/605.1.15"
148.251.50.77 - - [27/May/2021:08:37:02 +0200] "GET /leistungen.html HTTP/1.1" 200 3736 "-" "Mozilla/5.0 (Windows NT 10.0; Win64; x64) AppleWebKit/537.36 (KHTML, like Gecko) Chrome/87.0.4280.67 Safari/537.36"
148.251.50.77 - - [27/May/2021:08:37:02 +0200] "GET /partner.html HTTP/1.1" 200 4178 "-" "Mozilla/5.0 (Windows NT 10.0; rv:78.0) Gecko/20100101 Firefox/78.0"
54.36.148.194 - - [27/May/2021:10:11:51 +0200] "GET / HTTP/1.1" 200 4286 "-" "Mozilla/5.0 (compatible; AhrefsBot/7.0; +http://ahrefs.com/robot/)"
66.249.72.31 - - [27/May/2021:11:49:53 +0200] "GET /robots.txt HTTP/1.1" 404 - "-" "Mozilla/5.0 (compatible; Googlebot/2.1; +http://www.google.com/bot.html)"
66.249.72.2 - - [27/May/2021:11:49:53 +0200] "GET / HTTP/1.1" 200 4286 "-" "Mozilla/5.0 (Linux; Android 6.0.1; Nexus 5X Build/MMB29P) AppleWebKit/537.36 (KHTML, like Gecko) Chrome/90.0.4430.97 Mobile Safari/537.36 (compatible; Googlebot/2.1; +http://www.google.com/bot.html)"
157.55.39.9 - - [27/May/2021:13:24:32 +0200] "GET / HTTP/1.1" 200 4286 "-" "Mozilla/5.0 (compatible; bingbot/2.0; +http://www.bing.com/bingbot.htm)"
157.55.39.9 - - [27/May/2021:14:37:39 +0200] "GET / HTTP/1.1" 304 - "-" "Mozilla/5.0 (compatible; bingbot/2.0; +http://www.bing.com/bingbot.htm)"
54.36.148.234 - - [27/May/2021:14:57:18 +0200] "GET /partner.html HTTP/1.1" 200 4178 "-" "Mozilla/5.0 (compatible; AhrefsBot/7.0; +http://ahrefs.com/robot/)"
95.128.200.200 - - [27/May/2021:17:02:29 +0200] "GET / HTTP/1.1" 200 4286 "https://www.google.de" "Mozilla/5.0 (Windows NT 6.1) AppleWebKit/537.36 (KHTML, like Gecko) Chrome/41.0.2228.0 Safari/537.36"
66.249.72.31 - - [27/May/2021:21:11:43 +0200] "GET / HTTP/1.1" 200 4286 "-" "Mozilla/5.0 (Linux; Android 6.0.1; Nexus 5X Build/MMB29P) AppleWebKit/537.36 (KHTML, like Gecko) Chrome/90.0.4430.97 Mobile Safari/537.36 (compatible; Googlebot/2.1; +http://www.google.com/bot.html)"
66.249.72.5 - - [27/May/2021:23:32:09 +0200] "GET /leistungen.html HTTP/1.1" 200 3736 "-" "Mozilla/5.0 (Linux; Android 6.0.1; Nexus 5X Build/MMB29P) AppleWebKit/537.36 (KHTML, like Gecko) Chrome/90.0.4430.97 Mobile Safari/537.36 (compatible; Googlebot/2.1; +http://www.google.com/bot.html)"
54.36.149.60 - - [28/May/2021:00:52:39 +0200] "GET /robots.txt HTTP/1.1" 404 - "-" "Mozilla/5.0 (compatible; AhrefsBot/7.0; +http://ahrefs.com/robot/)"
54.36.148.234 - - [28/May/2021:00:52:40 +0200] "GET /impressum.html HTTP/1.1" 200 5433 "-" "Mozilla/5.0 (compatible; AhrefsBot/7.0; +http://ahrefs.com/robot/)"
157.55.39.9 - - [28/May/2021:01:46:56 +0200] "GET / HTTP/1.1" 200 4286 "-" "Mozilla/5.0 (compatible; bingbot/2.0; +http://www.bing.com/bingbot.htm)"
40.77.167.65 - - [28/May/2021:05:23:13 +0200] "GET /referenzen.html HTTP/1.1" 304 - "-" "Mozilla/5.0 (compatible; bingbot/2.0; +http://www.bing.com/bingbot.htm)"
188.34.158.15 - - [28/May/2021:06:46:17 +0200] "GET / HTTP/1.1" 200 4286 "-" "page-preview-tool Mozilla/5.0 (Windows NT 10.0; Win64; x64) AppleWebKit/537.36 (KHTML, like Gecko) Chrome/80.0.3987.132 Safari/537.36"
54.36.148.234 - - [28/May/2021:06:55:16 +0200] "GET / HTTP/1.1" 200 4286 "-" "Mozilla/5.0 (compatible; AhrefsBot/7.0; +http://ahrefs.com/robot/)"
66.249.72.31 - - [28/May/2021:07:05:35 +0200] "GET /robots.txt HTTP/1.1" 404 - "-" "Mozilla/5.0 (compatible; Googlebot/2.1; +http://www.google.com/bot.html)"
66.249.72.31 - - [28/May/2021:07:05:35 +0200] "GET / HTTP/1.1" 200 4286 "-" "Mozilla/5.0 (Linux; Android 6.0.1; Nexus 5X Build/MMB29P) AppleWebKit/537.36 (KHTML, like Gecko) Chrome/90.0.4430.97 Mobile Safari/537.36 (compatible; Googlebot/2.1; +http://www.google.com/bot.html)"
66.249.72.5 - - [28/May/2021:08:05:48 +0200] "GET / HTTP/1.1" 200 4286 "-" "Mozilla/5.0 (compatible; Googlebot/2.1; +http://www.google.com/bot.html)"
159.69.251.223 - - [28/May/2021:08:23:27 +0200] "GET / HTTP/1.1" 200 4286 "-" "page-preview-tool Mozilla/5.0 (Windows NT 10.0; Win64; x64) AppleWebKit/537.36 (KHTML, like Gecko) Chrome/80.0.3987.132 Safari/537.36"
159.69.251.223 - - [28/May/2021:08:23:27 +0200] "GET /js/libs/modernizr-2.5.3.min.js HTTP/1.1" 200 15274 "http://www.witerra-bau.de/" "page-preview-tool Mozilla/5.0 (Windows NT 10.0; Win64; x64) AppleWebKit/537.36 (KHTML, like Gecko) Chrome/80.0.3987.132 Safari/537.36"
159.69.251.223 - - [28/May/2021:08:23:27 +0200] "GET /js/plugins.js HTTP/1.1" 200 898 "http://www.witerra-bau.de/" "page-preview-tool Mozilla/5.0 (Windows NT 10.0; Win64; x64) AppleWebKit/537.36 (KHTML, like Gecko) Chrome/80.0.3987.132 Safari/537.36"
157.55.39.9 - - [28/May/2021:09:38:40 +0200] "GET / HTTP/1.1" 200 4286 "-" "Mozilla/5.0 (compatible; bingbot/2.0; +http://www.bing.com/bingbot.htm)"
106.193.157.56 - - [28/May/2021:10:31:50 +0200] "GET / HTTP/1.1" 200 4286 "http://www.google.com/" "Mozilla/5.0 (Linux; Android 8.0.0; SM-C900F) AppleWebKit/537.36 (KHTML, like Gecko) Chrome/78.0.3904.108 Mobile Safari/537.36"
106.193.157.56 - - [28/May/2021:10:31:51 +0200] "GET /css/style.css HTTP/1.1" 200 1702 "http://www.witerra-bau.de/" "Mozilla/5.0 (Linux; Android 8.0.0; SM-C900F) AppleWebKit/537.36 (KHTML, like Gecko) Chrome/78.0.3904.108 Mobile Safari/537.36"
106.193.157.56 - - [28/May/2021:10:31:51 +0200] "GET /js/libs/modernizr-2.5.3.min.js HTTP/1.1" 200 15274 "http://www.witerra-bau.de/" "Mozilla/5.0 (Linux; Android 8.0.0; SM-C900F) AppleWebKit/537.36 (KHTML, like Gecko) Chrome/78.0.3904.108 Mobile Safari/537.36"
106.193.157.56 - - [28/May/2021:10:31:51 +0200] "GET /js/plugins.js HTTP/1.1" 200 898 "http://www.witerra-bau.de/" "Mozilla/5.0 (Linux; Android 8.0.0; SM-C900F) AppleWebKit/537.36 (KHTML, like Gecko) Chrome/78.0.3904.108 Mobile Safari/537.36"
106.193.157.56 - - [28/May/2021:10:31:52 +0200] "GET /images/header.png HTTP/1.1" 200 27758 "http://www.witerra-bau.de/css/style.css" "Mozilla/5.0 (Linux; Android 8.0.0; SM-C900F) AppleWebKit/537.36 (KHTML, like Gecko) Chrome/78.0.3904.108 Mobile Safari/537.36"
106.193.157.56 - - [28/May/2021:10:31:52 +0200] "GET /images/textfeld.png HTTP/1.1" 200 1758 "http://www.witerra-bau.de/css/style.css" "Mozilla/5.0 (Linux; Android 8.0.0; SM-C900F) AppleWebKit/537.36 (KHTML, like Gecko) Chrome/78.0.3904.108 Mobile Safari/537.36"
106.193.157.56 - - [28/May/2021:10:31:52 +0200] "GET /images/footer.png HTTP/1.1" 200 518 "http://www.witerra-bau.de/css/style.css" "Mozilla/5.0 (Linux; Android 8.0.0; SM-C900F) AppleWebKit/537.36 (KHTML, like Gecko) Chrome/78.0.3904.108 Mobile Safari/537.36"
106.193.157.56 - - [28/May/2021:10:32:20 +0200] "GET /kontakt.html HTTP/1.1" 200 5104 "http://www.witerra-bau.de/" "Mozilla/5.0 (Linux; Android 8.0.0; SM-C900F) AppleWebKit/537.36 (KHTML, like Gecko) Chrome/78.0.3904.108 Mobile Safari/537.36"
106.193.157.56 - - [28/May/2021:10:32:21 +0200] "GET /captcha/captcha.php HTTP/1.1" 200 4287 "http://www.witerra-bau.de/kontakt.html" "Mozilla/5.0 (Linux; Android 8.0.0; SM-C900F) AppleWebKit/537.36 (KHTML, like Gecko) Chrome/78.0.3904.108 Mobile Safari/537.36"
106.193.157.56 - - [28/May/2021:10:31:52 +0200] "GET /images/bilder.png HTTP/1.1" 200 175856 "http://www.witerra-bau.de/" "Mozilla/5.0 (Linux; Android 8.0.0; SM-C900F) AppleWebKit/537.36 (KHTML, like Gecko) Chrome/78.0.3904.108 Mobile Safari/537.36"
106.193.157.56 - - [28/May/2021:10:32:21 +0200] "GET /favicon.ico HTTP/1.1" 200 539038 "http://www.witerra-bau.de/kontakt.html" "Mozilla/5.0 (Linux; Android 8.0.0; SM-C900F) AppleWebKit/537.36 (KHTML, like Gecko) Chrome/78.0.3904.108 Mobile Safari/537.36"
170.130.58.81 - - [28/May/2021:16:43:25 +0200] "GET / HTTP/1.1" 200 4286 "-" "Mozilla/5.0 (Windows NT 10.0; Win64; x64) AppleWebKit/537.36 (KHTML, like Gecko) Chrome/77.0.3865.120 Safari/537.36/null"
170.130.58.81 - - [28/May/2021:16:43:25 +0200] "GET /css/style.css HTTP/1.1" 200 1702 "http://www.witerra-bau.de/" "Mozilla/5.0 (Windows NT 10.0; Win64; x64) AppleWebKit/537.36 (KHTML, like Gecko) Chrome/77.0.3865.120 Safari/537.36/null"
170.130.58.81 - - [28/May/2021:16:43:25 +0200] "GET /js/libs/modernizr-2.5.3.min.js HTTP/1.1" 200 15274 "http://www.witerra-bau.de/" "Mozilla/5.0 (Windows NT 10.0; Win64; x64) AppleWebKit/537.36 (KHTML, like Gecko) Chrome/77.0.3865.120 Safari/537.36/null"
170.130.58.81 - - [28/May/2021:16:43:26 +0200] "GET /js/plugins.js HTTP/1.1" 200 898 "http://www.witerra-bau.de/" "Mozilla/5.0 (Windows NT 10.0; Win64; x64) AppleWebKit/537.36 (KHTML, like Gecko) Chrome/77.0.3865.120 Safari/537.36/null"
170.130.58.81 - - [28/May/2021:16:43:26 +0200] "GET /images/textfeld.png HTTP/1.1" 200 1758 "http://www.witerra-bau.de/css/style.css" "Mozilla/5.0 (Windows NT 10.0; Win64; x64) AppleWebKit/537.36 (KHTML, like Gecko) Chrome/77.0.3865.120 Safari/537.36/null"
170.130.58.81 - - [28/May/2021:16:43:26 +0200] "GET /images/footer.png HTTP/1.1" 200 518 "http://www.witerra-bau.de/css/style.css" "Mozilla/5.0 (Windows NT 10.0; Win64; x64) AppleWebKit/537.36 (KHTML, like Gecko) Chrome/77.0.3865.120 Safari/537.36/null"
170.130.58.81 - - [28/May/2021:16:43:26 +0200] "GET /images/header.png HTTP/1.1" 200 27758 "http://www.witerra-bau.de/css/style.css" "Mozilla/5.0 (Windows NT 10.0; Win64; x64) AppleWebKit/537.36 (KHTML, like Gecko) Chrome/77.0.3865.120 Safari/537.36/null"
170.130.58.81 - - [28/May/2021:16:43:26 +0200] "GET /images/bilder.png HTTP/1.1" 200 175856 "http://www.witerra-bau.de/" "Mozilla/5.0 (Windows NT 10.0; Win64; x64) AppleWebKit/537.36 (KHTML, like Gecko) Chrome/77.0.3865.120 Safari/537.36/null"
50.31.10.114 - - [28/May/2021:16:43:29 +0200] "GET /favicon.ico HTTP/1.1" 200 539038 "-" "-"
51.89.129.132 - - [28/May/2021:16:43:31 +0200] "GET /kontakt.html HTTP/1.1" 200 5104 "-" "Mozilla/5.0 (Windows NT 10.0; Win64; x64) AppleWebKit/537.36 (KHTML, like Gecko) Chrome/77.0.3865.120 Safari/537.36 Avast/77.2.2154.121"
51.89.129.132 - - [28/May/2021:16:43:31 +0200] "GET /css/style.css HTTP/1.1" 200 1702 "http://www.witerra-bau.de/kontakt.html" "Mozilla/5.0 (Windows NT 10.0; Win64; x64) AppleWebKit/537.36 (KHTML, like Gecko) Chrome/77.0.3865.120 Safari/537.36 Avast/77.2.2154.121"
51.89.129.132 - - [28/May/2021:16:43:31 +0200] "GET /js/libs/modernizr-2.5.3.min.js HTTP/1.1" 200 15274 "http://www.witerra-bau.de/kontakt.html" "Mozilla/5.0 (Windows NT 10.0; Win64; x64) AppleWebKit/537.36 (KHTML, like Gecko) Chrome/77.0.3865.120 Safari/537.36 Avast/77.2.2154.121"
51.89.129.132 - - [28/May/2021:16:43:32 +0200] "GET /js/plugins.js HTTP/1.1" 200 898 "http://www.witerra-bau.de/kontakt.html" "Mozilla/5.0 (Windows NT 10.0; Win64; x64) AppleWebKit/537.36 (KHTML, like Gecko) Chrome/77.0.3865.120 Safari/537.36 Avast/77.2.2154.121"
51.89.129.132 - - [28/May/2021:16:43:32 +0200] "GET /images/footer.png HTTP/1.1" 200 518 "http://www.witerra-bau.de/css/style.css" "Mozilla/5.0 (Windows NT 10.0; Win64; x64) AppleWebKit/537.36 (KHTML, like Gecko) Chrome/77.0.3865.120 Safari/537.36 Avast/77.2.2154.121"
51.89.129.132 - - [28/May/2021:16:43:32 +0200] "GET /images/header.png HTTP/1.1" 200 27758 "http://www.witerra-bau.de/css/style.css" "Mozilla/5.0 (Windows NT 10.0; Win64; x64) AppleWebKit/537.36 (KHTML, like Gecko) Chrome/77.0.3865.120 Safari/537.36 Avast/77.2.2154.121"
170.130.58.206 - - [28/May/2021:16:43:32 +0200] "GET /impressum.html HTTP/1.1" 200 5433 "-" "Mozilla/5.0 (Windows NT 10.0; Win64; x64) AppleWebKit/537.36 (KHTML, like Gecko) Chrome/77.0.3865.120 Safari/537.36/null"
51.89.129.132 - - [28/May/2021:16:43:32 +0200] "GET /images/textfeld.png HTTP/1.1" 200 1758 "http://www.witerra-bau.de/css/style.css" "Mozilla/5.0 (Windows NT 10.0; Win64; x64) AppleWebKit/537.36 (KHTML, like Gecko) Chrome/77.0.3865.120 Safari/537.36 Avast/77.2.2154.121"
51.89.129.132 - - [28/May/2021:16:43:32 +0200] "GET /captcha/captcha.php HTTP/1.1" 200 4235 "http://www.witerra-bau.de/kontakt.html" "Mozilla/5.0 (Windows NT 10.0; Win64; x64) AppleWebKit/537.36 (KHTML, like Gecko) Chrome/77.0.3865.120 Safari/537.36 Avast/77.2.2154.121"
51.89.129.132 - - [28/May/2021:16:43:32 +0200] "GET /captcha/captcha.php HTTP/1.1" 200 4316 "http://www.witerra-bau.de/kontakt.html" "Mozilla/5.0 (Windows NT 10.0; Win64; x64) AppleWebKit/537.36 (KHTML, like Gecko) Chrome/77.0.3865.120 Safari/537.36 Avast/77.2.2154.121"
51.89.129.132 - - [28/May/2021:16:43:33 +0200] "GET /captcha/captcha.php HTTP/1.1" 200 4292 "http://www.witerra-bau.de/kontakt.html" "Mozilla/5.0 (Windows NT 10.0; Win64; x64) AppleWebKit/537.36 (KHTML, like Gecko) Chrome/77.0.3865.120 Safari/537.36 Avast/77.2.2154.121"
159.69.54.206 - - [28/May/2021:18:38:02 +0200] "GET / HTTP/1.1" 200 4286 "-" "Mozilla/5.0 (Windows NT 5.1) AppleWebKit/537.36 (KHTML, like Gecko) Chrome/46.0.2490.86 Safari/537.36"
66.249.72.5 - - [28/May/2021:21:28:52 +0200] "GET /robots.txt HTTP/1.1" 404 - "-" "Mozilla/5.0 (compatible; Googlebot/2.1; +http://www.google.com/bot.html)"
66.249.72.5 - - [28/May/2021:21:28:52 +0200] "GET /index.html HTTP/1.1" 304 - "-" "Mozilla/5.0 (Linux; Android 6.0.1; Nexus 5X Build/MMB29P) AppleWebKit/537.36 (KHTML, like Gecko) Chrome/90.0.4430.97 Mobile Safari/537.36 (compatible; Googlebot/2.1; +http://www.google.com/bot.html)"
3.133.154.77 - - [29/May/2021:01:00:55 +0200] "GET / HTTP/1.1" 200 4286 "-" "Mozilla/5.0 (X11; Linux x86_64) AppleWebKit/537.36 (KHTML, like Gecko) Chrome/85.0.4183.102 Safari/537.36"
3.133.154.77 - - [29/May/2021:01:00:56 +0200] "GET / HTTP/1.1" 200 4286 "-" "Mozilla/5.0 (X11; Linux x86_64) AppleWebKit/537.36 (KHTML, like Gecko) Chrome/85.0.4183.102 Safari/537.36"
3.133.154.77 - - [29/May/2021:01:00:56 +0200] "GET /css/style.css HTTP/1.1" 200 1702 "http://www.witerra-bau.de/" "Mozilla/5.0 (X11; Linux x86_64) AppleWebKit/537.36 (KHTML, like Gecko) Chrome/85.0.4183.102 Safari/537.36"
3.133.154.77 - - [29/May/2021:01:00:56 +0200] "GET /js/libs/modernizr-2.5.3.min.js HTTP/1.1" 200 15274 "http://www.witerra-bau.de/" "Mozilla/5.0 (X11; Linux x86_64) AppleWebKit/537.36 (KHTML, like Gecko) Chrome/85.0.4183.102 Safari/537.36"
3.133.154.77 - - [29/May/2021:01:00:56 +0200] "GET /js/plugins.js HTTP/1.1" 200 898 "http://www.witerra-bau.de/" "Mozilla/5.0 (X11; Linux x86_64) AppleWebKit/537.36 (KHTML, like Gecko) Chrome/85.0.4183.102 Safari/537.36"
3.133.154.77 - - [29/May/2021:01:00:57 +0200] "GET /favicon.ico HTTP/1.1" 200 539038 "http://www.witerra-bau.de/" "Mozilla/5.0 (X11; Linux x86_64) AppleWebKit/537.36 (KHTML, like Gecko) Chrome/85.0.4183.102 Safari/537.36"
3.133.154.77 - - [29/May/2021:01:00:57 +0200] "GET /favicon.ico HTTP/1.1" 200 539038 "http://www.witerra-bau.de/" "Mozilla/5.0 (X11; Linux x86_64) AppleWebKit/537.36 (KHTML, like Gecko) Chrome/85.0.4183.102 Safari/537.36"
3.133.154.77 - - [29/May/2021:01:00:59 +0200] "GET /robots.txt HTTP/1.1" 404 - "-" "Python-urllib/3.7"
3.133.154.77 - - [29/May/2021:01:00:59 +0200] "GET /index.html HTTP/1.1" 200 4286 "-" "Mozilla/5.0 (X11; Linux x86_64) AppleWebKit/537.36 (KHTML, like Gecko) Chrome/85.0.4183.102 Safari/537.36"
3.133.154.77 - - [29/May/2021:01:01:01 +0200] "GET /kontakt.html HTTP/1.1" 200 5104 "-" "Mozilla/5.0 (X11; Linux x86_64) AppleWebKit/537.36 (KHTML, like Gecko) Chrome/85.0.4183.102 Safari/537.36"
54.36.148.155 - - [29/May/2021:03:07:28 +0200] "GET /robots.txt HTTP/1.1" 404 - "-" "Mozilla/5.0 (compatible; AhrefsBot/7.0; +http://ahrefs.com/robot/)"
54.36.148.234 - - [29/May/2021:03:07:29 +0200] "GET / HTTP/1.1" 200 4286 "-" "Mozilla/5.0 (compatible; AhrefsBot/7.0; +http://ahrefs.com/robot/)"
144.217.135.131 - - [29/May/2021:06:06:28 +0200] "GET / HTTP/1.1" 200 4286 "-" "Mozilla/5.0 (Windows NT 6.3; Win64; x64) AppleWebKit/537.36 (KHTML, like Gecko) Chrome/60.0.3112.90 Safari/537.36 React.org"
144.217.135.131 - - [29/May/2021:06:06:31 +0200] "GET /robots.txt HTTP/1.1" 404 - "-" "Mozilla/5.0 (Windows NT 6.3; Win64; x64) AppleWebKit/537.36 (KHTML, like Gecko) Chrome/60.0.3112.90 Safari/537.36 React.org"
144.217.135.131 - - [29/May/2021:06:06:31 +0200] "GET /sitemap.xml HTTP/1.1" 404 - "-" "Mozilla/5.0 (Windows NT 6.3; Win64; x64) AppleWebKit/537.36 (KHTML, like Gecko) Chrome/60.0.3112.90 Safari/537.36 React.org"
144.217.135.131 - - [29/May/2021:06:06:31 +0200] "GET / HTTP/1.1" 200 4286 "-" "Mozilla/5.0 (Windows NT 6.3; Win64; x64) AppleWebKit/537.36 (KHTML, like Gecko) Chrome/60.0.3112.90 Safari/537.36 React.org"
144.217.135.131 - - [29/May/2021:06:06:32 +0200] "GET /kontakt.html HTTP/1.1" 200 5104 "-" "Mozilla/5.0 (Windows NT 6.3; Win64; x64) AppleWebKit/537.36 (KHTML, like Gecko) Chrome/60.0.3112.90 Safari/537.36 React.org"
144.217.135.131 - - [29/May/2021:06:06:33 +0200] "GET /impressum.html HTTP/1.1" 200 5433 "-" "Mozilla/5.0 (Windows NT 6.3; Win64; x64) AppleWebKit/537.36 (KHTML, like Gecko) Chrome/60.0.3112.90 Safari/537.36 React.org"
144.217.135.131 - - [29/May/2021:06:06:34 +0200] "GET /uns.html HTTP/1.1" 200 3735 "-" "Mozilla/5.0 (Windows NT 6.3; Win64; x64) AppleWebKit/537.36 (KHTML, like Gecko) Chrome/60.0.3112.90 Safari/537.36 React.org"
144.217.135.131 - - [29/May/2021:06:06:35 +0200] "GET /leistungen.html HTTP/1.1" 200 3736 "-" "Mozilla/5.0 (Windows NT 6.3; Win64; x64) AppleWebKit/537.36 (KHTML, like Gecko) Chrome/60.0.3112.90 Safari/537.36 React.org"
144.217.135.131 - - [29/May/2021:06:06:36 +0200] "GET /ads.txt HTTP/1.1" 404 - "-" "Mozilla/5.0 (Windows NT 6.3; Win64; x64) AppleWebKit/537.36 (KHTML, like Gecko) Chrome/60.0.3112.90 Safari/537.36 React.org"
144.217.135.131 - - [29/May/2021:06:06:36 +0200] "GET / HTTP/1.1" 200 4286 "-" "Mozilla/5.0 (Linux; Android 5.1.1; SM-G925F Build/LMY47X) AppleWebKit/537.36 (KHTML, like Gecko) Chrome/45.0.2454.94 Mobile Safari/537.36"
51.77.246.199 - - [29/May/2021:06:32:52 +0200] "GET / HTTP/1.1" 200 4286 "-" "Mozilla/5.0 (compatible; Dataprovider.com)"
51.77.246.199 - - [29/May/2021:06:32:52 +0200] "GET /css/style.css HTTP/1.1" 200 1702 "http://www.witerra-bau.de/" "Mozilla/5.0 (compatible; Dataprovider.com)"
51.77.246.199 - - [29/May/2021:06:32:52 +0200] "GET /js/libs/modernizr-2.5.3.min.js HTTP/1.1" 200 15274 "http://www.witerra-bau.de/" "Mozilla/5.0 (compatible; Dataprovider.com)"
51.77.246.199 - - [29/May/2021:06:32:52 +0200] "GET /js/plugins.js HTTP/1.1" 200 898 "http://www.witerra-bau.de/" "Mozilla/5.0 (compatible; Dataprovider.com)"
51.77.246.199 - - [29/May/2021:06:32:52 +0200] "GET /images/textfeld.png HTTP/1.1" 200 1758 "http://www.witerra-bau.de/css/style.css" "Mozilla/5.0 (compatible; Dataprovider.com)"
51.77.246.199 - - [29/May/2021:06:32:52 +0200] "GET /images/footer.png HTTP/1.1" 200 518 "http://www.witerra-bau.de/css/style.css" "Mozilla/5.0 (compatible; Dataprovider.com)"
51.77.246.199 - - [29/May/2021:06:32:52 +0200] "GET /images/bilder.png HTTP/1.1" 200 175856 "http://www.witerra-bau.de/" "Mozilla/5.0 (compatible; Dataprovider.com)"
51.77.246.199 - - [29/May/2021:06:32:52 +0200] "GET /images/header.png HTTP/1.1" 200 27758 "http://www.witerra-bau.de/css/style.css" "Mozilla/5.0 (compatible; Dataprovider.com)"
54.36.149.91 - - [29/May/2021:21:45:21 +0200] "GET /kontakt.html HTTP/1.1" 200 5104 "-" "Mozilla/5.0 (compatible; AhrefsBot/7.0; +http://ahrefs.com/robot/)"
40.77.167.49 - - [29/May/2021:23:14:25 +0200] "GET /robots.txt HTTP/1.1" 404 - "-" "Mozilla/5.0 (compatible; bingbot/2.0; +http://www.bing.com/bingbot.htm)"
157.55.39.12 - - [29/May/2021:23:14:32 +0200] "GET /partner.html HTTP/1.1" 200 4178 "-" "Mozilla/5.0 (compatible; bingbot/2.0; +http://www.bing.com/bingbot.htm)"
95.216.96.170 - - [30/May/2021:00:48:38 +0200] "GET /robots.txt HTTP/1.1" 404 - "-" "Mozilla/5.0 (compatible; SEOkicks; +https://www.seokicks.de/robot.html)"
95.216.96.170 - - [30/May/2021:00:48:39 +0200] "GET / HTTP/1.1" 200 4286 "-" "Mozilla/5.0 (compatible; SEOkicks; +https://www.seokicks.de/robot.html)"
95.216.96.170 - - [30/May/2021:00:48:40 +0200] "GET /index.html HTTP/1.1" 200 4286 "http://www.witerra-bau.de/" "Mozilla/5.0 (compatible; SEOkicks; +https://www.seokicks.de/robot.html)"
95.216.96.170 - - [30/May/2021:00:48:42 +0200] "GET /uns.html HTTP/1.1" 200 3735 "http://www.witerra-bau.de/" "Mozilla/5.0 (compatible; SEOkicks; +https://www.seokicks.de/robot.html)"
95.216.96.170 - - [30/May/2021:00:48:43 +0200] "GET /leistungen.html HTTP/1.1" 200 3736 "http://www.witerra-bau.de/" "Mozilla/5.0 (compatible; SEOkicks; +https://www.seokicks.de/robot.html)"
95.216.96.170 - - [30/May/2021:00:48:44 +0200] "GET /referenzen.html HTTP/1.1" 200 3962 "http://www.witerra-bau.de/" "Mozilla/5.0 (compatible; SEOkicks; +https://www.seokicks.de/robot.html)"
95.216.96.170 - - [30/May/2021:00:48:45 +0200] "GET /partner.html HTTP/1.1" 200 4178 "http://www.witerra-bau.de/" "Mozilla/5.0 (compatible; SEOkicks; +https://www.seokicks.de/robot.html)"
95.216.96.170 - - [30/May/2021:00:48:46 +0200] "GET /kontakt.html HTTP/1.1" 200 5104 "http://www.witerra-bau.de/" "Mozilla/5.0 (compatible; SEOkicks; +https://www.seokicks.de/robot.html)"
95.216.96.170 - - [30/May/2021:00:48:47 +0200] "GET /captcha/captcha.php HTTP/1.1" 200 4247 "http://www.witerra-bau.de/kontakt.html" "Mozilla/5.0 (compatible; SEOkicks; +https://www.seokicks.de/robot.html)"
95.216.96.170 - - [30/May/2021:00:48:49 +0200] "GET /impressum.html HTTP/1.1" 200 5433 "http://www.witerra-bau.de/" "Mozilla/5.0 (compatible; SEOkicks; +https://www.seokicks.de/robot.html)"
35.160.238.1 - - [30/May/2021:03:20:24 +0200] "GET /robots.txt HTTP/1.1" 404 - "-" "Mozilla/5.0 (Windows NT 10.0; Win64; x64; rv:88.0) Gecko/20100101 Firefox/88.0"
35.160.238.1 - - [30/May/2021:03:20:24 +0200] "GET / HTTP/1.1" 200 4286 "-" "Mozilla/5.0 (Windows NT 10.0; Win64; x64; rv:88.0) Gecko/20100101 Firefox/88.0"
35.160.238.1 - - [30/May/2021:03:20:25 +0200] "GET /uns.html HTTP/1.1" 200 3735 "-" "Mozilla/5.0 (Windows NT 10.0; Win64; x64; rv:88.0) Gecko/20100101 Firefox/88.0"
35.160.238.1 - - [30/May/2021:03:20:25 +0200] "GET /kontakt.html HTTP/1.1" 200 5104 "-" "Mozilla/5.0 (Windows NT 10.0; Win64; x64; rv:88.0) Gecko/20100101 Firefox/88.0"
54.36.148.40 - - [30/May/2021:03:50:18 +0200] "GET /robots.txt HTTP/1.1" 404 - "-" "Mozilla/5.0 (compatible; AhrefsBot/7.0; +http://ahrefs.com/robot/)"
54.36.148.230 - - [30/May/2021:03:50:19 +0200] "GET / HTTP/1.1" 200 4286 "-" "Mozilla/5.0 (compatible; AhrefsBot/7.0; +http://ahrefs.com/robot/)"
213.83.37.145 - - [30/May/2021:12:22:07 +0200] "HEAD / HTTP/1.1" 200 - "-" "Mozilla/5.0 (Windows NT 6.1; rv:39.0) Gecko/20180101 Firefox/39.0"
213.83.37.145 - - [30/May/2021:12:22:07 +0200] "HEAD / HTTP/1.1" 200 - "-" "Mozilla/5.0 (Windows NT 6.1; rv:39.0) Gecko/20180101 Firefox/39.0"
213.83.37.145 - - [30/May/2021:12:22:07 +0200] "HEAD / HTTP/1.1" 200 - "-" "Mozilla/5.0 (Windows NT 6.1; rv:39.0) Gecko/20180101 Firefox/39.0"
213.83.37.145 - - [30/May/2021:12:22:07 +0200] "HEAD / HTTP/1.1" 200 - "-" "Mozilla/5.0 (Windows NT 6.1; rv:39.0) Gecko/20180101 Firefox/39.0"
88.99.60.216 - - [30/May/2021:13:44:13 +0200] "GET / HTTP/1.1" 200 4286 "-" "Mozilla/5.0 (Windows; U; Windows NT 6.1; de; rv:1.9.2.12) Gecko/20101026 Firefox/3.6.12"
66.249.72.31 - - [30/May/2021:14:00:27 +0200] "GET /robots.txt HTTP/1.1" 404 - "-" "Mozilla/5.0 (compatible; Googlebot/2.1; +http://www.google.com/bot.html)"
66.249.72.5 - - [30/May/2021:14:00:27 +0200] "GET / HTTP/1.1" 200 4286 "-" "Mozilla/5.0 (compatible; Googlebot/2.1; +http://www.google.com/bot.html)"
66.249.72.2 - - [30/May/2021:14:00:30 +0200] "GET /js/libs/modernizr-2.5.3.min.js HTTP/1.1" 200 15274 "http://www.witerra-bau.de/" "Mozilla/5.0 AppleWebKit/537.36 (KHTML, like Gecko; compatible; Googlebot/2.1; +http://www.google.com/bot.html) Chrome/90.0.4430.97 Safari/537.36"
66.249.72.5 - - [30/May/2021:17:38:01 +0200] "GET /referenzen.html HTTP/1.1" 200 3962 "-" "Mozilla/5.0 (compatible; Googlebot/2.1; +http://www.google.com/bot.html)"
66.249.72.31 - - [30/May/2021:22:53:02 +0200] "GET /index.html HTTP/1.1" 304 - "-" "Mozilla/5.0 (Linux; Android 6.0.1; Nexus 5X Build/MMB29P) AppleWebKit/537.36 (KHTML, like Gecko) Chrome/90.0.4430.97 Mobile Safari/537.36 (compatible; Googlebot/2.1; +http://www.google.com/bot.html)"
194.173.174.10 - - [31/May/2021:00:04:47 +0200] "HEAD / HTTP/1.1" 200 - "-" "Mozilla/5.0 (Windows NT 6.3; WOW64) AppleWebKit/537.36 (KHTML, like Gecko) Chrome/43.0.2357.134 Safari/537.36"
54.36.148.251 - - [31/May/2021:01:02:54 +0200] "GET / HTTP/1.1" 200 4286 "-" "Mozilla/5.0 (compatible; AhrefsBot/7.0; +http://ahrefs.com/robot/)"
66.249.72.31 - - [31/May/2021:03:17:05 +0200] "GET /robots.txt HTTP/1.1" 404 - "-" "Mozilla/5.0 (compatible; Googlebot/2.1; +http://www.google.com/bot.html)"
66.249.72.31 - - [31/May/2021:03:17:05 +0200] "GET / HTTP/1.1" 200 4286 "-" "Mozilla/5.0 (compatible; Googlebot/2.1; +http://www.google.com/bot.html)"
144.76.118.82 - - [31/May/2021:04:46:12 +0200] "GET /robots.txt HTTP/1.1" 404 - "-" "Mozilla/5.0 (compatible; MJ12bot/v1.4.8; http://mj12bot.com/)"
144.76.118.82 - - [31/May/2021:04:46:19 +0200] "GET / HTTP/1.1" 200 4286 "-" "Mozilla/5.0 (compatible; MJ12bot/v1.4.8; http://mj12bot.com/)"
54.36.149.77 - - [31/May/2021:06:05:28 +0200] "GET /robots.txt HTTP/1.1" 404 - "-" "Mozilla/5.0 (compatible; AhrefsBot/7.0; +http://ahrefs.com/robot/)"
54.36.148.234 - - [31/May/2021:06:05:29 +0200] "GET /index.html HTTP/1.1" 200 4286 "-" "Mozilla/5.0 (compatible; AhrefsBot/7.0; +http://ahrefs.com/robot/)"
188.34.163.207 - - [31/May/2021:09:00:31 +0200] "GET / HTTP/1.1" 200 4286 "-" "page-preview-tool Mozilla/5.0 (Windows NT 10.0; Win64; x64) AppleWebKit/537.36 (KHTML, like Gecko) Chrome/80.0.3987.132 Safari/537.36"
188.34.163.207 - - [31/May/2021:09:00:31 +0200] "GET /js/libs/modernizr-2.5.3.min.js HTTP/1.1" 200 15274 "http://www.witerra-bau.de/" "page-preview-tool Mozilla/5.0 (Windows NT 10.0; Win64; x64) AppleWebKit/537.36 (KHTML, like Gecko) Chrome/80.0.3987.132 Safari/537.36"
188.34.163.207 - - [31/May/2021:09:00:31 +0200] "GET /js/plugins.js HTTP/1.1" 200 898 "http://www.witerra-bau.de/" "page-preview-tool Mozilla/5.0 (Windows NT 10.0; Win64; x64) AppleWebKit/537.36 (KHTML, like Gecko) Chrome/80.0.3987.132 Safari/537.36"
194.173.174.10 - - [31/May/2021:14:11:15 +0200] "HEAD / HTTP/1.1" 200 - "-" "Mozilla/5.0 (Windows NT 6.3; WOW64) AppleWebKit/537.36 (KHTML, like Gecko) Chrome/43.0.2357.134 Safari/537.36"
35.241.194.91 - - [31/May/2021:15:33:46 +0200] "HEAD / HTTP/1.1" 200 - "-" "Apache-HttpClient/4.5.5 (Java/1.8.0_151)"
159.65.189.70 - - [31/May/2021:23:26:54 +0200] "GET / HTTP/1.0" 200 4286 "-" "Mozilla/5.0 (compatible; NetcraftSurveyAgent/1.0; +info@netcraft.com)"